{"id":252045,"date":"2020-07-28T09:52:01","date_gmt":"2020-07-28T07:52:01","guid":{"rendered":"https:\/\/encours.studiottt.com\/anma21\/projects\/campus-horizons\/"},"modified":"2024-03-01T16:49:45","modified_gmt":"2024-03-01T15:49:45","slug":"campus-horizons","status":"publish","type":"project","link":"https:\/\/anma.fr\/en\/projects\/campus-horizons\/","title":{"rendered":"Campus Horizons"},"content":{"rendered":"<div class=\"et-l et-l--post\">\n\t\t\t<div class=\"et_builder_inner_content et_pb_gutters3\"><div id=\"project note\" class=\"et_pb_section et_pb_section_0 et_section_regular\" >\n\t\t\t\t\n\t\t\t\t\n\t\t\t\t\n\t\t\t\t\n\t\t\t\t\n\t\t\t\t\n\t\t\t\t<div class=\"et_pb_row et_pb_row_0\">\n\t\t\t\t<div class=\"et_pb_column et_pb_column_4_4 et_pb_column_0 carousel-container  et_pb_css_mix_blend_mode_passthrough et-last-child\">\n\t\t\t\t\n\t\t\t\t\n\t\t\t\t\n\t\t\t\t\n\t\t\t\t<div class=\"et_pb_with_border et_pb_module et_pb_image et_pb_image_0 carrousel-cell\">\n\t\t\t\t\n\t\t\t\t\n\t\t\t\t\n\t\t\t\t\n\t\t\t\t<span class=\"et_pb_image_wrap \"><img decoding=\"async\" width=\"1606\" height=\"1080\" src=\"https:\/\/anma.fr\/wp-content\/uploads\/2020\/07\/20170726-anma-villejuif-autoroute-hd-v3.jpg\" alt=\"ANMA Villejuif Campus Horizon\" title=\"ANMA Villejuif Campus Horizon\" srcset=\"https:\/\/anma.fr\/wp-content\/uploads\/2020\/07\/20170726-anma-villejuif-autoroute-hd-v3.jpg 1606w, https:\/\/anma.fr\/wp-content\/uploads\/2020\/07\/20170726-anma-villejuif-autoroute-hd-v3-1280x861.jpg 1280w, https:\/\/anma.fr\/wp-content\/uploads\/2020\/07\/20170726-anma-villejuif-autoroute-hd-v3-980x659.jpg 980w, https:\/\/anma.fr\/wp-content\/uploads\/2020\/07\/20170726-anma-villejuif-autoroute-hd-v3-480x323.jpg 480w\" sizes=\"(min-width: 0px) and (max-width: 480px) 480px, (min-width: 481px) and (max-width: 980px) 980px, (min-width: 981px) and (max-width: 1280px) 1280px, (min-width: 1281px) 1606px, 100vw\" class=\"wp-image-233190\" \/><\/span>\n\t\t\t<\/div><div id=\"5\" class=\"et_pb_module et_pb_text et_pb_text_0 carrousel-cell  et_pb_text_align_left et_pb_bg_layout_light\">\n\t\t\t\t\n\t\t\t\t\n\t\t\t\t\n\t\t\t\t\n\t\t\t\t<div class=\"et_pb_text_inner\"><h2><b>a promontory on<br \/><\/b> the vall\u00e9e de the bi\u00e8vre<\/h2>\n<\/p>\n<p>The Fort de la Redoute des Hautes Bruy\u00e8res is a fortification work built in 1870 on the highest point of Val-de-Marne to consolidate the defence of Paris. It now borders a vast departmental landscaped park, a place of curiosity, relaxation and recreation. From its promontory which 124m high on the edge of the Villejuif plateau, it offers a breathtaking view of the Bi\u00e8vre valley and its aqueducts, but also of Paris and some of its highest constructions such as the Eiffel Tower, the Tour Montparnasse, the district of La D\u00e9fense\u2026.<\/p>\n<p>Over more than 3.5 hectares, the site is particularly attractive and offers an exceptional opportunity for urban, architectural and landscape rehabilitation. The project offers a new life, an entry into an innovative dynamic promoting social diversity, sharing, creativity, scientific excellence and sustainable development.<\/p><\/div>\n\t\t\t<\/div><div class=\"et_pb_with_border et_pb_module et_pb_image et_pb_image_1 carrousel-cell\">\n\t\t\t\t\n\t\t\t\t\n\t\t\t\t\n\t\t\t\t\n\t\t\t\t<span class=\"et_pb_image_wrap \"><img decoding=\"async\" width=\"1486\" height=\"1080\" src=\"https:\/\/anma.fr\/wp-content\/uploads\/2020\/07\/20170726-anma-villejuif-aerienne-hd-v3.jpg\" alt=\"ANMA Villejuif Campus Horizon\" title=\"ANMA Villejuif Campus Horizon\" srcset=\"https:\/\/anma.fr\/wp-content\/uploads\/2020\/07\/20170726-anma-villejuif-aerienne-hd-v3.jpg 1486w, https:\/\/anma.fr\/wp-content\/uploads\/2020\/07\/20170726-anma-villejuif-aerienne-hd-v3-1280x930.jpg 1280w, https:\/\/anma.fr\/wp-content\/uploads\/2020\/07\/20170726-anma-villejuif-aerienne-hd-v3-980x712.jpg 980w, https:\/\/anma.fr\/wp-content\/uploads\/2020\/07\/20170726-anma-villejuif-aerienne-hd-v3-480x349.jpg 480w\" sizes=\"(min-width: 0px) and (max-width: 480px) 480px, (min-width: 481px) and (max-width: 980px) 980px, (min-width: 981px) and (max-width: 1280px) 1280px, (min-width: 1281px) 1486px, 100vw\" class=\"wp-image-233189\" \/><\/span>\n\t\t\t<\/div><div id=\"5\" class=\"et_pb_module et_pb_text et_pb_text_1 carrousel-cell  et_pb_text_align_left et_pb_bg_layout_light\">\n\t\t\t\t\n\t\t\t\t\n\t\t\t\t\n\t\t\t\t\n\t\t\t\t<div class=\"et_pb_text_inner\"><h2><b>innovation<br \/><\/b>and well-being campus<\/h2>\n<\/p>\n<p>A heritage entity fully anchored in the memory of Villejuif and the Parisian fortifications, the site presents its own identity that should be emphasized and transfigured. Its vaulted stone casemates, its tunnels of pierced defences, its escarps and counter-escarps, its moats, its caponiers, its guard house are all heritage elements that deserve to be rehabilitated.<\/p>\n<p>A new contemporary spirit of places, alive and resolutely in tune with the times, is attached to the preserved built heritage. A project focused on innovation and well-being called Campus Horizons.<\/p><\/div>\n\t\t\t<\/div><div class=\"et_pb_with_border et_pb_module et_pb_image et_pb_image_2 carrousel-cell\">\n\t\t\t\t\n\t\t\t\t\n\t\t\t\t\n\t\t\t\t\n\t\t\t\t<span class=\"et_pb_image_wrap \"><img decoding=\"async\" width=\"2160\" height=\"1080\" src=\"https:\/\/anma.fr\/wp-content\/uploads\/2020\/07\/20170726-anma-villejuif-entree-hd-v2.jpg\" alt=\"ANMA Villejuif Campus Horizon\" title=\"ANMA Villejuif Campus Horizon\" srcset=\"https:\/\/anma.fr\/wp-content\/uploads\/2020\/07\/20170726-anma-villejuif-entree-hd-v2.jpg 2160w, https:\/\/anma.fr\/wp-content\/uploads\/2020\/07\/20170726-anma-villejuif-entree-hd-v2-1280x640.jpg 1280w, https:\/\/anma.fr\/wp-content\/uploads\/2020\/07\/20170726-anma-villejuif-entree-hd-v2-980x490.jpg 980w, https:\/\/anma.fr\/wp-content\/uploads\/2020\/07\/20170726-anma-villejuif-entree-hd-v2-480x240.jpg 480w\" sizes=\"(min-width: 0px) and (max-width: 480px) 480px, (min-width: 481px) and (max-width: 980px) 980px, (min-width: 981px) and (max-width: 1280px) 1280px, (min-width: 1281px) 2160px, 100vw\" class=\"wp-image-233187\" \/><\/span>\n\t\t\t<\/div><div class=\"et_pb_module et_pb_text et_pb_text_2 carrousel-cell  et_pb_text_align_left et_pb_bg_layout_light\">\n\t\t\t\t\n\t\t\t\t\n\t\t\t\t\n\t\t\t\t\n\t\t\t\t<div class=\"et_pb_text_inner\"><h2><strong>PROJECT<\/strong> TEAM<\/h2>\n<\/p>\n<p><strong>PROJECT<\/strong> <strong>MANAGER<br \/><\/strong>Architect : ANMA<br \/>Landscape : Atelier Roberta<br \/>Structure, fluides : Egis<br \/>Environment: Elioth<\/p>\n<p><strong>COMPETITION<br \/><\/strong>Romain Brochard<br \/>Clara Soufflet<\/p>\n<p><strong>RESEARCH<br \/><\/strong>Philippine d&#8217;Avout<br \/>Francesca Mazzone<br \/>Laure Marait<br \/>Daniela Aviles<\/p><\/div>\n\t\t\t<\/div><div class=\"et_pb_with_border et_pb_module et_pb_image et_pb_image_3 carrousel-cell\">\n\t\t\t\t\n\t\t\t\t\n\t\t\t\t\n\t\t\t\t\n\t\t\t\t<span class=\"et_pb_image_wrap \"><img decoding=\"async\" width=\"1606\" height=\"1080\" src=\"https:\/\/anma.fr\/wp-content\/uploads\/2020\/07\/20170726-anma-villejuif-cour-hd.jpg\" alt=\"ANMA Villejuif Campus Horizon\" title=\"ANMA Villejuif Campus Horizon\" srcset=\"https:\/\/anma.fr\/wp-content\/uploads\/2020\/07\/20170726-anma-villejuif-cour-hd.jpg 1606w, https:\/\/anma.fr\/wp-content\/uploads\/2020\/07\/20170726-anma-villejuif-cour-hd-1280x861.jpg 1280w, https:\/\/anma.fr\/wp-content\/uploads\/2020\/07\/20170726-anma-villejuif-cour-hd-980x659.jpg 980w, https:\/\/anma.fr\/wp-content\/uploads\/2020\/07\/20170726-anma-villejuif-cour-hd-480x323.jpg 480w\" sizes=\"(min-width: 0px) and (max-width: 480px) 480px, (min-width: 481px) and (max-width: 980px) 980px, (min-width: 981px) and (max-width: 1280px) 1280px, (min-width: 1281px) 1606px, 100vw\" class=\"wp-image-233191\" \/><\/span>\n\t\t\t<\/div><div class=\"et_pb_module et_pb_text et_pb_text_3 carrousel-cell  et_pb_text_align_left et_pb_bg_layout_light\">\n\t\t\t\t\n\t\t\t\t\n\t\t\t\t\n\t\t\t\t\n\t\t\t\t<div class=\"et_pb_text_inner\"><h2><strong>TECHNICAL<\/strong> SHEET<\/h2>\n<\/p>\n<p><strong>STATUS <\/strong>Suspended<\/p>\n<p><strong>CONTRACTOR<\/strong>Legendre Immobilier<\/p>\n<p><strong>YEAR<\/strong>2017 Laur\u00e9at IMGP<\/p>\n<p><strong>SURFACE <\/strong>23 420 m\u00b2 SP<\/p>\n<p><strong>VISUALIZATION<\/strong>Paris Picture Club<\/p>\n<\/p>\n<p><strong>SEE +<br \/><\/strong><a href=\"https:\/\/anma.fr\/projets\/nef-in-vivo\/\">Nancy, Campus Artem<br \/>Rueil-Malmaison, Nef in Vivo<strong><br \/><\/strong><\/a><a href=\"https:\/\/anma.fr\/projets\/coteau-en-commun\/\">Villejuif, Coteau en Commun<\/a><br \/><strong><br \/><\/strong><\/p><\/div>\n\t\t\t<\/div><div class=\"et_pb_with_border et_pb_module et_pb_image et_pb_image_4 carrousel-cell\">\n\t\t\t\t\n\t\t\t\t\n\t\t\t\t\n\t\t\t\t\n\t\t\t\t<span class=\"et_pb_image_wrap \"><img decoding=\"async\" width=\"1933\" height=\"1080\" src=\"https:\/\/anma.fr\/wp-content\/uploads\/2020\/07\/20170726-anma-villejuif-promenade-hd-v2.jpg\" alt=\"ANMA Villejuif Campus Horizon\" title=\"ANMA Villejuif Campus Horizon\" srcset=\"https:\/\/anma.fr\/wp-content\/uploads\/2020\/07\/20170726-anma-villejuif-promenade-hd-v2.jpg 1933w, https:\/\/anma.fr\/wp-content\/uploads\/2020\/07\/20170726-anma-villejuif-promenade-hd-v2-1280x715.jpg 1280w, https:\/\/anma.fr\/wp-content\/uploads\/2020\/07\/20170726-anma-villejuif-promenade-hd-v2-980x548.jpg 980w, https:\/\/anma.fr\/wp-content\/uploads\/2020\/07\/20170726-anma-villejuif-promenade-hd-v2-480x268.jpg 480w\" sizes=\"(min-width: 0px) and (max-width: 480px) 480px, (min-width: 481px) and (max-width: 980px) 980px, (min-width: 981px) and (max-width: 1280px) 1280px, (min-width: 1281px) 1933px, 100vw\" class=\"wp-image-233188\" \/><\/span>\n\t\t\t<\/div>\n\t\t\t<\/div>\n\t\t\t\t\n\t\t\t\t\n\t\t\t\t\n\t\t\t\t\n\t\t\t<\/div>\n\t\t\t\t\n\t\t\t\t\n\t\t\t<\/div>\t\t<\/div>\n\t<\/div>\n\t","protected":false},"excerpt":{"rendered":"<p>a promontory on the vall\u00e9e de the bi\u00e8vre The Fort de la Redoute des Hautes Bruy\u00e8res is a fortification work built in 1870 on the highest point of Val-de-Marne to consolidate the defence of Paris. It now borders a vast departmental landscaped park, a place of curiosity, relaxation and recreation. From its promontory which 124m [&hellip;]<\/p>\n","protected":false},"author":1,"featured_media":243913,"parent":0,"comment_status":"open","ping_status":"closed","template":"","meta":{"_acf_changed":false,"_et_pb_use_builder":"on","_et_pb_old_content":"","_et_gb_content_width":"","footnotes":""},"project_category":[],"project_tag":[],"metier":[490],"ville":[526],"prog":[497,498,500],"statut":[493],"annee":[535],"intervention":[483,488],"class_list":["post-252045","project","type-project","status-publish","has-post-thumbnail","hentry"],"acf":{"choix_de_la_couleur_du_titre":"#ffffff"},"_links":{"self":[{"href":"https:\/\/anma.fr\/en\/wp-json\/wp\/v2\/project\/252045","targetHints":{"allow":["GET"]}}],"collection":[{"href":"https:\/\/anma.fr\/en\/wp-json\/wp\/v2\/project"}],"about":[{"href":"https:\/\/anma.fr\/en\/wp-json\/wp\/v2\/types\/project"}],"author":[{"embeddable":true,"href":"https:\/\/anma.fr\/en\/wp-json\/wp\/v2\/users\/1"}],"replies":[{"embeddable":true,"href":"https:\/\/anma.fr\/en\/wp-json\/wp\/v2\/comments?post=252045"}],"version-history":[{"count":0,"href":"https:\/\/anma.fr\/en\/wp-json\/wp\/v2\/project\/252045\/revisions"}],"wp:featuredmedia":[{"embeddable":true,"href":"https:\/\/anma.fr\/en\/wp-json\/wp\/v2\/media\/243913"}],"wp:attachment":[{"href":"https:\/\/anma.fr\/en\/wp-json\/wp\/v2\/media?parent=252045"}],"wp:term":[{"taxonomy":"project_category","embeddable":true,"href":"https:\/\/anma.fr\/en\/wp-json\/wp\/v2\/project_category?post=252045"},{"taxonomy":"project_tag","embeddable":true,"href":"https:\/\/anma.fr\/en\/wp-json\/wp\/v2\/project_tag?post=252045"},{"taxonomy":"metier","embeddable":true,"href":"https:\/\/anma.fr\/en\/wp-json\/wp\/v2\/metier?post=252045"},{"taxonomy":"ville","embeddable":true,"href":"https:\/\/anma.fr\/en\/wp-json\/wp\/v2\/ville?post=252045"},{"taxonomy":"prog","embeddable":true,"href":"https:\/\/anma.fr\/en\/wp-json\/wp\/v2\/prog?post=252045"},{"taxonomy":"statut","embeddable":true,"href":"https:\/\/anma.fr\/en\/wp-json\/wp\/v2\/statut?post=252045"},{"taxonomy":"annee","embeddable":true,"href":"https:\/\/anma.fr\/en\/wp-json\/wp\/v2\/annee?post=252045"},{"taxonomy":"intervention","embeddable":true,"href":"https:\/\/anma.fr\/en\/wp-json\/wp\/v2\/intervention?post=252045"}],"curies":[{"name":"wp","href":"https:\/\/api.w.org\/{rel}","templated":true}]}}

<div class="et-l et-l--post">
			<div class="et_builder_inner_content et_pb_gutters3"><div id="project note" class="et_pb_section et_pb_section_0 et_section_regular" >
				
				
				
				
				
				
				<div class="et_pb_row et_pb_row_0">
				<div class="et_pb_column et_pb_column_4_4 et_pb_column_0 carousel-container  et_pb_css_mix_blend_mode_passthrough et-last-child">
				
				
				
				
				<div class="et_pb_with_border et_pb_module et_pb_image et_pb_image_0 carrousel-cell">
				
				
				
				
				<span class="et_pb_image_wrap "><img decoding="async" width="1606" height="1080" src="https://anma.fr/wp-content/uploads/2020/07/20170726-anma-villejuif-autoroute-hd-v3.jpg" alt="ANMA Villejuif Campus Horizon" title="ANMA Villejuif Campus Horizon" srcset="https://anma.fr/wp-content/uploads/2020/07/20170726-anma-villejuif-autoroute-hd-v3.jpg 1606w, https://anma.fr/wp-content/uploads/2020/07/20170726-anma-villejuif-autoroute-hd-v3-1280x861.jpg 1280w, https://anma.fr/wp-content/uploads/2020/07/20170726-anma-villejuif-autoroute-hd-v3-980x659.jpg 980w, https://anma.fr/wp-content/uploads/2020/07/20170726-anma-villejuif-autoroute-hd-v3-480x323.jpg 480w" sizes="(min-width: 0px) and (max-width: 480px) 480px, (min-width: 481px) and (max-width: 980px) 980px, (min-width: 981px) and (max-width: 1280px) 1280px, (min-width: 1281px) 1606px, 100vw" class="wp-image-233190" /></span>
			</div><div id="5" class="et_pb_module et_pb_text et_pb_text_0 carrousel-cell  et_pb_text_align_left et_pb_bg_layout_light">
				
				
				
				
				<div class="et_pb_text_inner"><h2><b>a promontory on<br /></b> the vallée de the bièvre</h2>
</p>
<p>The Fort de la Redoute des Hautes Bruyères is a fortification work built in 1870 on the highest point of Val-de-Marne to consolidate the defence of Paris. It now borders a vast departmental landscaped park, a place of curiosity, relaxation and recreation. From its promontory which 124m high on the edge of the Villejuif plateau, it offers a breathtaking view of the Bièvre valley and its aqueducts, but also of Paris and some of its highest constructions such as the Eiffel Tower, the Tour Montparnasse, the district of La Défense….</p>
<p>Over more than 3.5 hectares, the site is particularly attractive and offers an exceptional opportunity for urban, architectural and landscape rehabilitation. The project offers a new life, an entry into an innovative dynamic promoting social diversity, sharing, creativity, scientific excellence and sustainable development.</p></div>
			</div><div class="et_pb_with_border et_pb_module et_pb_image et_pb_image_1 carrousel-cell">
				
				
				
				
				<span class="et_pb_image_wrap "><img decoding="async" width="1486" height="1080" src="https://anma.fr/wp-content/uploads/2020/07/20170726-anma-villejuif-aerienne-hd-v3.jpg" alt="ANMA Villejuif Campus Horizon" title="ANMA Villejuif Campus Horizon" srcset="https://anma.fr/wp-content/uploads/2020/07/20170726-anma-villejuif-aerienne-hd-v3.jpg 1486w, https://anma.fr/wp-content/uploads/2020/07/20170726-anma-villejuif-aerienne-hd-v3-1280x930.jpg 1280w, https://anma.fr/wp-content/uploads/2020/07/20170726-anma-villejuif-aerienne-hd-v3-980x712.jpg 980w, https://anma.fr/wp-content/uploads/2020/07/20170726-anma-villejuif-aerienne-hd-v3-480x349.jpg 480w" sizes="(min-width: 0px) and (max-width: 480px) 480px, (min-width: 481px) and (max-width: 980px) 980px, (min-width: 981px) and (max-width: 1280px) 1280px, (min-width: 1281px) 1486px, 100vw" class="wp-image-233189" /></span>
			</div><div id="5" class="et_pb_module et_pb_text et_pb_text_1 carrousel-cell  et_pb_text_align_left et_pb_bg_layout_light">
				
				
				
				
				<div class="et_pb_text_inner"><h2><b>innovation<br /></b>and well-being campus</h2>
</p>
<p>A heritage entity fully anchored in the memory of Villejuif and the Parisian fortifications, the site presents its own identity that should be emphasized and transfigured. Its vaulted stone casemates, its tunnels of pierced defences, its escarps and counter-escarps, its moats, its caponiers, its guard house are all heritage elements that deserve to be rehabilitated.</p>
<p>A new contemporary spirit of places, alive and resolutely in tune with the times, is attached to the preserved built heritage. A project focused on innovation and well-being called Campus Horizons.</p></div>
			</div><div class="et_pb_with_border et_pb_module et_pb_image et_pb_image_2 carrousel-cell">
				
				
				
				
				<span class="et_pb_image_wrap "><img decoding="async" width="2160" height="1080" src="https://anma.fr/wp-content/uploads/2020/07/20170726-anma-villejuif-entree-hd-v2.jpg" alt="ANMA Villejuif Campus Horizon" title="ANMA Villejuif Campus Horizon" srcset="https://anma.fr/wp-content/uploads/2020/07/20170726-anma-villejuif-entree-hd-v2.jpg 2160w, https://anma.fr/wp-content/uploads/2020/07/20170726-anma-villejuif-entree-hd-v2-1280x640.jpg 1280w, https://anma.fr/wp-content/uploads/2020/07/20170726-anma-villejuif-entree-hd-v2-980x490.jpg 980w, https://anma.fr/wp-content/uploads/2020/07/20170726-anma-villejuif-entree-hd-v2-480x240.jpg 480w" sizes="(min-width: 0px) and (max-width: 480px) 480px, (min-width: 481px) and (max-width: 980px) 980px, (min-width: 981px) and (max-width: 1280px) 1280px, (min-width: 1281px) 2160px, 100vw" class="wp-image-233187" /></span>
			</div><div class="et_pb_module et_pb_text et_pb_text_2 carrousel-cell  et_pb_text_align_left et_pb_bg_layout_light">
				
				
				
				
				<div class="et_pb_text_inner"><h2><strong>PROJECT</strong> TEAM</h2>
</p>
<p><strong>PROJECT</strong> <strong>MANAGER<br /></strong>Architect : ANMA<br />Landscape : Atelier Roberta<br />Structure, fluides : Egis<br />Environment: Elioth</p>
<p><strong>COMPETITION<br /></strong>Romain Brochard<br />Clara Soufflet</p>
<p><strong>RESEARCH<br /></strong>Philippine d&#8217;Avout<br />Francesca Mazzone<br />Laure Marait<br />Daniela Aviles</p></div>
			</div><div class="et_pb_with_border et_pb_module et_pb_image et_pb_image_3 carrousel-cell">
				
				
				
				
				<span class="et_pb_image_wrap "><img decoding="async" width="1606" height="1080" src="https://anma.fr/wp-content/uploads/2020/07/20170726-anma-villejuif-cour-hd.jpg" alt="ANMA Villejuif Campus Horizon" title="ANMA Villejuif Campus Horizon" srcset="https://anma.fr/wp-content/uploads/2020/07/20170726-anma-villejuif-cour-hd.jpg 1606w, https://anma.fr/wp-content/uploads/2020/07/20170726-anma-villejuif-cour-hd-1280x861.jpg 1280w, https://anma.fr/wp-content/uploads/2020/07/20170726-anma-villejuif-cour-hd-980x659.jpg 980w, https://anma.fr/wp-content/uploads/2020/07/20170726-anma-villejuif-cour-hd-480x323.jpg 480w" sizes="(min-width: 0px) and (max-width: 480px) 480px, (min-width: 481px) and (max-width: 980px) 980px, (min-width: 981px) and (max-width: 1280px) 1280px, (min-width: 1281px) 1606px, 100vw" class="wp-image-233191" /></span>
			</div><div class="et_pb_module et_pb_text et_pb_text_3 carrousel-cell  et_pb_text_align_left et_pb_bg_layout_light">
				
				
				
				
				<div class="et_pb_text_inner"><h2><strong>TECHNICAL</strong> SHEET</h2>
</p>
<p><strong>STATUS </strong>Suspended</p>
<p><strong>CONTRACTOR</strong>Legendre Immobilier</p>
<p><strong>YEAR</strong>2017 Lauréat IMGP</p>
<p><strong>SURFACE </strong>23 420 m² SP</p>
<p><strong>VISUALIZATION</strong>Paris Picture Club</p>
</p>
<p><strong>SEE +<br /></strong><a href="https://anma.fr/projets/nef-in-vivo/">Nancy, Campus Artem<br />Rueil-Malmaison, Nef in Vivo<strong><br /></strong></a><a href="https://anma.fr/projets/coteau-en-commun/">Villejuif, Coteau en Commun</a><br /><strong><br /></strong></p></div>
			</div><div class="et_pb_with_border et_pb_module et_pb_image et_pb_image_4 carrousel-cell">
				
				
				
				
				<span class="et_pb_image_wrap "><img decoding="async" width="1933" height="1080" src="https://anma.fr/wp-content/uploads/2020/07/20170726-anma-villejuif-promenade-hd-v2.jpg" alt="ANMA Villejuif Campus Horizon" title="ANMA Villejuif Campus Horizon" srcset="https://anma.fr/wp-content/uploads/2020/07/20170726-anma-villejuif-promenade-hd-v2.jpg 1933w, https://anma.fr/wp-content/uploads/2020/07/20170726-anma-villejuif-promenade-hd-v2-1280x715.jpg 1280w, https://anma.fr/wp-content/uploads/2020/07/20170726-anma-villejuif-promenade-hd-v2-980x548.jpg 980w, https://anma.fr/wp-content/uploads/2020/07/20170726-anma-villejuif-promenade-hd-v2-480x268.jpg 480w" sizes="(min-width: 0px) and (max-width: 480px) 480px, (min-width: 481px) and (max-width: 980px) 980px, (min-width: 981px) and (max-width: 1280px) 1280px, (min-width: 1281px) 1933px, 100vw" class="wp-image-233188" /></span>
			</div>
			</div>
				
				
				
				
			</div>
				
				
			</div>		</div>
	</div>

<p>a promontory on the vallée de the bièvre The Fort de la Redoute des Hautes Bruyères is a fortification work built in 1870 on the highest point of Val-de-Marne to consolidate the defence of Paris. It now borders a vast departmental landscaped park, a place of curiosity, relaxation and recreation. From its promontory which 124m [&hellip;]</p>
