{"id":252123,"date":"2020-07-27T10:24:32","date_gmt":"2020-07-27T08:24:32","guid":{"rendered":"https:\/\/encours.studiottt.com\/anma21\/projects\/quartiers-divry-theater\/"},"modified":"2022-04-03T08:58:54","modified_gmt":"2022-04-03T06:58:54","slug":"quartiers-divry-theater","status":"publish","type":"project","link":"https:\/\/anma.fr\/en\/projects\/quartiers-divry-theater\/","title":{"rendered":"Quartiers d&#8217;Ivry Theater"},"content":{"rendered":"<div class=\"et-l et-l--post\">\n\t\t\t<div class=\"et_builder_inner_content et_pb_gutters3\"><div id=\"fiche-projet\" class=\"et_pb_section et_pb_section_0 et_section_regular\" >\n\t\t\t\t\n\t\t\t\t\n\t\t\t\t\n\t\t\t\t\n\t\t\t\t\n\t\t\t\t\n\t\t\t\t<div class=\"et_pb_row et_pb_row_0\">\n\t\t\t\t<div class=\"et_pb_column et_pb_column_4_4 et_pb_column_0 carousel-container  et_pb_css_mix_blend_mode_passthrough et-last-child\">\n\t\t\t\t\n\t\t\t\t\n\t\t\t\t\n\t\t\t\t\n\t\t\t\t<div class=\"et_pb_with_border et_pb_module et_pb_image et_pb_image_0 carrousel-cell\">\n\t\t\t\t\n\t\t\t\t\n\t\t\t\t\n\t\t\t\t\n\t\t\t\t<span class=\"et_pb_image_wrap \"><img decoding=\"async\" width=\"2305\" height=\"1080\" src=\"https:\/\/anma.fr\/wp-content\/uploads\/2020\/07\/itq-pers-p02-07.jpg\" alt=\"ANMA Ivry-sur-Seine Th\u00e9\u00e2tre des Quartiers d&#039;Ivry \" title=\"ANMA Ivry-sur-Seine Th\u00e9\u00e2tre des Quartiers d&#039;Ivry \" srcset=\"https:\/\/anma.fr\/wp-content\/uploads\/2020\/07\/itq-pers-p02-07.jpg 2305w, https:\/\/anma.fr\/wp-content\/uploads\/2020\/07\/itq-pers-p02-07-1280x600.jpg 1280w, https:\/\/anma.fr\/wp-content\/uploads\/2020\/07\/itq-pers-p02-07-980x459.jpg 980w, https:\/\/anma.fr\/wp-content\/uploads\/2020\/07\/itq-pers-p02-07-480x225.jpg 480w\" sizes=\"(min-width: 0px) and (max-width: 480px) 480px, (min-width: 481px) and (max-width: 980px) 980px, (min-width: 981px) and (max-width: 1280px) 1280px, (min-width: 1281px) 2305px, 100vw\" class=\"wp-image-232587\" \/><\/span>\n\t\t\t<\/div><div class=\"et_pb_module et_pb_text et_pb_text_0 carrousel-cell  et_pb_text_align_left et_pb_bg_layout_light\">\n\t\t\t\t\n\t\t\t\t\n\t\t\t\t\n\t\t\t\t\n\t\t\t\t<div class=\"et_pb_text_inner\"><h2><b>vertical<\/b> extension<\/h2>\n<p>&nbsp;<\/p>\n<p>The site of the Manufacture des \u0152illets has undergone a gradual transformation since 1894 linked to industrial progress and changes in use. The Ivry Th\u00e9\u00e2tre des Quartiers project is part of a process of continuity, without breaking with the industrial identity of the place and the evolving nature of the site. The program is part of this transformation and provides the opportunity to enhance the architectural heritage by restoring a balance in its composition.<\/p>\n<p>In order to meet the expectations of flexibility while maintaining the spatial qualities of the large hall, a vertical volume is built in extension. This radical decision ensures the optimal functioning of the auditorium, preserves the identity of the hall and recomposes a stable whole on the scale of the site. It beckons in the city by affirming a cultural and artistic identity. Its verticality results from a clear strategy: inserting the transformable room in the north wing, preserving the integrity of the central hall, preserving the volume of the south wing (Halle des \u0152illets), by bringing together logistics in the extension. and the studio.<\/p><\/div>\n\t\t\t<\/div><div class=\"et_pb_with_border et_pb_module et_pb_image et_pb_image_1 carrousel-cell\">\n\t\t\t\t\n\t\t\t\t\n\t\t\t\t\n\t\t\t\t\n\t\t\t\t<span class=\"et_pb_image_wrap \"><img decoding=\"async\" width=\"2305\" height=\"1080\" src=\"https:\/\/anma.fr\/wp-content\/uploads\/2020\/07\/itq-pers-p01-07.jpg\" alt=\"ANMA Ivry-sur-Seine Th\u00e9\u00e2tre des Quartiers d&#039;Ivry \" title=\"ANMA Ivry-sur-Seine Th\u00e9\u00e2tre des Quartiers d&#039;Ivry \" srcset=\"https:\/\/anma.fr\/wp-content\/uploads\/2020\/07\/itq-pers-p01-07.jpg 2305w, https:\/\/anma.fr\/wp-content\/uploads\/2020\/07\/itq-pers-p01-07-1280x600.jpg 1280w, https:\/\/anma.fr\/wp-content\/uploads\/2020\/07\/itq-pers-p01-07-980x459.jpg 980w, https:\/\/anma.fr\/wp-content\/uploads\/2020\/07\/itq-pers-p01-07-480x225.jpg 480w\" sizes=\"(min-width: 0px) and (max-width: 480px) 480px, (min-width: 481px) and (max-width: 980px) 980px, (min-width: 981px) and (max-width: 1280px) 1280px, (min-width: 1281px) 2305px, 100vw\" class=\"wp-image-232586\" \/><\/span>\n\t\t\t<\/div><div class=\"et_pb_module et_pb_text et_pb_text_1 carrousel-cell  et_pb_text_align_left et_pb_bg_layout_light\">\n\t\t\t\t\n\t\t\t\t\n\t\t\t\t\n\t\t\t\t\n\t\t\t\t<div class=\"et_pb_text_inner\"><h2><b>structures<\/b> preserved<b><br \/><\/b><\/h2>\n<p>&nbsp;<\/p>\n<p>The central hall keeps its primary purpose as an entrance and distribution space; the large glass roof characterizes this vertical volume in which a system of stairs, walkways and metal mezzanines is deployed.<\/p>\n<p>The Halle des \u0152illets, a place of life and conviviality, retains its raw volume. The large, versatile void becomes a center of exchange between visitors, users, artistic and technical teams. It is a totally flexible and modular place, open to several types of uses: readings and debates, ephemeral shows, bar \/ cafeteria, performances and artistic installations, exhibitions &#8230;<\/p>\n<p>In the two halls, which original structures have been completely preserved, the space is simply punctuated by a few volumes and pieces of wooden furniture left as &#8220;found objects&#8221;. One part is fixed &#8211; reception desk, office, changing rooms, bar, sanitary facilities &#8211; and the other mobile and modular &#8211; sales and bookstore area, cafeteria furniture, signboards. A large window opens up a perspective between the central hall, the Halle des \u0152illets and the control room of the transformable room: a sort of theater within the theater.<\/p><\/div>\n\t\t\t<\/div><div class=\"et_pb_module et_pb_text et_pb_text_2 carrousel-cell  et_pb_text_align_left et_pb_bg_layout_light\">\n\t\t\t\t\n\t\t\t\t\n\t\t\t\t\n\t\t\t\t\n\t\t\t\t<div class=\"et_pb_text_inner\"><h2><strong>maximized<\/strong> useful depth<b><br \/><\/b><\/h2>\n<p>&nbsp;<\/p>\n<p>The large transformable room fits like a technical box in the north wing. In order to preserve the existing structure as much as possible and optimize the sceno-technical volume, the project offsets the room: on the forecourt side, the mezzanine retains its current depth, while on the opposite side the depth is reduced by 2\/3. This arrangement guarantees a useful depth to the spaces along the facade and a constant foot traffic around the periphery of the room. The backstage, fits into the extension, extends the stage space and has its own grill. This continuity, which provides additional depth to the room, increases the possibilities in terms of sceno-technical typologies.<\/p>\n<p>The extension houses, in addition to the backstage, the technical program necessary for the operation of the transformable hall &#8211; transit and logistics. On the last level, the rehearsal room is visible from the forecourt through a large bay window open to the south-east, this loggia offers an outdoor space for relaxation to the users of this workspace.<\/p><\/div>\n\t\t\t<\/div><div class=\"et_pb_with_border et_pb_module et_pb_image et_pb_image_2 carrousel-cell\">\n\t\t\t\t\n\t\t\t\t\n\t\t\t\t\n\t\t\t\t\n\t\t\t\t<span class=\"et_pb_image_wrap \"><img decoding=\"async\" width=\"900\" height=\"1080\" src=\"https:\/\/anma.fr\/wp-content\/uploads\/2020\/07\/ITQ-PERS-P04-05.jpg\" alt=\"ANMA Ivry-sur-Seine Th\u00e9\u00e2tre des Quartiers d&#039;Ivry \" title=\"ANMA Ivry-sur-Seine Th\u00e9\u00e2tre des Quartiers d&#039;Ivry \" srcset=\"https:\/\/anma.fr\/wp-content\/uploads\/2020\/07\/ITQ-PERS-P04-05.jpg 900w, https:\/\/anma.fr\/wp-content\/uploads\/2020\/07\/ITQ-PERS-P04-05-480x576.jpg 480w\" sizes=\"(min-width: 0px) and (max-width: 480px) 480px, (min-width: 481px) 900px, 100vw\" class=\"wp-image-232588\" \/><\/span>\n\t\t\t<\/div><div class=\"et_pb_module et_pb_text et_pb_text_3 carrousel-cell  et_pb_text_align_left et_pb_bg_layout_light\">\n\t\t\t\t\n\t\t\t\t\n\t\t\t\t\n\t\t\t\t\n\t\t\t\t<div class=\"et_pb_text_inner\"><h2><strong>PROJECT<\/strong> TEAM<\/h2>\n<p>&nbsp;<\/p>\n<p><strong>MANAGEMENT<\/strong> <strong>TEAM<br \/><\/strong>Architect: ANMA<br \/>Economy: Voxoa<br \/>HQE: Otelio<br \/>Structure, fluids: OTE<br \/>Acoustic: Peutz&amp; Associ\u00e9s<br \/>Staging: Architecture &amp; Technique<\/p>\n<p><strong>COMPETITION<br \/><\/strong>Val\u00e9rie Dubois<br \/>Alice Perugini<br \/>Romain Brochard<br \/>Julien Charmion-Henry<br \/>Chlo\u00e9 Marchal<\/p><\/div>\n\t\t\t<\/div><div class=\"et_pb_module et_pb_text et_pb_text_4 carrousel-cell  et_pb_text_align_left et_pb_bg_layout_light\">\n\t\t\t\t\n\t\t\t\t\n\t\t\t\t\n\t\t\t\t\n\t\t\t\t<div class=\"et_pb_text_inner\"><h2><strong>TECHNICAL<\/strong> SHEET<\/h2>\n<p>&nbsp;<\/p>\n<p><strong>STATUS <\/strong> Competition and practicalities<\/p>\n<p><strong>COMMISSIONED BY <\/strong>Ville d&#8217;Ivry-sur-Seine<\/p>\n<p><strong>YEAR <\/strong>2012<\/p>\n<p><strong>SURFACE <\/strong>4 850 m\u00b2 SU<\/p>\n<p><strong>COST <\/strong>11,8 M\u20ac HT<\/p>\n<p><strong>VISUALIZATION <\/strong>Charles Wallon<\/p>\n<p><strong> GRAPHIC DESIGNER <\/strong>Agathe Desombre<\/p>\n<p>&nbsp;<\/p>\n<p><strong>SEE MORE<br \/><\/strong><a href=\"https:\/\/anma.fr\/en\/projects\/des-vagues-theater\/\">Antony, Des Vagues Theater<\/a><br \/><a href=\"https:\/\/anma.fr\/en\/projects\/les-fuseaux\/\">Saint-Dizier, Les Fuseaux<\/a><br \/><a href=\"https:\/\/anma.fr\/en\/projects\/centre-for-dramatic-art\/\">Tours, Centre for Dramatic Art<\/a><\/p><\/div>\n\t\t\t<\/div>\n\t\t\t<\/div>\n\t\t\t\t\n\t\t\t\t\n\t\t\t\t\n\t\t\t\t\n\t\t\t<\/div>\n\t\t\t\t\n\t\t\t\t\n\t\t\t<\/div>\t\t<\/div>\n\t<\/div>\n\t","protected":false},"excerpt":{"rendered":"<p>vertical extension &nbsp; The site of the Manufacture des \u0152illets has undergone a gradual transformation since 1894 linked to industrial progress and changes in use. The Ivry Th\u00e9\u00e2tre des Quartiers project is part of a process of continuity, without breaking with the industrial identity of the place and the evolving nature of the site. The [&hellip;]<\/p>\n","protected":false},"author":1,"featured_media":232584,"parent":0,"comment_status":"open","ping_status":"closed","template":"","meta":{"_acf_changed":false,"_et_pb_use_builder":"on","_et_pb_old_content":"","_et_gb_content_width":"","footnotes":""},"project_category":[],"project_tag":[],"metier":[490],"ville":[511],"prog":[499],"statut":[493],"annee":[575],"intervention":[483],"class_list":["post-252123","project","type-project","status-publish","has-post-thumbnail","hentry"],"acf":{"choix_de_la_couleur_du_titre":"#ffffff"},"_links":{"self":[{"href":"https:\/\/anma.fr\/en\/wp-json\/wp\/v2\/project\/252123","targetHints":{"allow":["GET"]}}],"collection":[{"href":"https:\/\/anma.fr\/en\/wp-json\/wp\/v2\/project"}],"about":[{"href":"https:\/\/anma.fr\/en\/wp-json\/wp\/v2\/types\/project"}],"author":[{"embeddable":true,"href":"https:\/\/anma.fr\/en\/wp-json\/wp\/v2\/users\/1"}],"replies":[{"embeddable":true,"href":"https:\/\/anma.fr\/en\/wp-json\/wp\/v2\/comments?post=252123"}],"version-history":[{"count":0,"href":"https:\/\/anma.fr\/en\/wp-json\/wp\/v2\/project\/252123\/revisions"}],"wp:featuredmedia":[{"embeddable":true,"href":"https:\/\/anma.fr\/en\/wp-json\/wp\/v2\/media\/232584"}],"wp:attachment":[{"href":"https:\/\/anma.fr\/en\/wp-json\/wp\/v2\/media?parent=252123"}],"wp:term":[{"taxonomy":"project_category","embeddable":true,"href":"https:\/\/anma.fr\/en\/wp-json\/wp\/v2\/project_category?post=252123"},{"taxonomy":"project_tag","embeddable":true,"href":"https:\/\/anma.fr\/en\/wp-json\/wp\/v2\/project_tag?post=252123"},{"taxonomy":"metier","embeddable":true,"href":"https:\/\/anma.fr\/en\/wp-json\/wp\/v2\/metier?post=252123"},{"taxonomy":"ville","embeddable":true,"href":"https:\/\/anma.fr\/en\/wp-json\/wp\/v2\/ville?post=252123"},{"taxonomy":"prog","embeddable":true,"href":"https:\/\/anma.fr\/en\/wp-json\/wp\/v2\/prog?post=252123"},{"taxonomy":"statut","embeddable":true,"href":"https:\/\/anma.fr\/en\/wp-json\/wp\/v2\/statut?post=252123"},{"taxonomy":"annee","embeddable":true,"href":"https:\/\/anma.fr\/en\/wp-json\/wp\/v2\/annee?post=252123"},{"taxonomy":"intervention","embeddable":true,"href":"https:\/\/anma.fr\/en\/wp-json\/wp\/v2\/intervention?post=252123"}],"curies":[{"name":"wp","href":"https:\/\/api.w.org\/{rel}","templated":true}]}}

<div class="et-l et-l--post">
			<div class="et_builder_inner_content et_pb_gutters3"><div id="fiche-projet" class="et_pb_section et_pb_section_0 et_section_regular" >
				
				
				
				
				
				
				<div class="et_pb_row et_pb_row_0">
				<div class="et_pb_column et_pb_column_4_4 et_pb_column_0 carousel-container  et_pb_css_mix_blend_mode_passthrough et-last-child">
				
				
				
				
				<div class="et_pb_with_border et_pb_module et_pb_image et_pb_image_0 carrousel-cell">
				
				
				
				
				<span class="et_pb_image_wrap "><img decoding="async" width="2305" height="1080" src="https://anma.fr/wp-content/uploads/2020/07/itq-pers-p02-07.jpg" alt="ANMA Ivry-sur-Seine Théâtre des Quartiers d&#039;Ivry " title="ANMA Ivry-sur-Seine Théâtre des Quartiers d&#039;Ivry " srcset="https://anma.fr/wp-content/uploads/2020/07/itq-pers-p02-07.jpg 2305w, https://anma.fr/wp-content/uploads/2020/07/itq-pers-p02-07-1280x600.jpg 1280w, https://anma.fr/wp-content/uploads/2020/07/itq-pers-p02-07-980x459.jpg 980w, https://anma.fr/wp-content/uploads/2020/07/itq-pers-p02-07-480x225.jpg 480w" sizes="(min-width: 0px) and (max-width: 480px) 480px, (min-width: 481px) and (max-width: 980px) 980px, (min-width: 981px) and (max-width: 1280px) 1280px, (min-width: 1281px) 2305px, 100vw" class="wp-image-232587" /></span>
			</div><div class="et_pb_module et_pb_text et_pb_text_0 carrousel-cell  et_pb_text_align_left et_pb_bg_layout_light">
				
				
				
				
				<div class="et_pb_text_inner"><h2><b>vertical</b> extension</h2>
<p>&nbsp;</p>
<p>The site of the Manufacture des Œillets has undergone a gradual transformation since 1894 linked to industrial progress and changes in use. The Ivry Théâtre des Quartiers project is part of a process of continuity, without breaking with the industrial identity of the place and the evolving nature of the site. The program is part of this transformation and provides the opportunity to enhance the architectural heritage by restoring a balance in its composition.</p>
<p>In order to meet the expectations of flexibility while maintaining the spatial qualities of the large hall, a vertical volume is built in extension. This radical decision ensures the optimal functioning of the auditorium, preserves the identity of the hall and recomposes a stable whole on the scale of the site. It beckons in the city by affirming a cultural and artistic identity. Its verticality results from a clear strategy: inserting the transformable room in the north wing, preserving the integrity of the central hall, preserving the volume of the south wing (Halle des Œillets), by bringing together logistics in the extension. and the studio.</p></div>
			</div><div class="et_pb_with_border et_pb_module et_pb_image et_pb_image_1 carrousel-cell">
				
				
				
				
				<span class="et_pb_image_wrap "><img decoding="async" width="2305" height="1080" src="https://anma.fr/wp-content/uploads/2020/07/itq-pers-p01-07.jpg" alt="ANMA Ivry-sur-Seine Théâtre des Quartiers d&#039;Ivry " title="ANMA Ivry-sur-Seine Théâtre des Quartiers d&#039;Ivry " srcset="https://anma.fr/wp-content/uploads/2020/07/itq-pers-p01-07.jpg 2305w, https://anma.fr/wp-content/uploads/2020/07/itq-pers-p01-07-1280x600.jpg 1280w, https://anma.fr/wp-content/uploads/2020/07/itq-pers-p01-07-980x459.jpg 980w, https://anma.fr/wp-content/uploads/2020/07/itq-pers-p01-07-480x225.jpg 480w" sizes="(min-width: 0px) and (max-width: 480px) 480px, (min-width: 481px) and (max-width: 980px) 980px, (min-width: 981px) and (max-width: 1280px) 1280px, (min-width: 1281px) 2305px, 100vw" class="wp-image-232586" /></span>
			</div><div class="et_pb_module et_pb_text et_pb_text_1 carrousel-cell  et_pb_text_align_left et_pb_bg_layout_light">
				
				
				
				
				<div class="et_pb_text_inner"><h2><b>structures</b> preserved<b><br /></b></h2>
<p>&nbsp;</p>
<p>The central hall keeps its primary purpose as an entrance and distribution space; the large glass roof characterizes this vertical volume in which a system of stairs, walkways and metal mezzanines is deployed.</p>
<p>The Halle des Œillets, a place of life and conviviality, retains its raw volume. The large, versatile void becomes a center of exchange between visitors, users, artistic and technical teams. It is a totally flexible and modular place, open to several types of uses: readings and debates, ephemeral shows, bar / cafeteria, performances and artistic installations, exhibitions &#8230;</p>
<p>In the two halls, which original structures have been completely preserved, the space is simply punctuated by a few volumes and pieces of wooden furniture left as &#8220;found objects&#8221;. One part is fixed &#8211; reception desk, office, changing rooms, bar, sanitary facilities &#8211; and the other mobile and modular &#8211; sales and bookstore area, cafeteria furniture, signboards. A large window opens up a perspective between the central hall, the Halle des Œillets and the control room of the transformable room: a sort of theater within the theater.</p></div>
			</div><div class="et_pb_module et_pb_text et_pb_text_2 carrousel-cell  et_pb_text_align_left et_pb_bg_layout_light">
				
				
				
				
				<div class="et_pb_text_inner"><h2><strong>maximized</strong> useful depth<b><br /></b></h2>
<p>&nbsp;</p>
<p>The large transformable room fits like a technical box in the north wing. In order to preserve the existing structure as much as possible and optimize the sceno-technical volume, the project offsets the room: on the forecourt side, the mezzanine retains its current depth, while on the opposite side the depth is reduced by 2/3. This arrangement guarantees a useful depth to the spaces along the facade and a constant foot traffic around the periphery of the room. The backstage, fits into the extension, extends the stage space and has its own grill. This continuity, which provides additional depth to the room, increases the possibilities in terms of sceno-technical typologies.</p>
<p>The extension houses, in addition to the backstage, the technical program necessary for the operation of the transformable hall &#8211; transit and logistics. On the last level, the rehearsal room is visible from the forecourt through a large bay window open to the south-east, this loggia offers an outdoor space for relaxation to the users of this workspace.</p></div>
			</div><div class="et_pb_with_border et_pb_module et_pb_image et_pb_image_2 carrousel-cell">
				
				
				
				
				<span class="et_pb_image_wrap "><img decoding="async" width="900" height="1080" src="https://anma.fr/wp-content/uploads/2020/07/ITQ-PERS-P04-05.jpg" alt="ANMA Ivry-sur-Seine Théâtre des Quartiers d&#039;Ivry " title="ANMA Ivry-sur-Seine Théâtre des Quartiers d&#039;Ivry " srcset="https://anma.fr/wp-content/uploads/2020/07/ITQ-PERS-P04-05.jpg 900w, https://anma.fr/wp-content/uploads/2020/07/ITQ-PERS-P04-05-480x576.jpg 480w" sizes="(min-width: 0px) and (max-width: 480px) 480px, (min-width: 481px) 900px, 100vw" class="wp-image-232588" /></span>
			</div><div class="et_pb_module et_pb_text et_pb_text_3 carrousel-cell  et_pb_text_align_left et_pb_bg_layout_light">
				
				
				
				
				<div class="et_pb_text_inner"><h2><strong>PROJECT</strong> TEAM</h2>
<p>&nbsp;</p>
<p><strong>MANAGEMENT</strong> <strong>TEAM<br /></strong>Architect: ANMA<br />Economy: Voxoa<br />HQE: Otelio<br />Structure, fluids: OTE<br />Acoustic: Peutz&amp; Associés<br />Staging: Architecture &amp; Technique</p>
<p><strong>COMPETITION<br /></strong>Valérie Dubois<br />Alice Perugini<br />Romain Brochard<br />Julien Charmion-Henry<br />Chloé Marchal</p></div>
			</div><div class="et_pb_module et_pb_text et_pb_text_4 carrousel-cell  et_pb_text_align_left et_pb_bg_layout_light">
				
				
				
				
				<div class="et_pb_text_inner"><h2><strong>TECHNICAL</strong> SHEET</h2>
<p>&nbsp;</p>
<p><strong>STATUS </strong> Competition and practicalities</p>
<p><strong>COMMISSIONED BY </strong>Ville d&#8217;Ivry-sur-Seine</p>
<p><strong>YEAR </strong>2012</p>
<p><strong>SURFACE </strong>4 850 m² SU</p>
<p><strong>COST </strong>11,8 M€ HT</p>
<p><strong>VISUALIZATION </strong>Charles Wallon</p>
<p><strong> GRAPHIC DESIGNER </strong>Agathe Desombre</p>
<p>&nbsp;</p>
<p><strong>SEE MORE<br /></strong><a href="https://anma.fr/en/projects/des-vagues-theater/">Antony, Des Vagues Theater</a><br /><a href="https://anma.fr/en/projects/les-fuseaux/">Saint-Dizier, Les Fuseaux</a><br /><a href="https://anma.fr/en/projects/centre-for-dramatic-art/">Tours, Centre for Dramatic Art</a></p></div>
			</div>
			</div>
				
				
				
				
			</div>
				
				
			</div>		</div>
	</div>

<p>vertical extension &nbsp; The site of the Manufacture des Œillets has undergone a gradual transformation since 1894 linked to industrial progress and changes in use. The Ivry Théâtre des Quartiers project is part of a process of continuity, without breaking with the industrial identity of the place and the evolving nature of the site. The [&hellip;]</p>
