{"id":256914,"date":"2023-02-20T16:07:36","date_gmt":"2023-02-20T15:07:36","guid":{"rendered":"https:\/\/anma.fr\/projects\/business-park\/"},"modified":"2025-05-23T15:59:02","modified_gmt":"2025-05-23T13:59:02","slug":"business-park","status":"publish","type":"project","link":"https:\/\/anma.fr\/en\/projects\/business-park\/","title":{"rendered":"Business park"},"content":{"rendered":"<div class=\"et-l et-l--post\">\n\t\t\t<div class=\"et_builder_inner_content et_pb_gutters3\"><div id=\"project note\" class=\"et_pb_section et_pb_section_0 et_section_regular\" >\n\t\t\t\t\n\t\t\t\t\n\t\t\t\t\n\t\t\t\t\n\t\t\t\t\n\t\t\t\t\n\t\t\t\t<div class=\"et_pb_row et_pb_row_0\">\n\t\t\t\t<div class=\"et_pb_column et_pb_column_4_4 et_pb_column_0 carousel-container  et_pb_css_mix_blend_mode_passthrough et-last-child\">\n\t\t\t\t\n\t\t\t\t\n\t\t\t\t\n\t\t\t\t\n\t\t\t\t<div class=\"et_pb_with_border et_pb_module et_pb_image et_pb_image_0 carrousel-cell\">\n\t\t\t\t\n\t\t\t\t\n\t\t\t\t\n\t\t\t\t\n\t\t\t\t<span class=\"et_pb_image_wrap \"><img decoding=\"async\" width=\"1621\" height=\"1080\" src=\"https:\/\/anma.fr\/wp-content\/uploads\/2023\/01\/0069_Drone_GPSEO.jpg\" alt=\"ANMA La D\u00e9fense P\u00f4le L\u00e9onard de Vinci\" title=\"Drone_GPSEO\" srcset=\"https:\/\/anma.fr\/wp-content\/uploads\/2023\/01\/0069_Drone_GPSEO.jpg 1621w, https:\/\/anma.fr\/wp-content\/uploads\/2023\/01\/0069_Drone_GPSEO-1280x853.jpg 1280w, https:\/\/anma.fr\/wp-content\/uploads\/2023\/01\/0069_Drone_GPSEO-980x653.jpg 980w, https:\/\/anma.fr\/wp-content\/uploads\/2023\/01\/0069_Drone_GPSEO-480x320.jpg 480w\" sizes=\"(min-width: 0px) and (max-width: 480px) 480px, (min-width: 481px) and (max-width: 980px) 980px, (min-width: 981px) and (max-width: 1280px) 1280px, (min-width: 1281px) 1621px, 100vw\" class=\"wp-image-255246\" \/><\/span>\n\t\t\t<\/div><div class=\"et_pb_module et_pb_text et_pb_text_0 carrousel-cell  et_pb_text_align_left et_pb_bg_layout_light\">\n\t\t\t\t\n\t\t\t\t\n\t\t\t\t\n\t\t\t\t\n\t\t\t\t<div class=\"et_pb_text_inner\"><h2><b>urban strategy<br \/><\/b>territory-wide<\/h2>\n<p>&nbsp;<\/p>\n<p>At the heart of the Limay-Porcheville business park in the Yvelines department, ANMA is carrying out a study on behalf of Grand Paris Seine et Oise (GPSEO) to restructure and revitalize a fragmented 450-hectare industrial area. On this XXL-scale perimeter, from the Vaucouleurs site in Mantes-la-Ville to the Coteaux du Vexin, the agency is leading a two-pronged approach: redeveloping existing infrastructures and developing 70 hectares of urban renewal economic activities.<\/p>\n<p>Situated along the Seine Valley and belonging to the network of active industrial ports of Le Havre, Rouen and Paris (Haropa ports), this strategically located industrial zone has been built up over the years without any overall urban or landscape concern.<\/p><\/div>\n\t\t\t<\/div><div class=\"et_pb_with_border et_pb_module et_pb_image et_pb_image_1 carrousel-cell\">\n\t\t\t\t\n\t\t\t\t\n\t\t\t\t\n\t\t\t\t\n\t\t\t\t<span class=\"et_pb_image_wrap \"><img decoding=\"async\" width=\"1529\" height=\"1080\" src=\"https:\/\/anma.fr\/wp-content\/uploads\/2023\/02\/LPR-PG_SYNTHESE_sans-titre.jpg\" alt=\"Limay guide map\" title=\"LPR-PG_SYNTHESE_without-title\" srcset=\"https:\/\/anma.fr\/wp-content\/uploads\/2023\/02\/LPR-PG_SYNTHESE_sans-titre.jpg 1529w, https:\/\/anma.fr\/wp-content\/uploads\/2023\/02\/LPR-PG_SYNTHESE_sans-titre-1280x904.jpg 1280w, https:\/\/anma.fr\/wp-content\/uploads\/2023\/02\/LPR-PG_SYNTHESE_sans-titre-980x692.jpg 980w, https:\/\/anma.fr\/wp-content\/uploads\/2023\/02\/LPR-PG_SYNTHESE_sans-titre-480x339.jpg 480w\" sizes=\"(min-width: 0px) and (max-width: 480px) 480px, (min-width: 481px) and (max-width: 980px) 980px, (min-width: 981px) and (max-width: 1280px) 1280px, (min-width: 1281px) 1529px, 100vw\" class=\"wp-image-257418\" \/><\/span>\n\t\t\t<\/div><div class=\"et_pb_module et_pb_text et_pb_text_1 carrousel-cell  et_pb_text_align_left et_pb_bg_layout_light\">\n\t\t\t\t\n\t\t\t\t\n\t\t\t\t\n\t\t\t\t\n\t\t\t\t<div class=\"et_pb_text_inner\"><h2><b>an<\/b>attractive <b><br \/><\/b><\/h2>\n<p>&nbsp;<\/p>\n<p>While the business park has strong development potential, thanks to its growing attractiveness and future accessibility &#8211; particularly with the arrival of the RER E by 2024 &#8211; GPSEO&#8217;s ambition is to revitalize, requalify and give a new identity to the area, drawing on its key strengths: the presence of the Vexin Regional Park, the banks of the Seine, over 200 active companies, a residential fabric, a high school and an active industrial port.<\/p>\n<p>&nbsp;<\/p><\/div>\n\t\t\t<\/div><div class=\"et_pb_with_border et_pb_module et_pb_image et_pb_image_2 carrousel-cell\">\n\t\t\t\t\n\t\t\t\t\n\t\t\t\t\n\t\t\t\t\n\t\t\t\t<span class=\"et_pb_image_wrap \"><img decoding=\"async\" width=\"1440\" height=\"1440\" src=\"https:\/\/anma.fr\/wp-content\/uploads\/2023\/02\/croquis-carre-2.jpg\" alt=\"limay sketch 2\" title=\"sketch square 2\" srcset=\"https:\/\/anma.fr\/wp-content\/uploads\/2023\/02\/croquis-carre-2.jpg 1440w, https:\/\/anma.fr\/wp-content\/uploads\/2023\/02\/croquis-carre-2-1280x1280.jpg 1280w, https:\/\/anma.fr\/wp-content\/uploads\/2023\/02\/croquis-carre-2-980x980.jpg 980w, https:\/\/anma.fr\/wp-content\/uploads\/2023\/02\/croquis-carre-2-480x480.jpg 480w\" sizes=\"(min-width: 0px) and (max-width: 480px) 480px, (min-width: 481px) and (max-width: 980px) 980px, (min-width: 981px) and (max-width: 1280px) 1280px, (min-width: 1281px) 1440px, 100vw\" class=\"wp-image-255408\" \/><\/span>\n\t\t\t<\/div><div class=\"et_pb_module et_pb_text et_pb_text_2 carrousel-cell  et_pb_text_align_left et_pb_bg_layout_light\">\n\t\t\t\t\n\t\t\t\t\n\t\t\t\t\n\t\t\t\t\n\t\t\t\t<div class=\"et_pb_text_inner\"><h2><b>requalify<br \/><\/b>and repair<\/h2>\n<p>&nbsp;<\/p>\n<p>For this project, ANMA is taking both a strategic and restorative look at the area, focusing its urban prescriptions on three key areas:<\/p>\n<ul>\n<li>Optimize the urbanization of the area through a strategy of density, avoiding expansion and (re)building on existing land.<\/li>\n<li>Reintroduce human scale and user comfort, in particular by reducing the number of roads and promoting soft and active modes of transport.<\/li>\n<li>Reintroduce a perennial, lived-in and sustainable nature to this heavy industry sector, in particular by rediscovering the path of water and ecological corridors.<\/li>\n<\/ul>\n<p>&nbsp;<\/p><\/div>\n\t\t\t<\/div><div class=\"et_pb_with_border et_pb_module et_pb_image et_pb_image_3 carrousel-cell\">\n\t\t\t\t\n\t\t\t\t\n\t\t\t\t\n\t\t\t\t\n\t\t\t\t<span class=\"et_pb_image_wrap \"><img decoding=\"async\" width=\"2560\" height=\"2150\" src=\"https:\/\/anma.fr\/wp-content\/uploads\/2023\/02\/montage-1-scaled.jpg\" alt=\"ANMA La D\u00e9fense P\u00f4le L\u00e9onard de Vinci\" title=\"LPR issues\" srcset=\"https:\/\/anma.fr\/wp-content\/uploads\/2023\/02\/montage-1-scaled.jpg 2560w, https:\/\/anma.fr\/wp-content\/uploads\/2023\/02\/montage-1-1280x1075.jpg 1280w, https:\/\/anma.fr\/wp-content\/uploads\/2023\/02\/montage-1-980x823.jpg 980w, https:\/\/anma.fr\/wp-content\/uploads\/2023\/02\/montage-1-480x403.jpg 480w\" sizes=\"(min-width: 0px) and (max-width: 480px) 480px, (min-width: 481px) and (max-width: 980px) 980px, (min-width: 981px) and (max-width: 1280px) 1280px, (min-width: 1281px) 2560px, 100vw\" class=\"wp-image-255270\" \/><\/span>\n\t\t\t<\/div><div class=\"et_pb_module et_pb_text et_pb_text_3 carrousel-cell  et_pb_text_align_left et_pb_bg_layout_light\">\n\t\t\t\t\n\t\t\t\t\n\t\t\t\t\n\t\t\t\t\n\t\t\t\t<div class=\"et_pb_text_inner\"><h2><b>collaboration <\/b><br \/>and co-construction<\/h2>\n<p>&nbsp;<\/p>\n<p>In order to draw on real knowledge and needs, and in line with the shared ambitions for the transformation of this territory, the project is part of a co-construction approach dear to ANMA, through collaborative workshops with the various departments of GPSEO, the towns of Limay, Porcheville, Mantes-la-Ville and Guitrancourt, Haropa, the d\u00e9partement, and through interviews with existing outstanding companies.<\/p><\/div>\n\t\t\t<\/div><div class=\"et_pb_with_border et_pb_module et_pb_image et_pb_image_4 carrousel-cell\">\n\t\t\t\t\n\t\t\t\t\n\t\t\t\t\n\t\t\t\t\n\t\t\t\t<span class=\"et_pb_image_wrap \"><img decoding=\"async\" width=\"1440\" height=\"1440\" src=\"https:\/\/anma.fr\/wp-content\/uploads\/2023\/02\/croquis-carre.jpg\" alt=\"Limay sketch\" title=\"square sketch\" srcset=\"https:\/\/anma.fr\/wp-content\/uploads\/2023\/02\/croquis-carre.jpg 1440w, https:\/\/anma.fr\/wp-content\/uploads\/2023\/02\/croquis-carre-1280x1280.jpg 1280w, https:\/\/anma.fr\/wp-content\/uploads\/2023\/02\/croquis-carre-980x980.jpg 980w, https:\/\/anma.fr\/wp-content\/uploads\/2023\/02\/croquis-carre-480x480.jpg 480w\" sizes=\"(min-width: 0px) and (max-width: 480px) 480px, (min-width: 481px) and (max-width: 980px) 980px, (min-width: 981px) and (max-width: 1280px) 1280px, (min-width: 1281px) 1440px, 100vw\" class=\"wp-image-255389\" \/><\/span>\n\t\t\t<\/div><div class=\"et_pb_module et_pb_text et_pb_text_4 carrousel-cell  et_pb_text_align_left et_pb_bg_layout_light\">\n\t\t\t\t\n\t\t\t\t\n\t\t\t\t\n\t\t\t\t\n\t\t\t\t<div class=\"et_pb_text_inner\"><h2><strong>PROJECT<\/strong> TEAM<\/h2>\n<p>&nbsp;<\/p>\n<p><strong>MA\u00ceTRISE D&#8217;OEUVRE<br \/><\/strong>ANMA : Urban planner<br \/>Objectif Ville : Urban planning<br \/>MAGEO : Water management<br \/>RRA : Mobility<br \/>INDDIGO : Sustainable development<br \/>SEGAT : Land strategy<\/p>\n<p><strong>STUDIES<br \/><\/strong>Mathilde Lecomte<br \/>L\u00e9o Moreau<br \/>Lena Ciss\u00e9<\/p>\n<p><strong>MISSION<br \/><\/strong>Urban renewal study in an industrial zone<\/p><\/div>\n\t\t\t<\/div><div class=\"et_pb_module et_pb_text et_pb_text_5 carrousel-cell  et_pb_text_align_left et_pb_bg_layout_light\">\n\t\t\t\t\n\t\t\t\t\n\t\t\t\t\n\t\t\t\t\n\t\t\t\t<div class=\"et_pb_text_inner\"><h2><strong>TECHNICAL<\/strong> SHEET<\/h2>\n<p>&nbsp;<\/p>\n<p><strong>PHASE<\/strong> Pre-operational phase<\/p>\n<p><strong>COMMISSIONED BY <\/strong>GPSEO<\/p>\n<p><strong>SCHEDULE<\/strong> 2020-2022<\/p>\n<p><strong>AREA <\/strong>450 ha<\/p>\n<p><strong>PHOTOGRAPH <\/strong> GPSEO<\/p>\n<p><strong>DRAWING <\/strong>Mathilde Lecomte<\/p>\n<p>&nbsp;<\/p>\n<p><strong>SEE +<br \/><\/strong><a href=\"https:\/\/anma.fr\/fr\/projets\/nouvelle-centralite\/\">Carri\u00e8res-sous-Poissy, New centrality<\/a><br \/><a href=\"https:\/\/anma.fr\/fr\/projets\/zac-ecocite\/\">Bobigny, ZAC \u00c9cocit\u00e9<\/a><br \/><a href=\"https:\/\/anma.fr\/fr\/projets\/quartier-gare\/\">Mantes, Station district<\/a><\/p><\/div>\n\t\t\t<\/div>\n\t\t\t<\/div>\n\t\t\t\t\n\t\t\t\t\n\t\t\t\t\n\t\t\t\t\n\t\t\t<\/div>\n\t\t\t\t\n\t\t\t\t\n\t\t\t<\/div>\t\t<\/div>\n\t<\/div>\n\t","protected":false},"excerpt":{"rendered":"<p>urban strategyterritory-wide &nbsp; At the heart of the Limay-Porcheville business park in the Yvelines department, ANMA is carrying out a study on behalf of Grand Paris Seine et Oise (GPSEO) to restructure and revitalize a fragmented 450-hectare industrial area. On this XXL-scale perimeter, from the Vaucouleurs site in Mantes-la-Ville to the Coteaux du Vexin, the [&hellip;]<\/p>\n","protected":false},"author":9,"featured_media":255240,"parent":0,"comment_status":"closed","ping_status":"closed","template":"","meta":{"_acf_changed":false,"_et_pb_use_builder":"on","_et_pb_old_content":"","_et_gb_content_width":"","footnotes":""},"project_category":[],"project_tag":[],"metier":[491,492],"ville":[674],"prog":[497,498,500],"statut":[494],"annee":[510],"intervention":[487],"class_list":["post-256914","project","type-project","status-publish","has-post-thumbnail","hentry"],"acf":{"choix_de_la_couleur_du_titre":"#ffffff"},"_links":{"self":[{"href":"https:\/\/anma.fr\/en\/wp-json\/wp\/v2\/project\/256914","targetHints":{"allow":["GET"]}}],"collection":[{"href":"https:\/\/anma.fr\/en\/wp-json\/wp\/v2\/project"}],"about":[{"href":"https:\/\/anma.fr\/en\/wp-json\/wp\/v2\/types\/project"}],"author":[{"embeddable":true,"href":"https:\/\/anma.fr\/en\/wp-json\/wp\/v2\/users\/9"}],"replies":[{"embeddable":true,"href":"https:\/\/anma.fr\/en\/wp-json\/wp\/v2\/comments?post=256914"}],"version-history":[{"count":3,"href":"https:\/\/anma.fr\/en\/wp-json\/wp\/v2\/project\/256914\/revisions"}],"predecessor-version":[{"id":260376,"href":"https:\/\/anma.fr\/en\/wp-json\/wp\/v2\/project\/256914\/revisions\/260376"}],"wp:featuredmedia":[{"embeddable":true,"href":"https:\/\/anma.fr\/en\/wp-json\/wp\/v2\/media\/255240"}],"wp:attachment":[{"href":"https:\/\/anma.fr\/en\/wp-json\/wp\/v2\/media?parent=256914"}],"wp:term":[{"taxonomy":"project_category","embeddable":true,"href":"https:\/\/anma.fr\/en\/wp-json\/wp\/v2\/project_category?post=256914"},{"taxonomy":"project_tag","embeddable":true,"href":"https:\/\/anma.fr\/en\/wp-json\/wp\/v2\/project_tag?post=256914"},{"taxonomy":"metier","embeddable":true,"href":"https:\/\/anma.fr\/en\/wp-json\/wp\/v2\/metier?post=256914"},{"taxonomy":"ville","embeddable":true,"href":"https:\/\/anma.fr\/en\/wp-json\/wp\/v2\/ville?post=256914"},{"taxonomy":"prog","embeddable":true,"href":"https:\/\/anma.fr\/en\/wp-json\/wp\/v2\/prog?post=256914"},{"taxonomy":"statut","embeddable":true,"href":"https:\/\/anma.fr\/en\/wp-json\/wp\/v2\/statut?post=256914"},{"taxonomy":"annee","embeddable":true,"href":"https:\/\/anma.fr\/en\/wp-json\/wp\/v2\/annee?post=256914"},{"taxonomy":"intervention","embeddable":true,"href":"https:\/\/anma.fr\/en\/wp-json\/wp\/v2\/intervention?post=256914"}],"curies":[{"name":"wp","href":"https:\/\/api.w.org\/{rel}","templated":true}]}}

<div class="et-l et-l--post">
			<div class="et_builder_inner_content et_pb_gutters3"><div id="project note" class="et_pb_section et_pb_section_0 et_section_regular" >
				
				
				
				
				
				
				<div class="et_pb_row et_pb_row_0">
				<div class="et_pb_column et_pb_column_4_4 et_pb_column_0 carousel-container  et_pb_css_mix_blend_mode_passthrough et-last-child">
				
				
				
				
				<div class="et_pb_with_border et_pb_module et_pb_image et_pb_image_0 carrousel-cell">
				
				
				
				
				<span class="et_pb_image_wrap "><img decoding="async" width="1621" height="1080" src="https://anma.fr/wp-content/uploads/2023/01/0069_Drone_GPSEO.jpg" alt="ANMA La Défense Pôle Léonard de Vinci" title="Drone_GPSEO" srcset="https://anma.fr/wp-content/uploads/2023/01/0069_Drone_GPSEO.jpg 1621w, https://anma.fr/wp-content/uploads/2023/01/0069_Drone_GPSEO-1280x853.jpg 1280w, https://anma.fr/wp-content/uploads/2023/01/0069_Drone_GPSEO-980x653.jpg 980w, https://anma.fr/wp-content/uploads/2023/01/0069_Drone_GPSEO-480x320.jpg 480w" sizes="(min-width: 0px) and (max-width: 480px) 480px, (min-width: 481px) and (max-width: 980px) 980px, (min-width: 981px) and (max-width: 1280px) 1280px, (min-width: 1281px) 1621px, 100vw" class="wp-image-255246" /></span>
			</div><div class="et_pb_module et_pb_text et_pb_text_0 carrousel-cell  et_pb_text_align_left et_pb_bg_layout_light">
				
				
				
				
				<div class="et_pb_text_inner"><h2><b>urban strategy<br /></b>territory-wide</h2>
<p>&nbsp;</p>
<p>At the heart of the Limay-Porcheville business park in the Yvelines department, ANMA is carrying out a study on behalf of Grand Paris Seine et Oise (GPSEO) to restructure and revitalize a fragmented 450-hectare industrial area. On this XXL-scale perimeter, from the Vaucouleurs site in Mantes-la-Ville to the Coteaux du Vexin, the agency is leading a two-pronged approach: redeveloping existing infrastructures and developing 70 hectares of urban renewal economic activities.</p>
<p>Situated along the Seine Valley and belonging to the network of active industrial ports of Le Havre, Rouen and Paris (Haropa ports), this strategically located industrial zone has been built up over the years without any overall urban or landscape concern.</p></div>
			</div><div class="et_pb_with_border et_pb_module et_pb_image et_pb_image_1 carrousel-cell">
				
				
				
				
				<span class="et_pb_image_wrap "><img decoding="async" width="1529" height="1080" src="https://anma.fr/wp-content/uploads/2023/02/LPR-PG_SYNTHESE_sans-titre.jpg" alt="Limay guide map" title="LPR-PG_SYNTHESE_without-title" srcset="https://anma.fr/wp-content/uploads/2023/02/LPR-PG_SYNTHESE_sans-titre.jpg 1529w, https://anma.fr/wp-content/uploads/2023/02/LPR-PG_SYNTHESE_sans-titre-1280x904.jpg 1280w, https://anma.fr/wp-content/uploads/2023/02/LPR-PG_SYNTHESE_sans-titre-980x692.jpg 980w, https://anma.fr/wp-content/uploads/2023/02/LPR-PG_SYNTHESE_sans-titre-480x339.jpg 480w" sizes="(min-width: 0px) and (max-width: 480px) 480px, (min-width: 481px) and (max-width: 980px) 980px, (min-width: 981px) and (max-width: 1280px) 1280px, (min-width: 1281px) 1529px, 100vw" class="wp-image-257418" /></span>
			</div><div class="et_pb_module et_pb_text et_pb_text_1 carrousel-cell  et_pb_text_align_left et_pb_bg_layout_light">
				
				
				
				
				<div class="et_pb_text_inner"><h2><b>an</b>attractive <b><br /></b></h2>
<p>&nbsp;</p>
<p>While the business park has strong development potential, thanks to its growing attractiveness and future accessibility &#8211; particularly with the arrival of the RER E by 2024 &#8211; GPSEO&#8217;s ambition is to revitalize, requalify and give a new identity to the area, drawing on its key strengths: the presence of the Vexin Regional Park, the banks of the Seine, over 200 active companies, a residential fabric, a high school and an active industrial port.</p>
<p>&nbsp;</p></div>
			</div><div class="et_pb_with_border et_pb_module et_pb_image et_pb_image_2 carrousel-cell">
				
				
				
				
				<span class="et_pb_image_wrap "><img decoding="async" width="1440" height="1440" src="https://anma.fr/wp-content/uploads/2023/02/croquis-carre-2.jpg" alt="limay sketch 2" title="sketch square 2" srcset="https://anma.fr/wp-content/uploads/2023/02/croquis-carre-2.jpg 1440w, https://anma.fr/wp-content/uploads/2023/02/croquis-carre-2-1280x1280.jpg 1280w, https://anma.fr/wp-content/uploads/2023/02/croquis-carre-2-980x980.jpg 980w, https://anma.fr/wp-content/uploads/2023/02/croquis-carre-2-480x480.jpg 480w" sizes="(min-width: 0px) and (max-width: 480px) 480px, (min-width: 481px) and (max-width: 980px) 980px, (min-width: 981px) and (max-width: 1280px) 1280px, (min-width: 1281px) 1440px, 100vw" class="wp-image-255408" /></span>
			</div><div class="et_pb_module et_pb_text et_pb_text_2 carrousel-cell  et_pb_text_align_left et_pb_bg_layout_light">
				
				
				
				
				<div class="et_pb_text_inner"><h2><b>requalify<br /></b>and repair</h2>
<p>&nbsp;</p>
<p>For this project, ANMA is taking both a strategic and restorative look at the area, focusing its urban prescriptions on three key areas:</p>
<ul>
<li>Optimize the urbanization of the area through a strategy of density, avoiding expansion and (re)building on existing land.</li>
<li>Reintroduce human scale and user comfort, in particular by reducing the number of roads and promoting soft and active modes of transport.</li>
<li>Reintroduce a perennial, lived-in and sustainable nature to this heavy industry sector, in particular by rediscovering the path of water and ecological corridors.</li>
</ul>
<p>&nbsp;</p></div>
			</div><div class="et_pb_with_border et_pb_module et_pb_image et_pb_image_3 carrousel-cell">
				
				
				
				
				<span class="et_pb_image_wrap "><img decoding="async" width="2560" height="2150" src="https://anma.fr/wp-content/uploads/2023/02/montage-1-scaled.jpg" alt="ANMA La Défense Pôle Léonard de Vinci" title="LPR issues" srcset="https://anma.fr/wp-content/uploads/2023/02/montage-1-scaled.jpg 2560w, https://anma.fr/wp-content/uploads/2023/02/montage-1-1280x1075.jpg 1280w, https://anma.fr/wp-content/uploads/2023/02/montage-1-980x823.jpg 980w, https://anma.fr/wp-content/uploads/2023/02/montage-1-480x403.jpg 480w" sizes="(min-width: 0px) and (max-width: 480px) 480px, (min-width: 481px) and (max-width: 980px) 980px, (min-width: 981px) and (max-width: 1280px) 1280px, (min-width: 1281px) 2560px, 100vw" class="wp-image-255270" /></span>
			</div><div class="et_pb_module et_pb_text et_pb_text_3 carrousel-cell  et_pb_text_align_left et_pb_bg_layout_light">
				
				
				
				
				<div class="et_pb_text_inner"><h2><b>collaboration </b><br />and co-construction</h2>
<p>&nbsp;</p>
<p>In order to draw on real knowledge and needs, and in line with the shared ambitions for the transformation of this territory, the project is part of a co-construction approach dear to ANMA, through collaborative workshops with the various departments of GPSEO, the towns of Limay, Porcheville, Mantes-la-Ville and Guitrancourt, Haropa, the département, and through interviews with existing outstanding companies.</p></div>
			</div><div class="et_pb_with_border et_pb_module et_pb_image et_pb_image_4 carrousel-cell">
				
				
				
				
				<span class="et_pb_image_wrap "><img decoding="async" width="1440" height="1440" src="https://anma.fr/wp-content/uploads/2023/02/croquis-carre.jpg" alt="Limay sketch" title="square sketch" srcset="https://anma.fr/wp-content/uploads/2023/02/croquis-carre.jpg 1440w, https://anma.fr/wp-content/uploads/2023/02/croquis-carre-1280x1280.jpg 1280w, https://anma.fr/wp-content/uploads/2023/02/croquis-carre-980x980.jpg 980w, https://anma.fr/wp-content/uploads/2023/02/croquis-carre-480x480.jpg 480w" sizes="(min-width: 0px) and (max-width: 480px) 480px, (min-width: 481px) and (max-width: 980px) 980px, (min-width: 981px) and (max-width: 1280px) 1280px, (min-width: 1281px) 1440px, 100vw" class="wp-image-255389" /></span>
			</div><div class="et_pb_module et_pb_text et_pb_text_4 carrousel-cell  et_pb_text_align_left et_pb_bg_layout_light">
				
				
				
				
				<div class="et_pb_text_inner"><h2><strong>PROJECT</strong> TEAM</h2>
<p>&nbsp;</p>
<p><strong>MAÎTRISE D&#8217;OEUVRE<br /></strong>ANMA : Urban planner<br />Objectif Ville : Urban planning<br />MAGEO : Water management<br />RRA : Mobility<br />INDDIGO : Sustainable development<br />SEGAT : Land strategy</p>
<p><strong>STUDIES<br /></strong>Mathilde Lecomte<br />Léo Moreau<br />Lena Cissé</p>
<p><strong>MISSION<br /></strong>Urban renewal study in an industrial zone</p></div>
			</div><div class="et_pb_module et_pb_text et_pb_text_5 carrousel-cell  et_pb_text_align_left et_pb_bg_layout_light">
				
				
				
				
				<div class="et_pb_text_inner"><h2><strong>TECHNICAL</strong> SHEET</h2>
<p>&nbsp;</p>
<p><strong>PHASE</strong> Pre-operational phase</p>
<p><strong>COMMISSIONED BY </strong>GPSEO</p>
<p><strong>SCHEDULE</strong> 2020-2022</p>
<p><strong>AREA </strong>450 ha</p>
<p><strong>PHOTOGRAPH </strong> GPSEO</p>
<p><strong>DRAWING </strong>Mathilde Lecomte</p>
<p>&nbsp;</p>
<p><strong>SEE +<br /></strong><a href="https://anma.fr/fr/projets/nouvelle-centralite/">Carrières-sous-Poissy, New centrality</a><br /><a href="https://anma.fr/fr/projets/zac-ecocite/">Bobigny, ZAC Écocité</a><br /><a href="https://anma.fr/fr/projets/quartier-gare/">Mantes, Station district</a></p></div>
			</div>
			</div>
				
				
				
				
			</div>
				
				
			</div>		</div>
	</div>
