{"id":251911,"date":"2020-07-27T10:16:44","date_gmt":"2020-07-27T08:16:44","guid":{"rendered":"https:\/\/encours.studiottt.com\/anma21\/projects\/musee-du-judaisme\/"},"modified":"2022-04-03T08:56:42","modified_gmt":"2022-04-03T06:56:42","slug":"musee-du-judaisme","status":"publish","type":"project","link":"https:\/\/anma.fr\/fr\/projets\/musee-du-judaisme\/","title":{"rendered":"Mus\u00e9e du Juda\u00efsme"},"content":{"rendered":"<div class=\"et-l et-l--post\">\n\t\t\t<div class=\"et_builder_inner_content et_pb_gutters3\"><div id=\"fiche-projet\" class=\"et_pb_section et_pb_section_0 et_section_regular\" >\n\t\t\t\t\n\t\t\t\t\n\t\t\t\t\n\t\t\t\t\n\t\t\t\t\n\t\t\t\t\n\t\t\t\t<div class=\"et_pb_row et_pb_row_0\">\n\t\t\t\t<div class=\"et_pb_column et_pb_column_4_4 et_pb_column_0 carousel-container  et_pb_css_mix_blend_mode_passthrough et-last-child\">\n\t\t\t\t\n\t\t\t\t\n\t\t\t\t\n\t\t\t\t\n\t\t\t\t<div class=\"et_pb_with_border et_pb_module et_pb_image et_pb_image_0 carrousel-cell\">\n\t\t\t\t\n\t\t\t\t\n\t\t\t\t\n\t\t\t\t\n\t\t\t\t<span class=\"et_pb_image_wrap \"><img decoding=\"async\" width=\"2078\" height=\"1080\" src=\"https:\/\/anma.fr\/wp-content\/uploads\/2020\/07\/FMJ-PERS-EXT.jpg\" alt=\"ANMA Francfort Mus\u00e9e du Juda\u00efsme \" title=\"ANMA Francfort Mus\u00e9e du Juda\u00efsme \" srcset=\"https:\/\/anma.fr\/wp-content\/uploads\/2020\/07\/FMJ-PERS-EXT.jpg 2078w, https:\/\/anma.fr\/wp-content\/uploads\/2020\/07\/FMJ-PERS-EXT-1280x665.jpg 1280w, https:\/\/anma.fr\/wp-content\/uploads\/2020\/07\/FMJ-PERS-EXT-980x509.jpg 980w, https:\/\/anma.fr\/wp-content\/uploads\/2020\/07\/FMJ-PERS-EXT-480x249.jpg 480w\" sizes=\"(min-width: 0px) and (max-width: 480px) 480px, (min-width: 481px) and (max-width: 980px) 980px, (min-width: 981px) and (max-width: 1280px) 1280px, (min-width: 1281px) 2078px, 100vw\" class=\"wp-image-232563\" \/><\/span>\n\t\t\t<\/div><div class=\"et_pb_module et_pb_text et_pb_text_0 carrousel-cell  et_pb_text_align_left et_pb_bg_layout_light\">\n\t\t\t\t\n\t\t\t\t\n\t\t\t\t\n\t\t\t\t\n\t\t\t\t<div class=\"et_pb_text_inner\"><h2><b>un voile <\/b>de lames d&rsquo;acier<\/h2>\n<p>&nbsp;<\/p>\n<p>Le mus\u00e9e du juda\u00efsme de Francfort est hybride. Compos\u00e9 de deux b\u00e2timents qui dialoguent, il d\u00e9gage une \u00e9nergie temporelle insolite et bifide\u00a0: entre d\u00e9termin\u00e9 et ind\u00e9termin\u00e9, histoire et avenir, classique et modernit\u00e9, ouverture et protection. Cette dualit\u00e9 forme cependant un tout, une unit\u00e9 paradoxale qui constitue la force du b\u00e2timent.<\/p>\n<p>La partie neuve est de forme ascendante et aboutie par un mouvement curviligne vers les \u00e9tages hauts du b\u00e2timent ancien, laissant ce dernier visible depuis le parc. Cet effet d&rsquo;ascension en spirale prend racine dans le sol \u00e0 l&rsquo;entr\u00e9e du mus\u00e9e, il s\u2019agit d\u2019une rampe-escalier au c\u0153ur de la composition. Trac\u00e9e en limite tangentes des arbres du parc \u2013 tous conserv\u00e9s \u2013 cette circulation dessert tous les niveaux du mus\u00e9e. Sa fa\u00e7ade est faite de lames d&rsquo;acier en torsion qui filtrent et prot\u00e8gent du regard mais qui, \u00e0 la mani\u00e8re d&rsquo;un voile, laissent certains espaces ouverts \u00e0 la vue.<\/p><\/div>\n\t\t\t<\/div><div class=\"et_pb_with_border et_pb_module et_pb_image et_pb_image_1 carrousel-cell\">\n\t\t\t\t\n\t\t\t\t\n\t\t\t\t\n\t\t\t\t\n\t\t\t\t<span class=\"et_pb_image_wrap \"><img decoding=\"async\" width=\"1456\" height=\"1080\" src=\"https:\/\/anma.fr\/wp-content\/uploads\/2020\/07\/FMJ-PERS-INT.jpg\" alt=\"ANMA Francfort Mus\u00e9e du Juda\u00efsme \" title=\"ANMA Francfort Mus\u00e9e du Juda\u00efsme \" srcset=\"https:\/\/anma.fr\/wp-content\/uploads\/2020\/07\/FMJ-PERS-INT.jpg 1456w, https:\/\/anma.fr\/wp-content\/uploads\/2020\/07\/FMJ-PERS-INT-1280x949.jpg 1280w, https:\/\/anma.fr\/wp-content\/uploads\/2020\/07\/FMJ-PERS-INT-980x727.jpg 980w, https:\/\/anma.fr\/wp-content\/uploads\/2020\/07\/FMJ-PERS-INT-480x356.jpg 480w\" sizes=\"(min-width: 0px) and (max-width: 480px) 480px, (min-width: 481px) and (max-width: 980px) 980px, (min-width: 981px) and (max-width: 1280px) 1280px, (min-width: 1281px) 1456px, 100vw\" class=\"wp-image-232564\" \/><\/span>\n\t\t\t<\/div><div class=\"et_pb_module et_pb_text et_pb_text_1 carrousel-cell  et_pb_text_align_left et_pb_bg_layout_light\">\n\t\t\t\t\n\t\t\t\t\n\t\t\t\t\n\t\t\t\t\n\t\t\t\t<div class=\"et_pb_text_inner\"><h2><b>circulations fluides<br \/><\/b>sc\u00e9nographie souple<\/h2>\n<p>&nbsp;<\/p>\n<p>Les perspectives sur l&rsquo;entr\u00e9e sont \u00e0 chaque fois tr\u00e8s diff\u00e9rentes et dynamiques, ce qui, d&rsquo;une certaine mani\u00e8re, identifie le mus\u00e9e. Il n&rsquo;y a pas de frontalit\u00e9 ou de composition centr\u00e9e mais au contraire de multiples aspects, toujours insolites, suivant les points de vue dans la ville. Le mus\u00e9e s&rsquo;affirme par sa singularit\u00e9 discr\u00e8te.<\/p>\n<p>Le fonctionnent int\u00e9rieur est fluide et ouvert. \u00c0 chaque niveau, des liaisons sont cr\u00e9\u00e9es entre les deux parties du mus\u00e9e, permettant l\u2019\u00e9laboration de parcours sc\u00e9nographiques vari\u00e9s.<\/p>\n<p>Dans l&rsquo;existant, une remise \u00e0 plat met en valeur les d\u00e9cors de l&rsquo;immeuble Rotschild tandis que la cage d&rsquo;escalier de la partie plus r\u00e9cente est restructur\u00e9e afin de la rendre plus fonctionnelle.<\/p><\/div>\n\t\t\t<\/div><div class=\"et_pb_module et_pb_text et_pb_text_2 carrousel-cell  et_pb_text_align_left et_pb_bg_layout_light\">\n\t\t\t\t\n\t\t\t\t\n\t\t\t\t\n\t\t\t\t\n\t\t\t\t<div class=\"et_pb_text_inner\"><h2><b>glisser entre les <\/b>expositions<\/h2>\n<p>&nbsp;<\/p>\n<p>L\u2019acc\u00e8s au Mus\u00e9e se fait depuis la partie neuve par une entr\u00e9e en vis \u00e0 vis avec le vestibule du Palais Rotschild et de plein pied avec le jardin (Gartengeschoss). Le visiteur est accueilli dans le foyer et peut, depuis cet espace, rejoindre toutes les zones d\u2019expositions du mus\u00e9e, soit en empruntant la galerie qui longe les b\u00e2timents existants, soit en empruntant les rampes le long de la fa\u00e7ade nord.<\/p>\n<p>Les rampes sont le lieu d\u2019une d\u00e9ambulation douce qui offre un glissement entre la zone d\u2019exposition temporaire situ\u00e9 en sous-sol et la biblioth\u00e8que de l\u2019entresol (Zwischengeschoss). Depuis cet espace, le visiteur peut rejoindre la salle de conf\u00e9rence et choisir de poursuivre sa visite en empruntant rampe ou escalier pour atteindre les premiers ou deuxi\u00e8mes \u00e9tages d\u2019exposition temporaire.<\/p><\/div>\n\t\t\t<\/div><div class=\"et_pb_with_border et_pb_module et_pb_image et_pb_image_2 carrousel-cell\">\n\t\t\t\t\n\t\t\t\t\n\t\t\t\t\n\t\t\t\t\n\t\t\t\t<span class=\"et_pb_image_wrap \"><img decoding=\"async\" width=\"1817\" height=\"1080\" src=\"https:\/\/anma.fr\/wp-content\/uploads\/2020\/07\/FMJ-PLN-MASSE.jpg\" alt=\"ANMA Francfort Mus\u00e9e du Juda\u00efsme \" title=\"ANMA Francfort Mus\u00e9e du Juda\u00efsme \" srcset=\"https:\/\/anma.fr\/wp-content\/uploads\/2020\/07\/FMJ-PLN-MASSE.jpg 1817w, https:\/\/anma.fr\/wp-content\/uploads\/2020\/07\/FMJ-PLN-MASSE-1280x761.jpg 1280w, https:\/\/anma.fr\/wp-content\/uploads\/2020\/07\/FMJ-PLN-MASSE-980x582.jpg 980w, https:\/\/anma.fr\/wp-content\/uploads\/2020\/07\/FMJ-PLN-MASSE-480x285.jpg 480w\" sizes=\"(min-width: 0px) and (max-width: 480px) 480px, (min-width: 481px) and (max-width: 980px) 980px, (min-width: 981px) and (max-width: 1280px) 1280px, (min-width: 1281px) 1817px, 100vw\" class=\"wp-image-232562\" \/><\/span>\n\t\t\t<\/div><div class=\"et_pb_module et_pb_text et_pb_text_3 carrousel-cell  et_pb_text_align_left et_pb_bg_layout_light\">\n\t\t\t\t\n\t\t\t\t\n\t\t\t\t\n\t\t\t\t\n\t\t\t\t<div class=\"et_pb_text_inner\"><h2><strong>\u00c9QUIPES<\/strong> PROJET<\/h2>\n<p>&nbsp;<\/p>\n<p><strong>MA\u00ceTRISE<\/strong> <strong>D&rsquo;OEUVRE<br \/><\/strong>Architecte : ANMA<\/p>\n<p><strong>CONCOURS<br \/><\/strong>Nicolas Grosperrin<br \/>Christian Koch<br \/>Julien Pasteau<br \/>H\u00e9l\u00e8ne Humbert<br \/>Beatriz Barral<\/p>\n<p><strong>PHILOSOPHE<br \/><\/strong>Dimitri Sandler<\/p><\/div>\n\t\t\t<\/div><div class=\"et_pb_module et_pb_text et_pb_text_4 carrousel-cell  et_pb_text_align_left et_pb_bg_layout_light\">\n\t\t\t\t\n\t\t\t\t\n\t\t\t\t\n\t\t\t\t\n\t\t\t\t<div class=\"et_pb_text_inner\"><h2><strong>FICHE<\/strong> TECHNIQUE<\/h2>\n<p>&nbsp;<\/p>\n<p><strong>STATUT <\/strong>Concours et faisabilit\u00e9s<\/p>\n<p><strong>MA\u00ceTRISE D&rsquo;OUVRAGE<br \/><\/strong>Stadt Frankfurt am Main Der Magistrat<\/p>\n<p><strong>CALENDRIER <\/strong>2012<\/p>\n<p><strong>SURFACE <\/strong>4 300 m\u00b2 SHON<\/p>\n<p><strong>TRAVAUX <\/strong>16 M\u20ac HT<\/p>\n<p><strong>PERSPECTIVES <\/strong>Plasticine<\/p>\n<p>&nbsp;<\/p>\n<p><strong>VOIR +<br \/><\/strong><a href=\"https:\/\/anma.fr\/projets\/theatre-des-vagues\/\">Antony, Th\u00e9\u00e2tre des Vagues<\/a><br \/><a href=\"https:\/\/anma.fr\/projets\/theatre-des-quartiers-divry\/\">Ivry-sur-Seine, Th\u00e9\u00e2tre des Quartiers d&rsquo;Ivry<\/a><br \/><a href=\"https:\/\/anma.fr\/projets\/centre-des-congres\/\">Le Havre, Centre des Congr\u00e8s<\/a><\/p><\/div>\n\t\t\t<\/div>\n\t\t\t<\/div>\n\t\t\t\t\n\t\t\t\t\n\t\t\t\t\n\t\t\t\t\n\t\t\t<\/div>\n\t\t\t\t\n\t\t\t\t\n\t\t\t<\/div>\t\t<\/div>\n\t<\/div>\n\t","protected":false},"excerpt":{"rendered":"<p>un voile de lames d&rsquo;acier &nbsp; Le mus\u00e9e du juda\u00efsme de Francfort est hybride. Compos\u00e9 de deux b\u00e2timents qui dialoguent, il d\u00e9gage une \u00e9nergie temporelle insolite et bifide\u00a0: entre d\u00e9termin\u00e9 et ind\u00e9termin\u00e9, histoire et avenir, classique et modernit\u00e9, ouverture et protection. Cette dualit\u00e9 forme cependant un tout, une unit\u00e9 paradoxale qui constitue la force du [&hellip;]<\/p>\n","protected":false},"author":1,"featured_media":232560,"parent":0,"comment_status":"open","ping_status":"closed","template":"","meta":{"_acf_changed":false,"_et_pb_use_builder":"on","_et_pb_old_content":"","_et_gb_content_width":"","footnotes":""},"project_category":[],"project_tag":[],"metier":[18],"ville":[338],"prog":[83],"statut":[40],"annee":[65],"intervention":[80],"class_list":["post-251911","project","type-project","status-publish","has-post-thumbnail","hentry"],"acf":{"choix_de_la_couleur_du_titre":"#ffffff"},"_links":{"self":[{"href":"https:\/\/anma.fr\/fr\/wp-json\/wp\/v2\/project\/251911","targetHints":{"allow":["GET"]}}],"collection":[{"href":"https:\/\/anma.fr\/fr\/wp-json\/wp\/v2\/project"}],"about":[{"href":"https:\/\/anma.fr\/fr\/wp-json\/wp\/v2\/types\/project"}],"author":[{"embeddable":true,"href":"https:\/\/anma.fr\/fr\/wp-json\/wp\/v2\/users\/1"}],"replies":[{"embeddable":true,"href":"https:\/\/anma.fr\/fr\/wp-json\/wp\/v2\/comments?post=251911"}],"version-history":[{"count":0,"href":"https:\/\/anma.fr\/fr\/wp-json\/wp\/v2\/project\/251911\/revisions"}],"wp:featuredmedia":[{"embeddable":true,"href":"https:\/\/anma.fr\/fr\/wp-json\/wp\/v2\/media\/232560"}],"wp:attachment":[{"href":"https:\/\/anma.fr\/fr\/wp-json\/wp\/v2\/media?parent=251911"}],"wp:term":[{"taxonomy":"project_category","embeddable":true,"href":"https:\/\/anma.fr\/fr\/wp-json\/wp\/v2\/project_category?post=251911"},{"taxonomy":"project_tag","embeddable":true,"href":"https:\/\/anma.fr\/fr\/wp-json\/wp\/v2\/project_tag?post=251911"},{"taxonomy":"metier","embeddable":true,"href":"https:\/\/anma.fr\/fr\/wp-json\/wp\/v2\/metier?post=251911"},{"taxonomy":"ville","embeddable":true,"href":"https:\/\/anma.fr\/fr\/wp-json\/wp\/v2\/ville?post=251911"},{"taxonomy":"prog","embeddable":true,"href":"https:\/\/anma.fr\/fr\/wp-json\/wp\/v2\/prog?post=251911"},{"taxonomy":"statut","embeddable":true,"href":"https:\/\/anma.fr\/fr\/wp-json\/wp\/v2\/statut?post=251911"},{"taxonomy":"annee","embeddable":true,"href":"https:\/\/anma.fr\/fr\/wp-json\/wp\/v2\/annee?post=251911"},{"taxonomy":"intervention","embeddable":true,"href":"https:\/\/anma.fr\/fr\/wp-json\/wp\/v2\/intervention?post=251911"}],"curies":[{"name":"wp","href":"https:\/\/api.w.org\/{rel}","templated":true}]}}

Musée du Judaïsme

<div class="et-l et-l--post">
			<div class="et_builder_inner_content et_pb_gutters3"><div id="fiche-projet" class="et_pb_section et_pb_section_0 et_section_regular" >
				
				
				
				
				
				
				<div class="et_pb_row et_pb_row_0">
				<div class="et_pb_column et_pb_column_4_4 et_pb_column_0 carousel-container  et_pb_css_mix_blend_mode_passthrough et-last-child">
				
				
				
				
				<div class="et_pb_with_border et_pb_module et_pb_image et_pb_image_0 carrousel-cell">
				
				
				
				
				<span class="et_pb_image_wrap "><img decoding="async" width="2078" height="1080" src="https://anma.fr/wp-content/uploads/2020/07/FMJ-PERS-EXT.jpg" alt="ANMA Francfort Musée du Judaïsme " title="ANMA Francfort Musée du Judaïsme " srcset="https://anma.fr/wp-content/uploads/2020/07/FMJ-PERS-EXT.jpg 2078w, https://anma.fr/wp-content/uploads/2020/07/FMJ-PERS-EXT-1280x665.jpg 1280w, https://anma.fr/wp-content/uploads/2020/07/FMJ-PERS-EXT-980x509.jpg 980w, https://anma.fr/wp-content/uploads/2020/07/FMJ-PERS-EXT-480x249.jpg 480w" sizes="(min-width: 0px) and (max-width: 480px) 480px, (min-width: 481px) and (max-width: 980px) 980px, (min-width: 981px) and (max-width: 1280px) 1280px, (min-width: 1281px) 2078px, 100vw" class="wp-image-232563" /></span>
			</div><div class="et_pb_module et_pb_text et_pb_text_0 carrousel-cell  et_pb_text_align_left et_pb_bg_layout_light">
				
				
				
				
				<div class="et_pb_text_inner"><h2><b>un voile </b>de lames d&rsquo;acier</h2>
<p>&nbsp;</p>
<p>Le musée du judaïsme de Francfort est hybride. Composé de deux bâtiments qui dialoguent, il dégage une énergie temporelle insolite et bifide : entre déterminé et indéterminé, histoire et avenir, classique et modernité, ouverture et protection. Cette dualité forme cependant un tout, une unité paradoxale qui constitue la force du bâtiment.</p>
<p>La partie neuve est de forme ascendante et aboutie par un mouvement curviligne vers les étages hauts du bâtiment ancien, laissant ce dernier visible depuis le parc. Cet effet d&rsquo;ascension en spirale prend racine dans le sol à l&rsquo;entrée du musée, il s’agit d’une rampe-escalier au cœur de la composition. Tracée en limite tangentes des arbres du parc – tous conservés – cette circulation dessert tous les niveaux du musée. Sa façade est faite de lames d&rsquo;acier en torsion qui filtrent et protègent du regard mais qui, à la manière d&rsquo;un voile, laissent certains espaces ouverts à la vue.</p></div>
			</div><div class="et_pb_with_border et_pb_module et_pb_image et_pb_image_1 carrousel-cell">
				
				
				
				
				<span class="et_pb_image_wrap "><img decoding="async" width="1456" height="1080" src="https://anma.fr/wp-content/uploads/2020/07/FMJ-PERS-INT.jpg" alt="ANMA Francfort Musée du Judaïsme " title="ANMA Francfort Musée du Judaïsme " srcset="https://anma.fr/wp-content/uploads/2020/07/FMJ-PERS-INT.jpg 1456w, https://anma.fr/wp-content/uploads/2020/07/FMJ-PERS-INT-1280x949.jpg 1280w, https://anma.fr/wp-content/uploads/2020/07/FMJ-PERS-INT-980x727.jpg 980w, https://anma.fr/wp-content/uploads/2020/07/FMJ-PERS-INT-480x356.jpg 480w" sizes="(min-width: 0px) and (max-width: 480px) 480px, (min-width: 481px) and (max-width: 980px) 980px, (min-width: 981px) and (max-width: 1280px) 1280px, (min-width: 1281px) 1456px, 100vw" class="wp-image-232564" /></span>
			</div><div class="et_pb_module et_pb_text et_pb_text_1 carrousel-cell  et_pb_text_align_left et_pb_bg_layout_light">
				
				
				
				
				<div class="et_pb_text_inner"><h2><b>circulations fluides<br /></b>scénographie souple</h2>
<p>&nbsp;</p>
<p>Les perspectives sur l&rsquo;entrée sont à chaque fois très différentes et dynamiques, ce qui, d&rsquo;une certaine manière, identifie le musée. Il n&rsquo;y a pas de frontalité ou de composition centrée mais au contraire de multiples aspects, toujours insolites, suivant les points de vue dans la ville. Le musée s&rsquo;affirme par sa singularité discrète.</p>
<p>Le fonctionnent intérieur est fluide et ouvert. À chaque niveau, des liaisons sont créées entre les deux parties du musée, permettant l’élaboration de parcours scénographiques variés.</p>
<p>Dans l&rsquo;existant, une remise à plat met en valeur les décors de l&rsquo;immeuble Rotschild tandis que la cage d&rsquo;escalier de la partie plus récente est restructurée afin de la rendre plus fonctionnelle.</p></div>
			</div><div class="et_pb_module et_pb_text et_pb_text_2 carrousel-cell  et_pb_text_align_left et_pb_bg_layout_light">
				
				
				
				
				<div class="et_pb_text_inner"><h2><b>glisser entre les </b>expositions</h2>
<p>&nbsp;</p>
<p>L’accès au Musée se fait depuis la partie neuve par une entrée en vis à vis avec le vestibule du Palais Rotschild et de plein pied avec le jardin (Gartengeschoss). Le visiteur est accueilli dans le foyer et peut, depuis cet espace, rejoindre toutes les zones d’expositions du musée, soit en empruntant la galerie qui longe les bâtiments existants, soit en empruntant les rampes le long de la façade nord.</p>
<p>Les rampes sont le lieu d’une déambulation douce qui offre un glissement entre la zone d’exposition temporaire situé en sous-sol et la bibliothèque de l’entresol (Zwischengeschoss). Depuis cet espace, le visiteur peut rejoindre la salle de conférence et choisir de poursuivre sa visite en empruntant rampe ou escalier pour atteindre les premiers ou deuxièmes étages d’exposition temporaire.</p></div>
			</div><div class="et_pb_with_border et_pb_module et_pb_image et_pb_image_2 carrousel-cell">
				
				
				
				
				<span class="et_pb_image_wrap "><img decoding="async" width="1817" height="1080" src="https://anma.fr/wp-content/uploads/2020/07/FMJ-PLN-MASSE.jpg" alt="ANMA Francfort Musée du Judaïsme " title="ANMA Francfort Musée du Judaïsme " srcset="https://anma.fr/wp-content/uploads/2020/07/FMJ-PLN-MASSE.jpg 1817w, https://anma.fr/wp-content/uploads/2020/07/FMJ-PLN-MASSE-1280x761.jpg 1280w, https://anma.fr/wp-content/uploads/2020/07/FMJ-PLN-MASSE-980x582.jpg 980w, https://anma.fr/wp-content/uploads/2020/07/FMJ-PLN-MASSE-480x285.jpg 480w" sizes="(min-width: 0px) and (max-width: 480px) 480px, (min-width: 481px) and (max-width: 980px) 980px, (min-width: 981px) and (max-width: 1280px) 1280px, (min-width: 1281px) 1817px, 100vw" class="wp-image-232562" /></span>
			</div><div class="et_pb_module et_pb_text et_pb_text_3 carrousel-cell  et_pb_text_align_left et_pb_bg_layout_light">
				
				
				
				
				<div class="et_pb_text_inner"><h2><strong>ÉQUIPES</strong> PROJET</h2>
<p>&nbsp;</p>
<p><strong>MAÎTRISE</strong> <strong>D&rsquo;OEUVRE<br /></strong>Architecte : ANMA</p>
<p><strong>CONCOURS<br /></strong>Nicolas Grosperrin<br />Christian Koch<br />Julien Pasteau<br />Hélène Humbert<br />Beatriz Barral</p>
<p><strong>PHILOSOPHE<br /></strong>Dimitri Sandler</p></div>
			</div><div class="et_pb_module et_pb_text et_pb_text_4 carrousel-cell  et_pb_text_align_left et_pb_bg_layout_light">
				
				
				
				
				<div class="et_pb_text_inner"><h2><strong>FICHE</strong> TECHNIQUE</h2>
<p>&nbsp;</p>
<p><strong>STATUT </strong>Concours et faisabilités</p>
<p><strong>MAÎTRISE D&rsquo;OUVRAGE<br /></strong>Stadt Frankfurt am Main Der Magistrat</p>
<p><strong>CALENDRIER </strong>2012</p>
<p><strong>SURFACE </strong>4 300 m² SHON</p>
<p><strong>TRAVAUX </strong>16 M€ HT</p>
<p><strong>PERSPECTIVES </strong>Plasticine</p>
<p>&nbsp;</p>
<p><strong>VOIR +<br /></strong><a href="https://anma.fr/projets/theatre-des-vagues/">Antony, Théâtre des Vagues</a><br /><a href="https://anma.fr/projets/theatre-des-quartiers-divry/">Ivry-sur-Seine, Théâtre des Quartiers d&rsquo;Ivry</a><br /><a href="https://anma.fr/projets/centre-des-congres/">Le Havre, Centre des Congrès</a></p></div>
			</div>
			</div>
				
				
				
				
			</div>
				
				
			</div>		</div>
	</div>

<p>un voile de lames d&rsquo;acier &nbsp; Le musée du judaïsme de Francfort est hybride. Composé de deux bâtiments qui dialoguent, il dégage une énergie temporelle insolite et bifide : entre déterminé et indéterminé, histoire et avenir, classique et modernité, ouverture et protection. Cette dualité forme cependant un tout, une unité paradoxale qui constitue la force du [&hellip;]</p>
