{"id":251949,"date":"2020-07-28T09:38:06","date_gmt":"2020-07-28T07:38:06","guid":{"rendered":"https:\/\/encours.studiottt.com\/anma21\/projects\/beausejour-centralite\/"},"modified":"2022-04-03T08:57:06","modified_gmt":"2022-04-03T06:57:06","slug":"beausejour-centralite","status":"publish","type":"project","link":"https:\/\/anma.fr\/fr\/projets\/beausejour-centralite\/","title":{"rendered":"Beaus\u00e9jour Centralit\u00e9"},"content":{"rendered":"<div class=\"et-l et-l--post\">\n\t\t\t<div class=\"et_builder_inner_content et_pb_gutters3\"><div id=\"fiche-projet\" class=\"et_pb_section et_pb_section_0 et_section_regular\" >\n\t\t\t\t\n\t\t\t\t\n\t\t\t\t\n\t\t\t\t\n\t\t\t\t\n\t\t\t\t\n\t\t\t\t<div class=\"et_pb_row et_pb_row_0\">\n\t\t\t\t<div class=\"et_pb_column et_pb_column_4_4 et_pb_column_0 carousel-container  et_pb_css_mix_blend_mode_passthrough et-last-child\">\n\t\t\t\t\n\t\t\t\t\n\t\t\t\t\n\t\t\t\t\n\t\t\t\t<div class=\"et_pb_with_border et_pb_module et_pb_image et_pb_image_0 carrousel-cell\">\n\t\t\t\t\n\t\t\t\t\n\t\t\t\t\n\t\t\t\t\n\t\t\t\t<span class=\"et_pb_image_wrap \"><img decoding=\"async\" width=\"2076\" height=\"1080\" src=\"https:\/\/anma.fr\/wp-content\/uploads\/2020\/07\/pers-dentree-noe.jpg\" alt=\"ANMA Sainte-Marie Beaus\u00e9jour Centralit\u00e9\" title=\"ANMA Sainte-Marie Beaus\u00e9jour Centralit\u00e9\" srcset=\"https:\/\/anma.fr\/wp-content\/uploads\/2020\/07\/pers-dentree-noe.jpg 2076w, https:\/\/anma.fr\/wp-content\/uploads\/2020\/07\/pers-dentree-noe-1280x666.jpg 1280w, https:\/\/anma.fr\/wp-content\/uploads\/2020\/07\/pers-dentree-noe-980x510.jpg 980w, https:\/\/anma.fr\/wp-content\/uploads\/2020\/07\/pers-dentree-noe-480x250.jpg 480w\" sizes=\"(min-width: 0px) and (max-width: 480px) 480px, (min-width: 481px) and (max-width: 980px) 980px, (min-width: 981px) and (max-width: 1280px) 1280px, (min-width: 1281px) 2076px, 100vw\" class=\"wp-image-233148\" \/><\/span>\n\t\t\t<\/div><div id=\"5\" class=\"et_pb_module et_pb_text et_pb_text_0 carrousel-cell  et_pb_text_align_left et_pb_bg_layout_light\">\n\t\t\t\t\n\t\t\t\t\n\t\t\t\t\n\t\t\t\t\n\t\t\t\t<div class=\"et_pb_text_inner\"><h2><b>logements, commerces, <\/b>bureaux et \u00e9quipements<\/h2>\n<p>&nbsp;<\/p>\n<p>&nbsp;<\/p>\n<p>Sur un site en pente continue de 8% s\u2019inscrivant dans un tissu urbain disparate, le projet est compos\u00e9 d\u2019un programme mixte de logements, commerces en RDC, bureaux et \u00e9quipements. Il est bord\u00e9 au nord et \u00e0 l\u2019Est par des logements sociaux, au Sud par un coll\u00e8ge et quelques constructions basses tandis que des constructions peu denses sont pr\u00e9vues \u00e0 l\u2019ouest.<\/p>\n<p>Trois grands axes nord\/sud marquent le site\u00a0: ils sont dessin\u00e9s diff\u00e9remment et hi\u00e9rarchisent le projet. Les hauteurs de b\u00e2timents s\u2019\u00e9crivent selon leur position\u00a0: \u00e0 l\u2019alignement de la rue Fleur de Jade, ils s\u2019\u00e9l\u00e8vent \u00e0 R+3 et R+5 afin de garantir une protection au vent des c\u0153urs d\u2019ilots.<\/p><\/div>\n\t\t\t<\/div><div class=\"et_pb_with_border et_pb_module et_pb_image et_pb_image_1 carrousel-cell\">\n\t\t\t\t\n\t\t\t\t\n\t\t\t\t\n\t\t\t\t\n\t\t\t\t<span class=\"et_pb_image_wrap \"><img decoding=\"async\" width=\"1661\" height=\"1080\" src=\"https:\/\/anma.fr\/wp-content\/uploads\/2020\/07\/vue-mail-des-cascades.jpg\" alt=\"ANMA Sainte-Marie Beaus\u00e9jour Centralit\u00e9\" title=\"ANMA Sainte-Marie Beaus\u00e9jour Centralit\u00e9\" srcset=\"https:\/\/anma.fr\/wp-content\/uploads\/2020\/07\/vue-mail-des-cascades.jpg 1661w, https:\/\/anma.fr\/wp-content\/uploads\/2020\/07\/vue-mail-des-cascades-1280x832.jpg 1280w, https:\/\/anma.fr\/wp-content\/uploads\/2020\/07\/vue-mail-des-cascades-980x637.jpg 980w, https:\/\/anma.fr\/wp-content\/uploads\/2020\/07\/vue-mail-des-cascades-480x312.jpg 480w\" sizes=\"(min-width: 0px) and (max-width: 480px) 480px, (min-width: 481px) and (max-width: 980px) 980px, (min-width: 981px) and (max-width: 1280px) 1280px, (min-width: 1281px) 1661px, 100vw\" class=\"wp-image-233151\" \/><\/span>\n\t\t\t<\/div><div id=\"5\" class=\"et_pb_module et_pb_text et_pb_text_1 carrousel-cell  et_pb_text_align_left et_pb_bg_layout_light\">\n\t\t\t\t\n\t\t\t\t\n\t\t\t\t\n\t\t\t\t\n\t\t\t\t<div class=\"et_pb_text_inner\"><h2><b>c\u0153urs\u00a0d&rsquo;ilots <\/b>gradin\u00e9s<\/h2>\n<p>&nbsp;<\/p>\n<p>&nbsp;<\/p>\n<p>Les c\u0153urs d\u2019ilots sont gradin\u00e9s et jouent avec la pente. Des b\u00e2timents de petite hauteur orient\u00e9s nord\/sud se sur\u00e9l\u00e8vent progressivement le long du mail des Cascades depuis lequel s\u2019offrent deux \u00e9critures de toitures. \u00c0 l\u2019Est, les toitures gradin\u00e9es s\u2019ouvrent et offrent des sur des espaces ext\u00e9rieurs privatifs g\u00e9n\u00e9reux. A l\u2019ouest, elles se d\u00e9collent et offrent pour accueillir des terrasses en creux abrit\u00e9es du vent., dessin\u00e9es en creux. <\/p>\n<p>Sur les ilots des tranches 2 et 3, l\u2019agence lib\u00e8re le projet permet de lib\u00e9rer l\u2019emprise au sol pour cr\u00e9er un espace largement plant\u00e9 dialoguant avec le grand paysage, le mail des Cascades et les c\u0153urs d\u2019ilots. Les commerces, tous traversants ou en angle, sont implant\u00e9s en RDC sur l\u2019avenue du Beau Pays et poursuivent sur les rues perpendiculaires. Les lin\u00e9aires en int\u00e9rieur d\u2019ilot, largement vitr\u00e9s, sont trait\u00e9s de mani\u00e8re aussi qualitative que sur rue.\u00a0<\/p><\/div>\n\t\t\t<\/div><div class=\"et_pb_with_border et_pb_module et_pb_image et_pb_image_2 carrousel-cell\">\n\t\t\t\t\n\t\t\t\t\n\t\t\t\t\n\t\t\t\t\n\t\t\t\t<span class=\"et_pb_image_wrap \"><img decoding=\"async\" width=\"764\" height=\"1080\" src=\"https:\/\/anma.fr\/wp-content\/uploads\/2020\/07\/Plan-masse.jpg\" alt=\"ANMA Sainte-Marie Beaus\u00e9jour Centralit\u00e9\" title=\"ANMA Sainte-Marie Beaus\u00e9jour Centralit\u00e9\" srcset=\"https:\/\/anma.fr\/wp-content\/uploads\/2020\/07\/Plan-masse.jpg 764w, https:\/\/anma.fr\/wp-content\/uploads\/2020\/07\/Plan-masse-480x679.jpg 480w\" sizes=\"(min-width: 0px) and (max-width: 480px) 480px, (min-width: 481px) 764px, 100vw\" class=\"wp-image-233150\" \/><\/span>\n\t\t\t<\/div><div class=\"et_pb_module et_pb_text et_pb_text_2 carrousel-cell  et_pb_text_align_left et_pb_bg_layout_light\">\n\t\t\t\t\n\t\t\t\t\n\t\t\t\t\n\t\t\t\t\n\t\t\t\t<div class=\"et_pb_text_inner\"><h2><strong>\u00c9QUIPES<\/strong> PROJET<\/h2>\n<p>&nbsp;<\/p>\n<p><strong>MA\u00ceTRISE<\/strong> <strong>D&rsquo;OEUVRE<br \/><\/strong>Architecte : ANMA<br \/>HQE : Cedre<br \/>Structure, \u00e9conomie : Atelier Architecte<\/p>\n<p><strong>CONCOURS<br \/><\/strong>Olivier Calvarese<br \/>H\u00e9l\u00e8ne Dupont<br \/>Philippine d&rsquo;Avout<br \/>Aliec Perugini<br \/>Samuel Bressoux<\/p>\n<p>&nbsp;<\/p><\/div>\n\t\t\t<\/div><div class=\"et_pb_module et_pb_text et_pb_text_3 carrousel-cell  et_pb_text_align_left et_pb_bg_layout_light\">\n\t\t\t\t\n\t\t\t\t\n\t\t\t\t\n\t\t\t\t\n\t\t\t\t<div class=\"et_pb_text_inner\"><h2><strong>FICHE<\/strong> TECHNIQUE<\/h2>\n<p>&nbsp;<\/p>\n<p><strong>STATUT <\/strong>Concours et faisanilit\u00e9s<\/p>\n<p><strong>MA\u00ceTRISE D&rsquo;OUVRAGE\u00a0<\/strong>CBO Territoria<\/p>\n<p><strong>CALENDRIER <\/strong>2018<\/p>\n<p><strong>SURFACE <\/strong>28 900 m\u00b2 SU<\/p>\n<p><strong>TRAVAUX <\/strong>51,6 M\u20ac HT<\/p>\n<p><strong>PERSPECTIVES <\/strong>No\u00e9 Simonet<\/p>\n<p><strong>CERTIFICATION <\/strong>RTAA DOM<\/p>\n<p>&nbsp;<\/p>\n<p><strong>VOIR +<br \/><\/strong><a href=\"https:\/\/anma.fr\/projets\/ecoquartier-grand-est\/\">Dijon, \u00c9coquartier Grand Est<\/a><br \/><a href=\"https:\/\/anma.fr\/projets\/logements-des-bayonnes\/\">Herblay, Logements des Bayonnes<\/a><br \/><a href=\"https:\/\/anma.fr\/projets\/logements-allende-2\/\">Saint-Herblain, Logements Allende<\/a><\/p><\/div>\n\t\t\t<\/div>\n\t\t\t<\/div>\n\t\t\t\t\n\t\t\t\t\n\t\t\t\t\n\t\t\t\t\n\t\t\t<\/div>\n\t\t\t\t\n\t\t\t\t\n\t\t\t<\/div>\t\t<\/div>\n\t<\/div>\n\t","protected":false},"excerpt":{"rendered":"<p>logements, commerces, bureaux et \u00e9quipements &nbsp; &nbsp; Sur un site en pente continue de 8% s\u2019inscrivant dans un tissu urbain disparate, le projet est compos\u00e9 d\u2019un programme mixte de logements, commerces en RDC, bureaux et \u00e9quipements. Il est bord\u00e9 au nord et \u00e0 l\u2019Est par des logements sociaux, au Sud par un coll\u00e8ge et quelques [&hellip;]<\/p>\n","protected":false},"author":1,"featured_media":233147,"parent":0,"comment_status":"open","ping_status":"closed","template":"","meta":{"_acf_changed":false,"_et_pb_use_builder":"on","_et_pb_old_content":"","_et_gb_content_width":"","footnotes":""},"project_category":[],"project_tag":[],"metier":[18],"ville":[358],"prog":[82,83,23],"statut":[40],"annee":[100],"intervention":[77,80],"class_list":["post-251949","project","type-project","status-publish","has-post-thumbnail","hentry"],"acf":{"choix_de_la_couleur_du_titre":"#ffffff"},"_links":{"self":[{"href":"https:\/\/anma.fr\/fr\/wp-json\/wp\/v2\/project\/251949","targetHints":{"allow":["GET"]}}],"collection":[{"href":"https:\/\/anma.fr\/fr\/wp-json\/wp\/v2\/project"}],"about":[{"href":"https:\/\/anma.fr\/fr\/wp-json\/wp\/v2\/types\/project"}],"author":[{"embeddable":true,"href":"https:\/\/anma.fr\/fr\/wp-json\/wp\/v2\/users\/1"}],"replies":[{"embeddable":true,"href":"https:\/\/anma.fr\/fr\/wp-json\/wp\/v2\/comments?post=251949"}],"version-history":[{"count":0,"href":"https:\/\/anma.fr\/fr\/wp-json\/wp\/v2\/project\/251949\/revisions"}],"wp:featuredmedia":[{"embeddable":true,"href":"https:\/\/anma.fr\/fr\/wp-json\/wp\/v2\/media\/233147"}],"wp:attachment":[{"href":"https:\/\/anma.fr\/fr\/wp-json\/wp\/v2\/media?parent=251949"}],"wp:term":[{"taxonomy":"project_category","embeddable":true,"href":"https:\/\/anma.fr\/fr\/wp-json\/wp\/v2\/project_category?post=251949"},{"taxonomy":"project_tag","embeddable":true,"href":"https:\/\/anma.fr\/fr\/wp-json\/wp\/v2\/project_tag?post=251949"},{"taxonomy":"metier","embeddable":true,"href":"https:\/\/anma.fr\/fr\/wp-json\/wp\/v2\/metier?post=251949"},{"taxonomy":"ville","embeddable":true,"href":"https:\/\/anma.fr\/fr\/wp-json\/wp\/v2\/ville?post=251949"},{"taxonomy":"prog","embeddable":true,"href":"https:\/\/anma.fr\/fr\/wp-json\/wp\/v2\/prog?post=251949"},{"taxonomy":"statut","embeddable":true,"href":"https:\/\/anma.fr\/fr\/wp-json\/wp\/v2\/statut?post=251949"},{"taxonomy":"annee","embeddable":true,"href":"https:\/\/anma.fr\/fr\/wp-json\/wp\/v2\/annee?post=251949"},{"taxonomy":"intervention","embeddable":true,"href":"https:\/\/anma.fr\/fr\/wp-json\/wp\/v2\/intervention?post=251949"}],"curies":[{"name":"wp","href":"https:\/\/api.w.org\/{rel}","templated":true}]}}

Beauséjour Centralité

<div class="et-l et-l--post">
			<div class="et_builder_inner_content et_pb_gutters3"><div id="fiche-projet" class="et_pb_section et_pb_section_0 et_section_regular" >
				
				
				
				
				
				
				<div class="et_pb_row et_pb_row_0">
				<div class="et_pb_column et_pb_column_4_4 et_pb_column_0 carousel-container  et_pb_css_mix_blend_mode_passthrough et-last-child">
				
				
				
				
				<div class="et_pb_with_border et_pb_module et_pb_image et_pb_image_0 carrousel-cell">
				
				
				
				
				<span class="et_pb_image_wrap "><img decoding="async" width="2076" height="1080" src="https://anma.fr/wp-content/uploads/2020/07/pers-dentree-noe.jpg" alt="ANMA Sainte-Marie Beauséjour Centralité" title="ANMA Sainte-Marie Beauséjour Centralité" srcset="https://anma.fr/wp-content/uploads/2020/07/pers-dentree-noe.jpg 2076w, https://anma.fr/wp-content/uploads/2020/07/pers-dentree-noe-1280x666.jpg 1280w, https://anma.fr/wp-content/uploads/2020/07/pers-dentree-noe-980x510.jpg 980w, https://anma.fr/wp-content/uploads/2020/07/pers-dentree-noe-480x250.jpg 480w" sizes="(min-width: 0px) and (max-width: 480px) 480px, (min-width: 481px) and (max-width: 980px) 980px, (min-width: 981px) and (max-width: 1280px) 1280px, (min-width: 1281px) 2076px, 100vw" class="wp-image-233148" /></span>
			</div><div id="5" class="et_pb_module et_pb_text et_pb_text_0 carrousel-cell  et_pb_text_align_left et_pb_bg_layout_light">
				
				
				
				
				<div class="et_pb_text_inner"><h2><b>logements, commerces, </b>bureaux et équipements</h2>
<p>&nbsp;</p>
<p>&nbsp;</p>
<p>Sur un site en pente continue de 8% s’inscrivant dans un tissu urbain disparate, le projet est composé d’un programme mixte de logements, commerces en RDC, bureaux et équipements. Il est bordé au nord et à l’Est par des logements sociaux, au Sud par un collège et quelques constructions basses tandis que des constructions peu denses sont prévues à l’ouest.</p>
<p>Trois grands axes nord/sud marquent le site : ils sont dessinés différemment et hiérarchisent le projet. Les hauteurs de bâtiments s’écrivent selon leur position : à l’alignement de la rue Fleur de Jade, ils s’élèvent à R+3 et R+5 afin de garantir une protection au vent des cœurs d’ilots.</p></div>
			</div><div class="et_pb_with_border et_pb_module et_pb_image et_pb_image_1 carrousel-cell">
				
				
				
				
				<span class="et_pb_image_wrap "><img decoding="async" width="1661" height="1080" src="https://anma.fr/wp-content/uploads/2020/07/vue-mail-des-cascades.jpg" alt="ANMA Sainte-Marie Beauséjour Centralité" title="ANMA Sainte-Marie Beauséjour Centralité" srcset="https://anma.fr/wp-content/uploads/2020/07/vue-mail-des-cascades.jpg 1661w, https://anma.fr/wp-content/uploads/2020/07/vue-mail-des-cascades-1280x832.jpg 1280w, https://anma.fr/wp-content/uploads/2020/07/vue-mail-des-cascades-980x637.jpg 980w, https://anma.fr/wp-content/uploads/2020/07/vue-mail-des-cascades-480x312.jpg 480w" sizes="(min-width: 0px) and (max-width: 480px) 480px, (min-width: 481px) and (max-width: 980px) 980px, (min-width: 981px) and (max-width: 1280px) 1280px, (min-width: 1281px) 1661px, 100vw" class="wp-image-233151" /></span>
			</div><div id="5" class="et_pb_module et_pb_text et_pb_text_1 carrousel-cell  et_pb_text_align_left et_pb_bg_layout_light">
				
				
				
				
				<div class="et_pb_text_inner"><h2><b>cœurs d&rsquo;ilots </b>gradinés</h2>
<p>&nbsp;</p>
<p>&nbsp;</p>
<p>Les cœurs d’ilots sont gradinés et jouent avec la pente. Des bâtiments de petite hauteur orientés nord/sud se surélèvent progressivement le long du mail des Cascades depuis lequel s’offrent deux écritures de toitures. À l’Est, les toitures gradinées s’ouvrent et offrent des sur des espaces extérieurs privatifs généreux. A l’ouest, elles se décollent et offrent pour accueillir des terrasses en creux abritées du vent., dessinées en creux. </p>
<p>Sur les ilots des tranches 2 et 3, l’agence libère le projet permet de libérer l’emprise au sol pour créer un espace largement planté dialoguant avec le grand paysage, le mail des Cascades et les cœurs d’ilots. Les commerces, tous traversants ou en angle, sont implantés en RDC sur l’avenue du Beau Pays et poursuivent sur les rues perpendiculaires. Les linéaires en intérieur d’ilot, largement vitrés, sont traités de manière aussi qualitative que sur rue. </p></div>
			</div><div class="et_pb_with_border et_pb_module et_pb_image et_pb_image_2 carrousel-cell">
				
				
				
				
				<span class="et_pb_image_wrap "><img decoding="async" width="764" height="1080" src="https://anma.fr/wp-content/uploads/2020/07/Plan-masse.jpg" alt="ANMA Sainte-Marie Beauséjour Centralité" title="ANMA Sainte-Marie Beauséjour Centralité" srcset="https://anma.fr/wp-content/uploads/2020/07/Plan-masse.jpg 764w, https://anma.fr/wp-content/uploads/2020/07/Plan-masse-480x679.jpg 480w" sizes="(min-width: 0px) and (max-width: 480px) 480px, (min-width: 481px) 764px, 100vw" class="wp-image-233150" /></span>
			</div><div class="et_pb_module et_pb_text et_pb_text_2 carrousel-cell  et_pb_text_align_left et_pb_bg_layout_light">
				
				
				
				
				<div class="et_pb_text_inner"><h2><strong>ÉQUIPES</strong> PROJET</h2>
<p>&nbsp;</p>
<p><strong>MAÎTRISE</strong> <strong>D&rsquo;OEUVRE<br /></strong>Architecte : ANMA<br />HQE : Cedre<br />Structure, économie : Atelier Architecte</p>
<p><strong>CONCOURS<br /></strong>Olivier Calvarese<br />Hélène Dupont<br />Philippine d&rsquo;Avout<br />Aliec Perugini<br />Samuel Bressoux</p>
<p>&nbsp;</p></div>
			</div><div class="et_pb_module et_pb_text et_pb_text_3 carrousel-cell  et_pb_text_align_left et_pb_bg_layout_light">
				
				
				
				
				<div class="et_pb_text_inner"><h2><strong>FICHE</strong> TECHNIQUE</h2>
<p>&nbsp;</p>
<p><strong>STATUT </strong>Concours et faisanilités</p>
<p><strong>MAÎTRISE D&rsquo;OUVRAGE </strong>CBO Territoria</p>
<p><strong>CALENDRIER </strong>2018</p>
<p><strong>SURFACE </strong>28 900 m² SU</p>
<p><strong>TRAVAUX </strong>51,6 M€ HT</p>
<p><strong>PERSPECTIVES </strong>Noé Simonet</p>
<p><strong>CERTIFICATION </strong>RTAA DOM</p>
<p>&nbsp;</p>
<p><strong>VOIR +<br /></strong><a href="https://anma.fr/projets/ecoquartier-grand-est/">Dijon, Écoquartier Grand Est</a><br /><a href="https://anma.fr/projets/logements-des-bayonnes/">Herblay, Logements des Bayonnes</a><br /><a href="https://anma.fr/projets/logements-allende-2/">Saint-Herblain, Logements Allende</a></p></div>
			</div>
			</div>
				
				
				
				
			</div>
				
				
			</div>		</div>
	</div>

<p>logements, commerces, bureaux et équipements &nbsp; &nbsp; Sur un site en pente continue de 8% s’inscrivant dans un tissu urbain disparate, le projet est composé d’un programme mixte de logements, commerces en RDC, bureaux et équipements. Il est bordé au nord et à l’Est par des logements sociaux, au Sud par un collège et quelques [&hellip;]</p>
