{"id":251961,"date":"2020-07-29T08:06:51","date_gmt":"2020-07-29T06:06:51","guid":{"rendered":"https:\/\/encours.studiottt.com\/anma21\/projects\/logements-phares-cosmao\/"},"modified":"2024-02-22T16:01:09","modified_gmt":"2024-02-22T15:01:09","slug":"logements-phares-cosmao","status":"publish","type":"project","link":"https:\/\/anma.fr\/fr\/projets\/logements-phares-cosmao\/","title":{"rendered":"Ilot Mixte Phare Cosmao"},"content":{"rendered":"<div class=\"et-l et-l--post\">\n\t\t\t<div class=\"et_builder_inner_content et_pb_gutters3\"><div id=\"fiche-projet\" class=\"et_pb_section et_pb_section_0 et_section_regular\" >\n\t\t\t\t\n\t\t\t\t\n\t\t\t\t\n\t\t\t\t\n\t\t\t\t\n\t\t\t\t\n\t\t\t\t<div class=\"et_pb_row et_pb_row_0\">\n\t\t\t\t<div class=\"et_pb_column et_pb_column_4_4 et_pb_column_0 carousel-container  et_pb_css_mix_blend_mode_passthrough et-last-child\">\n\t\t\t\t\n\t\t\t\t\n\t\t\t\t\n\t\t\t\t\n\t\t\t\t<div id=\"Perspective\" class=\"et_pb_with_border et_pb_module et_pb_image et_pb_image_0 carrousel-cell\">\n\t\t\t\t\n\t\t\t\t\n\t\t\t\t\n\t\t\t\t\n\t\t\t\t<span class=\"et_pb_image_wrap \"><img decoding=\"async\" src=\"https:\/\/anma.fr\/wp-content\/uploads\/2020\/07\/ANMA_PHARE_COSMAO_\u00a911h45-BD-8_RET.jpg\" alt=\"Phare Cosmao Lorient\" title=\"ANMA_PHARE_COSMAO_\u00a911h45-BD-8_RET\" \/><\/span>\n\t\t\t<\/div><div class=\"et_pb_module et_pb_text et_pb_text_0 carrousel-cell  et_pb_text_align_left et_pb_bg_layout_light\">\n\t\t\t\t\n\t\t\t\t\n\t\t\t\t\n\t\t\t\t\n\t\t\t\t<div class=\"et_pb_text_inner\"><h2><b>ilot mixte <\/b>sur la zac quartier de la gare<\/h2>\n<p>&nbsp;<\/p>\n<p>L\u2019op\u00e9ration Phare Cosmao-Parvis s\u2019inscrit dans le cadre du d\u00e9veloppement de la ZAC Quartier de la Gare. Elle consiste en la r\u00e9alisation des deux premiers ilots comprenant 111 logements, un parking priv\u00e9, un parking public, des activit\u00e9s, des bureaux et, en proue sur le nouveau parvis, un h\u00f4tel restaurant.<\/p>\n<p>Le projet est situ\u00e9 dans un contexte urbain d\u2019immeubles de la reconstruction des ann\u00e9es 1950, d&rsquo;immeubles de toitures \u00e0 double pente en ilots clos et d&rsquo;immeubles d\u2019inspiration moderne \u00e0\u00a0toitures terrasses ou toits jardins en ilots ouverts.<\/p><\/div>\n\t\t\t<\/div><div id=\"Perspective\" class=\"et_pb_with_border et_pb_module et_pb_image et_pb_image_1 carrousel-cell\">\n\t\t\t\t\n\t\t\t\t\n\t\t\t\t\n\t\t\t\t\n\t\t\t\t<span class=\"et_pb_image_wrap \"><img decoding=\"async\" src=\"https:\/\/anma.fr\/wp-content\/uploads\/2020\/07\/ANMA_PHARE_COSMAO_\u00a911h45-HD-22_WEB.jpg\" alt=\"ANMA Lorient Ilot Phare Cosmao\" title=\"ANMA Lorient Ilot Phare Cosmao\" \/><\/span>\n\t\t\t<\/div><div class=\"et_pb_module et_pb_text et_pb_text_1 carrousel-cell  et_pb_text_align_left et_pb_bg_layout_light\">\n\t\t\t\t\n\t\t\t\t\n\t\t\t\t\n\t\t\t\t\n\t\t\t\t<div class=\"et_pb_text_inner\"><h2><b>depuis les phares,<br \/><\/b>une vue sur la rade<\/h2>\n<p>&nbsp;<\/p>\n<p>Le nouveau quartier de la gare de Lorient est l&rsquo;occasion de concevoir la ville autrement et de proposer de nouvelles fa\u00e7ons d&rsquo;habiter en le dotant\u00a0d&rsquo;ilots mixtes.\u00a0Au nord du boulevard Cosmao Dumanoir, ils associent activit\u00e9s au rez-de-chauss\u00e9e puis logements en locatif social ou en accession sociale et bureaux dans les \u00e9tages. Les parkings sont int\u00e9gr\u00e9s \u00e0 l&rsquo;arri\u00e8re des rez-de-chauss\u00e9e commerciaux, permettant ainsi une r\u00e9duction du bilan carbone.<\/p>\n<p>Au sein de chaque ilot, un immeuble en R+12 associe bureaux et logements en accession libre. Ces immeubles mixtes proposent une diversit\u00e9 d&rsquo;\u00e9criture dans une silhouette urbaine ma\u00eetris\u00e9e. Pens\u00e9 comme des phares urbains, ils rappellent le caract\u00e8re maritime de Lorient en offrant aux nouveaux habitants une vue exceptionnelle sur la rade.<\/p><\/div>\n\t\t\t<\/div><div class=\"et_pb_with_border et_pb_module et_pb_image et_pb_image_2 carrousel-cell et_pb_section_video et_pb_preload\">\n\t\t\t\t\n\t\t\t\t<span class=\"et_pb_section_video_bg   et_pb_allow_player_pause\">\n\t\t\t\t\t\n\t\t\t<video loop=\"loop\" autoplay playsinline muted >\n\t\t\t\t<source type=\"video\/mp4\" src=\"https:\/\/anma.fr\/wp-content\/uploads\/2020\/07\/ANMA_LORIENT_1_WEB.mp4\" \/>\n\t\t\t\t\n\t\t\t<\/video>\n\t\t\t\t<\/span>\n\t\t\t\t\n\t\t\t\t\n\t\t\t\t<span class=\"et_pb_image_wrap \"><img decoding=\"async\" width=\"1920\" height=\"1080\" src=\"https:\/\/anma.fr\/wp-content\/uploads\/2020\/09\/GABARIT_VIDEO_1920X1080.jpg\" alt=\"VIDEO 1920X1080\" title=\"ANMA Lorient Ilot mixte Phare Cosmao\" srcset=\"https:\/\/anma.fr\/wp-content\/uploads\/2020\/09\/GABARIT_VIDEO_1920X1080.jpg 1920w, https:\/\/anma.fr\/wp-content\/uploads\/2020\/09\/GABARIT_VIDEO_1920X1080-1280x720.jpg 1280w, https:\/\/anma.fr\/wp-content\/uploads\/2020\/09\/GABARIT_VIDEO_1920X1080-980x551.jpg 980w, https:\/\/anma.fr\/wp-content\/uploads\/2020\/09\/GABARIT_VIDEO_1920X1080-480x270.jpg 480w\" sizes=\"(min-width: 0px) and (max-width: 480px) 480px, (min-width: 481px) and (max-width: 980px) 980px, (min-width: 981px) and (max-width: 1280px) 1280px, (min-width: 1281px) 1920px, 100vw\" class=\"wp-image-238595\" \/><\/span>\n\t\t\t<\/div><div class=\"et_pb_module et_pb_text et_pb_text_2 carrousel-cell  et_pb_text_align_left et_pb_bg_layout_light\">\n\t\t\t\t\n\t\t\t\t\n\t\t\t\t\n\t\t\t\t\n\t\t\t\t<div class=\"et_pb_text_inner\"><h2><b>logements traversants<br \/><\/b>Double expos\u00e9s<\/h2>\n<p>&nbsp;<\/p>\n<p>La mixit\u00e9 du programme permet une grande vari\u00e9t\u00e9 de volumes et fait la richesse du projet. Face \u00e0 cette diversit\u00e9, un rythme simple est donn\u00e9 aux fa\u00e7ades qui harmonisent l\u2019ensemble\u00a0: la trame est le plus souvent verticale, \u00e9vitant l\u2019effet de socle, et met en \u00e9vidence chaque programme. Le mat\u00e9riau choisi\u00a0est\u00a0principalement le b\u00e9ton,\u00a0d\u00e9clin\u00e9 en diff\u00e9rentes\u00a0teintes et finitions, assurant ainsi une insertion en lien avec l&rsquo;architecture de la reconstruction.<\/p>\n<p>La conception des programmes de logements s\u2019inscrit dans l\u2019esprit g\u00e9n\u00e9ral du projet urbain. La qualit\u00e9 de ceux-ci est \u00e9tablie sur le principe d\u2019une configuration traversante ou en double exposition, afin de proposer des logements agr\u00e9ables \u00e0 vivre, lumineux et aux typologies vari\u00e9es. Ainsi, chaque logement de plus de 50 m\u00b2 est traversant ou \u00e0 double orientation : la qualit\u00e9 des vues est privil\u00e9gi\u00e9e et enrichit la relation du logement \u00e0 son environnement imm\u00e9diat.<\/p><\/div>\n\t\t\t<\/div><div id=\"Chantier au 07\/07\/20\" class=\"et_pb_with_border et_pb_module et_pb_image et_pb_image_3 carrousel-cell\">\n\t\t\t\t\n\t\t\t\t\n\t\t\t\t\n\t\t\t\t\n\t\t\t\t<span class=\"et_pb_image_wrap \"><img decoding=\"async\" src=\"https:\/\/anma.fr\/wp-content\/uploads\/2020\/07\/ANMA_PHARE_COSMAO_\u00a911h45-HD-11_WEB.jpg\" alt=\"ANMA Lorient Ilot Phare Cosmao\" title=\"ANMA Lorient Ilot Phare Cosmao\" \/><\/span>\n\t\t\t<\/div><div class=\"et_pb_module et_pb_text et_pb_text_3 carrousel-cell  et_pb_text_align_left et_pb_bg_layout_light\">\n\t\t\t\t\n\t\t\t\t\n\t\t\t\t\n\t\t\t\t\n\t\t\t\t<div class=\"et_pb_text_inner\"><h2><strong>\u00c9QUIPES<\/strong> PROJET<\/h2>\n<p>&nbsp;<\/p>\n<p><strong>MA\u00ceTRISE<\/strong> <strong>D&rsquo;OEUVRE<br \/><\/strong>Architecte : ANMA<br \/>\u00c9lectricit\u00e9, fluides : I2C<br \/>Structure : Sertco<br \/>Acoustique : Peutz &amp; Associ\u00e9s<br \/>Coordination SPS, bureau de contr\u00f4le : Qualiconsult<\/p>\n<p><strong>ESQUISSE<br \/><\/strong>Emmanuel Vinet<br \/>H\u00e9l\u00e8ne Dupont<br \/>Pauline Barraud<br \/>Cl\u00e9mentine de Sorbay<\/p>\n<p><strong>\u00c9TUDES<br \/><\/strong>Pauline Barraud<br \/>Cl\u00e9mentine de Sorbay<\/p>\n<p><strong>CHANTIER<br \/><\/strong>Fran\u00e7ois Taroni<br \/>Nils Edelmann<br \/>Estelle Bedu<\/p>\n<p>&nbsp;<\/p><\/div>\n\t\t\t<\/div><div id=\"Chantier au 07\/07\/20\" class=\"et_pb_with_border et_pb_module et_pb_image et_pb_image_4 carrousel-cell\">\n\t\t\t\t\n\t\t\t\t\n\t\t\t\t\n\t\t\t\t\n\t\t\t\t<span class=\"et_pb_image_wrap \"><img decoding=\"async\" src=\"https:\/\/anma.fr\/wp-content\/uploads\/2020\/07\/ANMA_PHARE_COSMAO_\u00a911h45-HD-30_WEB-1.jpg\" alt=\"ANMA Lorient Ilot Phare Cosmao\" title=\"ANMA Lorient Ilot Phare Cosmao\" \/><\/span>\n\t\t\t<\/div><div class=\"et_pb_module et_pb_text et_pb_text_4 carrousel-cell  et_pb_text_align_left et_pb_bg_layout_light\">\n\t\t\t\t\n\t\t\t\t\n\t\t\t\t\n\t\t\t\t\n\t\t\t\t<div class=\"et_pb_text_inner\"><h2><strong>FICHE<\/strong> TECHNIQUE<\/h2>\n<p>&nbsp;<\/p>\n<p><strong>STATUT <\/strong>Chantier<\/p>\n<p><strong>MA\u00ceTRISE D&rsquo;OUVRAGE<br \/><\/strong>ADIM D\u00e9veloppement Immobilier Ouest<\/p>\n<p><strong>CALENDRIER <\/strong>2022<\/p>\n<p><strong>SURFACE <\/strong>14 460 m\u00b2 SP<\/p>\n<p><strong>TRAVAUX <\/strong>20 M\u20acHT<\/p>\n<p><strong>PHOTOGRAPHE <\/strong>11h45<\/p>\n<p>&nbsp;<\/p>\n<p><strong>VOIR +<br \/><\/strong><a href=\"https:\/\/anma.fr\/projets\/ilot-mixte-gare-sud\/\">Angers, Ilot Mixte Gare Sud<\/a><br \/><a href=\"https:\/\/anma.fr\/projets\/logements-gare-vallee-2\/\">Amiens, Ilot Mixte Gare la Vall\u00e9e<\/a><br \/><a href=\"https:\/\/anma.fr\/projets\/lorient-odyssee\/\">Lorient, Lorient Odyss\u00e9e<\/a><\/p><\/div>\n\t\t\t<\/div>\n\t\t\t<\/div>\n\t\t\t\t\n\t\t\t\t\n\t\t\t\t\n\t\t\t\t\n\t\t\t<\/div>\n\t\t\t\t\n\t\t\t\t\n\t\t\t<\/div>\t\t<\/div>\n\t<\/div>\n\t","protected":false},"excerpt":{"rendered":"<p>ilot mixte sur la zac quartier de la gare &nbsp; L\u2019op\u00e9ration Phare Cosmao-Parvis s\u2019inscrit dans le cadre du d\u00e9veloppement de la ZAC Quartier de la Gare. Elle consiste en la r\u00e9alisation des deux premiers ilots comprenant 111 logements, un parking priv\u00e9, un parking public, des activit\u00e9s, des bureaux et, en proue sur le nouveau parvis, [&hellip;]<\/p>\n","protected":false},"author":1,"featured_media":254423,"parent":0,"comment_status":"open","ping_status":"closed","template":"","meta":{"_acf_changed":false,"_et_pb_use_builder":"on","_et_pb_old_content":"","_et_gb_content_width":"","footnotes":""},"project_category":[],"project_tag":[],"metier":[18],"ville":[57],"prog":[82],"statut":[39],"annee":[62],"intervention":[80,76],"class_list":["post-251961","project","type-project","status-publish","has-post-thumbnail","hentry"],"acf":{"choix_de_la_couleur_du_titre":"#ffffff"},"_links":{"self":[{"href":"https:\/\/anma.fr\/fr\/wp-json\/wp\/v2\/project\/251961","targetHints":{"allow":["GET"]}}],"collection":[{"href":"https:\/\/anma.fr\/fr\/wp-json\/wp\/v2\/project"}],"about":[{"href":"https:\/\/anma.fr\/fr\/wp-json\/wp\/v2\/types\/project"}],"author":[{"embeddable":true,"href":"https:\/\/anma.fr\/fr\/wp-json\/wp\/v2\/users\/1"}],"replies":[{"embeddable":true,"href":"https:\/\/anma.fr\/fr\/wp-json\/wp\/v2\/comments?post=251961"}],"version-history":[{"count":0,"href":"https:\/\/anma.fr\/fr\/wp-json\/wp\/v2\/project\/251961\/revisions"}],"wp:featuredmedia":[{"embeddable":true,"href":"https:\/\/anma.fr\/fr\/wp-json\/wp\/v2\/media\/254423"}],"wp:attachment":[{"href":"https:\/\/anma.fr\/fr\/wp-json\/wp\/v2\/media?parent=251961"}],"wp:term":[{"taxonomy":"project_category","embeddable":true,"href":"https:\/\/anma.fr\/fr\/wp-json\/wp\/v2\/project_category?post=251961"},{"taxonomy":"project_tag","embeddable":true,"href":"https:\/\/anma.fr\/fr\/wp-json\/wp\/v2\/project_tag?post=251961"},{"taxonomy":"metier","embeddable":true,"href":"https:\/\/anma.fr\/fr\/wp-json\/wp\/v2\/metier?post=251961"},{"taxonomy":"ville","embeddable":true,"href":"https:\/\/anma.fr\/fr\/wp-json\/wp\/v2\/ville?post=251961"},{"taxonomy":"prog","embeddable":true,"href":"https:\/\/anma.fr\/fr\/wp-json\/wp\/v2\/prog?post=251961"},{"taxonomy":"statut","embeddable":true,"href":"https:\/\/anma.fr\/fr\/wp-json\/wp\/v2\/statut?post=251961"},{"taxonomy":"annee","embeddable":true,"href":"https:\/\/anma.fr\/fr\/wp-json\/wp\/v2\/annee?post=251961"},{"taxonomy":"intervention","embeddable":true,"href":"https:\/\/anma.fr\/fr\/wp-json\/wp\/v2\/intervention?post=251961"}],"curies":[{"name":"wp","href":"https:\/\/api.w.org\/{rel}","templated":true}]}}

<div class="et-l et-l--post">
			<div class="et_builder_inner_content et_pb_gutters3"><div id="fiche-projet" class="et_pb_section et_pb_section_0 et_section_regular" >
				
				
				
				
				
				
				<div class="et_pb_row et_pb_row_0">
				<div class="et_pb_column et_pb_column_4_4 et_pb_column_0 carousel-container  et_pb_css_mix_blend_mode_passthrough et-last-child">
				
				
				
				
				<div id="Perspective" class="et_pb_with_border et_pb_module et_pb_image et_pb_image_0 carrousel-cell">
				
				
				
				
				<span class="et_pb_image_wrap "><img decoding="async" src="https://anma.fr/wp-content/uploads/2020/07/ANMA_PHARE_COSMAO_©11h45-BD-8_RET.jpg" alt="Phare Cosmao Lorient" title="ANMA_PHARE_COSMAO_©11h45-BD-8_RET" /></span>
			</div><div class="et_pb_module et_pb_text et_pb_text_0 carrousel-cell  et_pb_text_align_left et_pb_bg_layout_light">
				
				
				
				
				<div class="et_pb_text_inner"><h2><b>ilot mixte </b>sur la zac quartier de la gare</h2>
<p>&nbsp;</p>
<p>L’opération Phare Cosmao-Parvis s’inscrit dans le cadre du développement de la ZAC Quartier de la Gare. Elle consiste en la réalisation des deux premiers ilots comprenant 111 logements, un parking privé, un parking public, des activités, des bureaux et, en proue sur le nouveau parvis, un hôtel restaurant.</p>
<p>Le projet est situé dans un contexte urbain d’immeubles de la reconstruction des années 1950, d&rsquo;immeubles de toitures à double pente en ilots clos et d&rsquo;immeubles d’inspiration moderne à toitures terrasses ou toits jardins en ilots ouverts.</p></div>
			</div><div id="Perspective" class="et_pb_with_border et_pb_module et_pb_image et_pb_image_1 carrousel-cell">
				
				
				
				
				<span class="et_pb_image_wrap "><img decoding="async" src="https://anma.fr/wp-content/uploads/2020/07/ANMA_PHARE_COSMAO_©11h45-HD-22_WEB.jpg" alt="ANMA Lorient Ilot Phare Cosmao" title="ANMA Lorient Ilot Phare Cosmao" /></span>
			</div><div class="et_pb_module et_pb_text et_pb_text_1 carrousel-cell  et_pb_text_align_left et_pb_bg_layout_light">
				
				
				
				
				<div class="et_pb_text_inner"><h2><b>depuis les phares,<br /></b>une vue sur la rade</h2>
<p>&nbsp;</p>
<p>Le nouveau quartier de la gare de Lorient est l&rsquo;occasion de concevoir la ville autrement et de proposer de nouvelles façons d&rsquo;habiter en le dotant d&rsquo;ilots mixtes. Au nord du boulevard Cosmao Dumanoir, ils associent activités au rez-de-chaussée puis logements en locatif social ou en accession sociale et bureaux dans les étages. Les parkings sont intégrés à l&rsquo;arrière des rez-de-chaussée commerciaux, permettant ainsi une réduction du bilan carbone.</p>
<p>Au sein de chaque ilot, un immeuble en R+12 associe bureaux et logements en accession libre. Ces immeubles mixtes proposent une diversité d&rsquo;écriture dans une silhouette urbaine maîtrisée. Pensé comme des phares urbains, ils rappellent le caractère maritime de Lorient en offrant aux nouveaux habitants une vue exceptionnelle sur la rade.</p></div>
			</div><div class="et_pb_with_border et_pb_module et_pb_image et_pb_image_2 carrousel-cell et_pb_section_video et_pb_preload">
				
				<span class="et_pb_section_video_bg   et_pb_allow_player_pause">
					
			<video loop="loop" autoplay playsinline muted >
				<source type="video/mp4" src="https://anma.fr/wp-content/uploads/2020/07/ANMA_LORIENT_1_WEB.mp4" />
				
			</video>
				</span>
				
				
				<span class="et_pb_image_wrap "><img decoding="async" width="1920" height="1080" src="https://anma.fr/wp-content/uploads/2020/09/GABARIT_VIDEO_1920X1080.jpg" alt="VIDEO 1920X1080" title="ANMA Lorient Ilot mixte Phare Cosmao" srcset="https://anma.fr/wp-content/uploads/2020/09/GABARIT_VIDEO_1920X1080.jpg 1920w, https://anma.fr/wp-content/uploads/2020/09/GABARIT_VIDEO_1920X1080-1280x720.jpg 1280w, https://anma.fr/wp-content/uploads/2020/09/GABARIT_VIDEO_1920X1080-980x551.jpg 980w, https://anma.fr/wp-content/uploads/2020/09/GABARIT_VIDEO_1920X1080-480x270.jpg 480w" sizes="(min-width: 0px) and (max-width: 480px) 480px, (min-width: 481px) and (max-width: 980px) 980px, (min-width: 981px) and (max-width: 1280px) 1280px, (min-width: 1281px) 1920px, 100vw" class="wp-image-238595" /></span>
			</div><div class="et_pb_module et_pb_text et_pb_text_2 carrousel-cell  et_pb_text_align_left et_pb_bg_layout_light">
				
				
				
				
				<div class="et_pb_text_inner"><h2><b>logements traversants<br /></b>Double exposés</h2>
<p>&nbsp;</p>
<p>La mixité du programme permet une grande variété de volumes et fait la richesse du projet. Face à cette diversité, un rythme simple est donné aux façades qui harmonisent l’ensemble : la trame est le plus souvent verticale, évitant l’effet de socle, et met en évidence chaque programme. Le matériau choisi est principalement le béton, décliné en différentes teintes et finitions, assurant ainsi une insertion en lien avec l&rsquo;architecture de la reconstruction.</p>
<p>La conception des programmes de logements s’inscrit dans l’esprit général du projet urbain. La qualité de ceux-ci est établie sur le principe d’une configuration traversante ou en double exposition, afin de proposer des logements agréables à vivre, lumineux et aux typologies variées. Ainsi, chaque logement de plus de 50 m² est traversant ou à double orientation : la qualité des vues est privilégiée et enrichit la relation du logement à son environnement immédiat.</p></div>
			</div><div id="Chantier au 07/07/20" class="et_pb_with_border et_pb_module et_pb_image et_pb_image_3 carrousel-cell">
				
				
				
				
				<span class="et_pb_image_wrap "><img decoding="async" src="https://anma.fr/wp-content/uploads/2020/07/ANMA_PHARE_COSMAO_©11h45-HD-11_WEB.jpg" alt="ANMA Lorient Ilot Phare Cosmao" title="ANMA Lorient Ilot Phare Cosmao" /></span>
			</div><div class="et_pb_module et_pb_text et_pb_text_3 carrousel-cell  et_pb_text_align_left et_pb_bg_layout_light">
				
				
				
				
				<div class="et_pb_text_inner"><h2><strong>ÉQUIPES</strong> PROJET</h2>
<p>&nbsp;</p>
<p><strong>MAÎTRISE</strong> <strong>D&rsquo;OEUVRE<br /></strong>Architecte : ANMA<br />Électricité, fluides : I2C<br />Structure : Sertco<br />Acoustique : Peutz &amp; Associés<br />Coordination SPS, bureau de contrôle : Qualiconsult</p>
<p><strong>ESQUISSE<br /></strong>Emmanuel Vinet<br />Hélène Dupont<br />Pauline Barraud<br />Clémentine de Sorbay</p>
<p><strong>ÉTUDES<br /></strong>Pauline Barraud<br />Clémentine de Sorbay</p>
<p><strong>CHANTIER<br /></strong>François Taroni<br />Nils Edelmann<br />Estelle Bedu</p>
<p>&nbsp;</p></div>
			</div><div id="Chantier au 07/07/20" class="et_pb_with_border et_pb_module et_pb_image et_pb_image_4 carrousel-cell">
				
				
				
				
				<span class="et_pb_image_wrap "><img decoding="async" src="https://anma.fr/wp-content/uploads/2020/07/ANMA_PHARE_COSMAO_©11h45-HD-30_WEB-1.jpg" alt="ANMA Lorient Ilot Phare Cosmao" title="ANMA Lorient Ilot Phare Cosmao" /></span>
			</div><div class="et_pb_module et_pb_text et_pb_text_4 carrousel-cell  et_pb_text_align_left et_pb_bg_layout_light">
				
				
				
				
				<div class="et_pb_text_inner"><h2><strong>FICHE</strong> TECHNIQUE</h2>
<p>&nbsp;</p>
<p><strong>STATUT </strong>Chantier</p>
<p><strong>MAÎTRISE D&rsquo;OUVRAGE<br /></strong>ADIM Développement Immobilier Ouest</p>
<p><strong>CALENDRIER </strong>2022</p>
<p><strong>SURFACE </strong>14 460 m² SP</p>
<p><strong>TRAVAUX </strong>20 M€HT</p>
<p><strong>PHOTOGRAPHE </strong>11h45</p>
<p>&nbsp;</p>
<p><strong>VOIR +<br /></strong><a href="https://anma.fr/projets/ilot-mixte-gare-sud/">Angers, Ilot Mixte Gare Sud</a><br /><a href="https://anma.fr/projets/logements-gare-vallee-2/">Amiens, Ilot Mixte Gare la Vallée</a><br /><a href="https://anma.fr/projets/lorient-odyssee/">Lorient, Lorient Odyssée</a></p></div>
			</div>
			</div>
				
				
				
				
			</div>
				
				
			</div>		</div>
	</div>

<p>ilot mixte sur la zac quartier de la gare &nbsp; L’opération Phare Cosmao-Parvis s’inscrit dans le cadre du développement de la ZAC Quartier de la Gare. Elle consiste en la réalisation des deux premiers ilots comprenant 111 logements, un parking privé, un parking public, des activités, des bureaux et, en proue sur le nouveau parvis, [&hellip;]</p>
