{"id":251968,"date":"2020-07-29T08:58:47","date_gmt":"2020-07-29T06:58:47","guid":{"rendered":"https:\/\/encours.studiottt.com\/anma21\/projects\/vallon-regny\/"},"modified":"2024-03-22T17:19:37","modified_gmt":"2024-03-22T16:19:37","slug":"vallon-regny","status":"publish","type":"project","link":"https:\/\/anma.fr\/fr\/projets\/vallon-regny\/","title":{"rendered":"Vallon R\u00e9gny"},"content":{"rendered":"<div class=\"et-l et-l--post\">\n\t\t\t<div class=\"et_builder_inner_content et_pb_gutters3\"><div id=\"fiche-projet\" class=\"et_pb_section et_pb_section_0 et_section_regular\" >\n\t\t\t\t\n\t\t\t\t\n\t\t\t\t\n\t\t\t\t\n\t\t\t\t\n\t\t\t\t\n\t\t\t\t<div class=\"et_pb_row et_pb_row_0\">\n\t\t\t\t<div class=\"et_pb_column et_pb_column_4_4 et_pb_column_0 carousel-container  et_pb_css_mix_blend_mode_passthrough et-last-child\">\n\t\t\t\t\n\t\t\t\t\n\t\t\t\t\n\t\t\t\t\n\t\t\t\t<div class=\"et_pb_with_border et_pb_module et_pb_image et_pb_image_0 carrousel-cell\">\n\t\t\t\t\n\t\t\t\t\n\t\t\t\t\n\t\t\t\t\n\t\t\t\t<span class=\"et_pb_image_wrap \"><img decoding=\"async\" width=\"1433\" height=\"1080\" src=\"https:\/\/anma.fr\/wp-content\/uploads\/2020\/07\/SITE_SITUATION_FINAL.jpg\" alt=\"ANMA Marseille Vallon R\u00e9gny \" title=\"ANMA Marseille Vallon R\u00e9gny \" srcset=\"https:\/\/anma.fr\/wp-content\/uploads\/2020\/07\/SITE_SITUATION_FINAL.jpg 1433w, https:\/\/anma.fr\/wp-content\/uploads\/2020\/07\/SITE_SITUATION_FINAL-1280x965.jpg 1280w, https:\/\/anma.fr\/wp-content\/uploads\/2020\/07\/SITE_SITUATION_FINAL-980x739.jpg 980w, https:\/\/anma.fr\/wp-content\/uploads\/2020\/07\/SITE_SITUATION_FINAL-480x362.jpg 480w\" sizes=\"(min-width: 0px) and (max-width: 480px) 480px, (min-width: 481px) and (max-width: 980px) 980px, (min-width: 981px) and (max-width: 1280px) 1280px, (min-width: 1281px) 1433px, 100vw\" class=\"wp-image-233482\" \/><\/span>\n\t\t\t<\/div><div class=\"et_pb_module et_pb_text et_pb_text_0 carrousel-cell  et_pb_text_align_left et_pb_bg_layout_light\">\n\t\t\t\t\n\t\t\t\t\n\t\t\t\t\n\t\t\t\t\n\t\t\t\t<div class=\"et_pb_text_inner\"><h2><b>un parc <\/b>et de nouveaux espaces publics<\/h2>\n<p>&nbsp;<\/p>\n<p>La\u00a0ZAC Vallon R\u00e9gny est situ\u00e9e au pied des Calanques, entre les quartiers du Redon et du Cabot, et sera travers\u00e9e par le futur Boulevard Urbain Sud (BUS), continuit\u00e9 de la L2.<\/p>\n<p>Plut\u00f4t que de s\u00e9parer le futur quartier, le BUS en est l&rsquo;armature f\u00e9d\u00e9ratrice, par la mise en \u0153uvre de deux espaces publics qui r\u00e9v\u00e8lent les qualit\u00e9s paysag\u00e8res du site et ses c\u00f4nes de vues, un parc inscrit dans le vallon et une place publique en surplomb, par une polarit\u00e9 commerciale ainsi qu&rsquo;un un adressage des b\u00e2timents sur le boulevard.<\/p><\/div>\n\t\t\t<\/div><div class=\"et_pb_with_border et_pb_module et_pb_image et_pb_image_1 carrousel-cell\">\n\t\t\t\t\n\t\t\t\t\n\t\t\t\t\n\t\t\t\t\n\t\t\t\t<a href=\"https:\/\/anma.fr\/wp-content\/uploads\/2020\/07\/MZV-ORTHOPHOTO-A1_e2000_\u00c9PANNELAGE.jpg\" class=\"et_pb_lightbox_image\" title=\"ANMA Marseille Vallon R\u00e9gny \"><span class=\"et_pb_image_wrap \"><img decoding=\"async\" src=\"https:\/\/anma.fr\/wp-content\/uploads\/2020\/07\/MZV-ORTHOPHOTO-A1_e2000_\u00c9PANNELAGE.jpg\" alt=\"ANMA Marseille Vallon R\u00e9gny \" title=\"ANMA Marseille Vallon R\u00e9gny \" \/><\/span><\/a>\n\t\t\t<\/div><div class=\"et_pb_module et_pb_text et_pb_text_1 carrousel-cell  et_pb_text_align_left et_pb_bg_layout_light\">\n\t\t\t\t\n\t\t\t\t\n\t\t\t\t\n\t\t\t\t\n\t\t\t\t<div class=\"et_pb_text_inner\"><h2><b>boucle verte, placettes, <\/b>et b\u00e2tis gradin\u00e9s<\/h2>\n<p>Une boucle verte, pi\u00e9tonne et plant\u00e9e, traverse le quartier et relie les espaces verts remarquables de part et d&rsquo;autre de la ZAC, tels que les parcs de la Maison Blanche et de l&rsquo;H\u00f4pital Salvator, le parc du Vallon R\u00e9gny, mais aussi l&rsquo;entr\u00e9e de la Bastide la Maurelle et les \u00e9quipements scolaires.<\/p>\n<p>Les placettes existantes sont mises en valeur, et les traverses, armature caract\u00e9ristique du quartier et de son histoire, sont valoris\u00e9es et r\u00e9interpr\u00e9t\u00e9es, jusqu&rsquo;aux Calanques.<\/p>\n<p>Les b\u00e2timents \u00e0 l&rsquo;alignement structurent l&rsquo;espace public, le rythment par une alternance de points hauts et points bas, et s&rsquo;inscrivent dans le paysage par de larges gradins offerts en terrasses pour les logements.<\/p><\/div>\n\t\t\t<\/div><div class=\"et_pb_with_border et_pb_module et_pb_image et_pb_image_2 carrousel-cell\">\n\t\t\t\t\n\t\t\t\t\n\t\t\t\t\n\t\t\t\t\n\t\t\t\t<span class=\"et_pb_image_wrap \"><img decoding=\"async\" src=\"https:\/\/anma.fr\/wp-content\/uploads\/2020\/07\/Sch\u00e9ma.jpg\" alt=\"ANMA Marseille Vallon R\u00e9gny \" title=\"ANMA Marseille Vallon R\u00e9gny \" \/><\/span>\n\t\t\t<\/div><div class=\"et_pb_with_border et_pb_module et_pb_image et_pb_image_3 carrousel-cell\">\n\t\t\t\t\n\t\t\t\t\n\t\t\t\t\n\t\t\t\t\n\t\t\t\t<span class=\"et_pb_image_wrap \"><img decoding=\"async\" src=\"https:\/\/anma.fr\/wp-content\/uploads\/2020\/07\/Sch\u00e9ma2.jpg\" alt=\"ANMA Marseille Vallon R\u00e9gny \" title=\"ANMA Marseille Vallon R\u00e9gny \" \/><\/span>\n\t\t\t<\/div><div class=\"et_pb_module et_pb_text et_pb_text_2 carrousel-cell  et_pb_text_align_left et_pb_bg_layout_light\">\n\t\t\t\t\n\t\t\t\t\n\t\t\t\t\n\t\t\t\t\n\t\t\t\t<div class=\"et_pb_text_inner\"><h2><strong>\u00c9QUIPES<\/strong> PROJET<\/h2>\n<p>&nbsp;<\/p>\n<p><strong>MA\u00ceTRISE<\/strong> <strong>D&rsquo;OEUVRE<br \/><\/strong>Urbaniste : ANMA<br \/>Architecte urbaniste associ\u00e9 : Michel Vincent Sanchis<br \/>Environnement : Socotec<br \/>Paysage : Florence Mercier<br \/>Communication, animation et programmation urbaine : Ville Ouverte<br \/>Ing\u00e9nierie smart grid &#8211; smart city : Embix<\/p>\n<p><strong>PR\u00c9-OP\u00c9RATIONNEL<br \/><\/strong>M\u00e9lusine Hucault<br \/>Clothilde Rajca<\/p><\/div>\n\t\t\t<\/div><div class=\"et_pb_with_border et_pb_module et_pb_image et_pb_image_4 carrousel-cell\">\n\t\t\t\t\n\t\t\t\t\n\t\t\t\t\n\t\t\t\t\n\t\t\t\t<span class=\"et_pb_image_wrap \"><img decoding=\"async\" width=\"1440\" height=\"1080\" src=\"https:\/\/anma.fr\/wp-content\/uploads\/2020\/07\/MVZ-20160210_H-70.jpg\" alt=\"ANMA Marseille Vallon R\u00e9gny \" title=\"ANMA Marseille Vallon R\u00e9gny \" srcset=\"https:\/\/anma.fr\/wp-content\/uploads\/2020\/07\/MVZ-20160210_H-70.jpg 1440w, https:\/\/anma.fr\/wp-content\/uploads\/2020\/07\/MVZ-20160210_H-70-1280x960.jpg 1280w, https:\/\/anma.fr\/wp-content\/uploads\/2020\/07\/MVZ-20160210_H-70-980x735.jpg 980w, https:\/\/anma.fr\/wp-content\/uploads\/2020\/07\/MVZ-20160210_H-70-480x360.jpg 480w\" sizes=\"(min-width: 0px) and (max-width: 480px) 480px, (min-width: 481px) and (max-width: 980px) 980px, (min-width: 981px) and (max-width: 1280px) 1280px, (min-width: 1281px) 1440px, 100vw\" class=\"wp-image-233484\" \/><\/span>\n\t\t\t<\/div><div class=\"et_pb_with_border et_pb_module et_pb_image et_pb_image_5 carrousel-cell\">\n\t\t\t\t\n\t\t\t\t\n\t\t\t\t\n\t\t\t\t\n\t\t\t\t<span class=\"et_pb_image_wrap \"><img decoding=\"async\" width=\"1440\" height=\"1080\" src=\"https:\/\/anma.fr\/wp-content\/uploads\/2020\/07\/IMG_9823.jpg\" alt=\"ANMA Marseille Vallon R\u00e9gny \" title=\"ANMA Marseille Vallon R\u00e9gny \" srcset=\"https:\/\/anma.fr\/wp-content\/uploads\/2020\/07\/IMG_9823.jpg 1440w, https:\/\/anma.fr\/wp-content\/uploads\/2020\/07\/IMG_9823-1280x960.jpg 1280w, https:\/\/anma.fr\/wp-content\/uploads\/2020\/07\/IMG_9823-980x735.jpg 980w, https:\/\/anma.fr\/wp-content\/uploads\/2020\/07\/IMG_9823-480x360.jpg 480w\" sizes=\"(min-width: 0px) and (max-width: 480px) 480px, (min-width: 481px) and (max-width: 980px) 980px, (min-width: 981px) and (max-width: 1280px) 1280px, (min-width: 1281px) 1440px, 100vw\" class=\"wp-image-233483\" \/><\/span>\n\t\t\t<\/div><div class=\"et_pb_module et_pb_text et_pb_text_3 carrousel-cell  et_pb_text_align_left et_pb_bg_layout_light\">\n\t\t\t\t\n\t\t\t\t\n\t\t\t\t\n\t\t\t\t\n\t\t\t\t<div class=\"et_pb_text_inner\"><h2><strong>FICHE<\/strong> TECHNIQUE<\/h2>\n<p>&nbsp;<\/p>\n<p><strong>STATUT <\/strong>Phase pr\u00e9-op\u00e9rationnelle<\/p>\n<p><strong>MA\u00ceTRISE D&rsquo;OUVRAGE <\/strong>Soleam<\/p>\n<p><strong>CALENDRIER <\/strong>2027<\/p>\n<p><strong>SURFACE Site <\/strong>34 ha &#8211; 96 600 m\u00b2 SP<\/p>\n<p>&nbsp;<\/p>\n<p><strong>VOIR +<br \/><\/strong><a href=\"https:\/\/anma.fr\/projets\/bassins-a-flot\/\">Bordeaux, Bassins \u00e0 Flot<\/a><br \/><a href=\"https:\/\/anma.fr\/projets\/marianne-republique\/\">Montpellier, Marianne R\u00e9publique<\/a><br \/><a href=\"https:\/\/anma.fr\/projets\/gratte-ciel-nord\/\">Villeurbanne, Gratte-Ciel Nord<\/a><\/p><\/div>\n\t\t\t<\/div>\n\t\t\t<\/div>\n\t\t\t\t\n\t\t\t\t\n\t\t\t\t\n\t\t\t\t\n\t\t\t<\/div>\n\t\t\t\t\n\t\t\t\t\n\t\t\t<\/div>\t\t<\/div>\n\t<\/div>\n\t","protected":false},"excerpt":{"rendered":"<p>un parc et de nouveaux espaces publics &nbsp; La\u00a0ZAC Vallon R\u00e9gny est situ\u00e9e au pied des Calanques, entre les quartiers du Redon et du Cabot, et sera travers\u00e9e par le futur Boulevard Urbain Sud (BUS), continuit\u00e9 de la L2. Plut\u00f4t que de s\u00e9parer le futur quartier, le BUS en est l&rsquo;armature f\u00e9d\u00e9ratrice, par la mise [&hellip;]<\/p>\n","protected":false},"author":1,"featured_media":233481,"parent":0,"comment_status":"open","ping_status":"closed","template":"","meta":{"_acf_changed":false,"_et_pb_use_builder":"on","_et_pb_old_content":"","_et_gb_content_width":"","footnotes":""},"project_category":[],"project_tag":[],"metier":[72,19],"ville":[42],"prog":[82],"statut":[37],"annee":[366],"intervention":[622,78],"class_list":["post-251968","project","type-project","status-publish","has-post-thumbnail","hentry"],"acf":{"choix_de_la_couleur_du_titre":"#000000"},"_links":{"self":[{"href":"https:\/\/anma.fr\/fr\/wp-json\/wp\/v2\/project\/251968","targetHints":{"allow":["GET"]}}],"collection":[{"href":"https:\/\/anma.fr\/fr\/wp-json\/wp\/v2\/project"}],"about":[{"href":"https:\/\/anma.fr\/fr\/wp-json\/wp\/v2\/types\/project"}],"author":[{"embeddable":true,"href":"https:\/\/anma.fr\/fr\/wp-json\/wp\/v2\/users\/1"}],"replies":[{"embeddable":true,"href":"https:\/\/anma.fr\/fr\/wp-json\/wp\/v2\/comments?post=251968"}],"version-history":[{"count":0,"href":"https:\/\/anma.fr\/fr\/wp-json\/wp\/v2\/project\/251968\/revisions"}],"wp:featuredmedia":[{"embeddable":true,"href":"https:\/\/anma.fr\/fr\/wp-json\/wp\/v2\/media\/233481"}],"wp:attachment":[{"href":"https:\/\/anma.fr\/fr\/wp-json\/wp\/v2\/media?parent=251968"}],"wp:term":[{"taxonomy":"project_category","embeddable":true,"href":"https:\/\/anma.fr\/fr\/wp-json\/wp\/v2\/project_category?post=251968"},{"taxonomy":"project_tag","embeddable":true,"href":"https:\/\/anma.fr\/fr\/wp-json\/wp\/v2\/project_tag?post=251968"},{"taxonomy":"metier","embeddable":true,"href":"https:\/\/anma.fr\/fr\/wp-json\/wp\/v2\/metier?post=251968"},{"taxonomy":"ville","embeddable":true,"href":"https:\/\/anma.fr\/fr\/wp-json\/wp\/v2\/ville?post=251968"},{"taxonomy":"prog","embeddable":true,"href":"https:\/\/anma.fr\/fr\/wp-json\/wp\/v2\/prog?post=251968"},{"taxonomy":"statut","embeddable":true,"href":"https:\/\/anma.fr\/fr\/wp-json\/wp\/v2\/statut?post=251968"},{"taxonomy":"annee","embeddable":true,"href":"https:\/\/anma.fr\/fr\/wp-json\/wp\/v2\/annee?post=251968"},{"taxonomy":"intervention","embeddable":true,"href":"https:\/\/anma.fr\/fr\/wp-json\/wp\/v2\/intervention?post=251968"}],"curies":[{"name":"wp","href":"https:\/\/api.w.org\/{rel}","templated":true}]}}

Vallon Régny

<div class="et-l et-l--post">
			<div class="et_builder_inner_content et_pb_gutters3"><div id="fiche-projet" class="et_pb_section et_pb_section_0 et_section_regular" >
				
				
				
				
				
				
				<div class="et_pb_row et_pb_row_0">
				<div class="et_pb_column et_pb_column_4_4 et_pb_column_0 carousel-container  et_pb_css_mix_blend_mode_passthrough et-last-child">
				
				
				
				
				<div class="et_pb_with_border et_pb_module et_pb_image et_pb_image_0 carrousel-cell">
				
				
				
				
				<span class="et_pb_image_wrap "><img decoding="async" width="1433" height="1080" src="https://anma.fr/wp-content/uploads/2020/07/SITE_SITUATION_FINAL.jpg" alt="ANMA Marseille Vallon Régny " title="ANMA Marseille Vallon Régny " srcset="https://anma.fr/wp-content/uploads/2020/07/SITE_SITUATION_FINAL.jpg 1433w, https://anma.fr/wp-content/uploads/2020/07/SITE_SITUATION_FINAL-1280x965.jpg 1280w, https://anma.fr/wp-content/uploads/2020/07/SITE_SITUATION_FINAL-980x739.jpg 980w, https://anma.fr/wp-content/uploads/2020/07/SITE_SITUATION_FINAL-480x362.jpg 480w" sizes="(min-width: 0px) and (max-width: 480px) 480px, (min-width: 481px) and (max-width: 980px) 980px, (min-width: 981px) and (max-width: 1280px) 1280px, (min-width: 1281px) 1433px, 100vw" class="wp-image-233482" /></span>
			</div><div class="et_pb_module et_pb_text et_pb_text_0 carrousel-cell  et_pb_text_align_left et_pb_bg_layout_light">
				
				
				
				
				<div class="et_pb_text_inner"><h2><b>un parc </b>et de nouveaux espaces publics</h2>
<p>&nbsp;</p>
<p>La ZAC Vallon Régny est située au pied des Calanques, entre les quartiers du Redon et du Cabot, et sera traversée par le futur Boulevard Urbain Sud (BUS), continuité de la L2.</p>
<p>Plutôt que de séparer le futur quartier, le BUS en est l&rsquo;armature fédératrice, par la mise en œuvre de deux espaces publics qui révèlent les qualités paysagères du site et ses cônes de vues, un parc inscrit dans le vallon et une place publique en surplomb, par une polarité commerciale ainsi qu&rsquo;un un adressage des bâtiments sur le boulevard.</p></div>
			</div><div class="et_pb_with_border et_pb_module et_pb_image et_pb_image_1 carrousel-cell">
				
				
				
				
				<a href="https://anma.fr/wp-content/uploads/2020/07/MZV-ORTHOPHOTO-A1_e2000_ÉPANNELAGE.jpg" class="et_pb_lightbox_image" title="ANMA Marseille Vallon Régny "><span class="et_pb_image_wrap "><img decoding="async" src="https://anma.fr/wp-content/uploads/2020/07/MZV-ORTHOPHOTO-A1_e2000_ÉPANNELAGE.jpg" alt="ANMA Marseille Vallon Régny " title="ANMA Marseille Vallon Régny " /></span></a>
			</div><div class="et_pb_module et_pb_text et_pb_text_1 carrousel-cell  et_pb_text_align_left et_pb_bg_layout_light">
				
				
				
				
				<div class="et_pb_text_inner"><h2><b>boucle verte, placettes, </b>et bâtis gradinés</h2>
<p>Une boucle verte, piétonne et plantée, traverse le quartier et relie les espaces verts remarquables de part et d&rsquo;autre de la ZAC, tels que les parcs de la Maison Blanche et de l&rsquo;Hôpital Salvator, le parc du Vallon Régny, mais aussi l&rsquo;entrée de la Bastide la Maurelle et les équipements scolaires.</p>
<p>Les placettes existantes sont mises en valeur, et les traverses, armature caractéristique du quartier et de son histoire, sont valorisées et réinterprétées, jusqu&rsquo;aux Calanques.</p>
<p>Les bâtiments à l&rsquo;alignement structurent l&rsquo;espace public, le rythment par une alternance de points hauts et points bas, et s&rsquo;inscrivent dans le paysage par de larges gradins offerts en terrasses pour les logements.</p></div>
			</div><div class="et_pb_with_border et_pb_module et_pb_image et_pb_image_2 carrousel-cell">
				
				
				
				
				<span class="et_pb_image_wrap "><img decoding="async" src="https://anma.fr/wp-content/uploads/2020/07/Schéma.jpg" alt="ANMA Marseille Vallon Régny " title="ANMA Marseille Vallon Régny " /></span>
			</div><div class="et_pb_with_border et_pb_module et_pb_image et_pb_image_3 carrousel-cell">
				
				
				
				
				<span class="et_pb_image_wrap "><img decoding="async" src="https://anma.fr/wp-content/uploads/2020/07/Schéma2.jpg" alt="ANMA Marseille Vallon Régny " title="ANMA Marseille Vallon Régny " /></span>
			</div><div class="et_pb_module et_pb_text et_pb_text_2 carrousel-cell  et_pb_text_align_left et_pb_bg_layout_light">
				
				
				
				
				<div class="et_pb_text_inner"><h2><strong>ÉQUIPES</strong> PROJET</h2>
<p>&nbsp;</p>
<p><strong>MAÎTRISE</strong> <strong>D&rsquo;OEUVRE<br /></strong>Urbaniste : ANMA<br />Architecte urbaniste associé : Michel Vincent Sanchis<br />Environnement : Socotec<br />Paysage : Florence Mercier<br />Communication, animation et programmation urbaine : Ville Ouverte<br />Ingénierie smart grid &#8211; smart city : Embix</p>
<p><strong>PRÉ-OPÉRATIONNEL<br /></strong>Mélusine Hucault<br />Clothilde Rajca</p></div>
			</div><div class="et_pb_with_border et_pb_module et_pb_image et_pb_image_4 carrousel-cell">
				
				
				
				
				<span class="et_pb_image_wrap "><img decoding="async" width="1440" height="1080" src="https://anma.fr/wp-content/uploads/2020/07/MVZ-20160210_H-70.jpg" alt="ANMA Marseille Vallon Régny " title="ANMA Marseille Vallon Régny " srcset="https://anma.fr/wp-content/uploads/2020/07/MVZ-20160210_H-70.jpg 1440w, https://anma.fr/wp-content/uploads/2020/07/MVZ-20160210_H-70-1280x960.jpg 1280w, https://anma.fr/wp-content/uploads/2020/07/MVZ-20160210_H-70-980x735.jpg 980w, https://anma.fr/wp-content/uploads/2020/07/MVZ-20160210_H-70-480x360.jpg 480w" sizes="(min-width: 0px) and (max-width: 480px) 480px, (min-width: 481px) and (max-width: 980px) 980px, (min-width: 981px) and (max-width: 1280px) 1280px, (min-width: 1281px) 1440px, 100vw" class="wp-image-233484" /></span>
			</div><div class="et_pb_with_border et_pb_module et_pb_image et_pb_image_5 carrousel-cell">
				
				
				
				
				<span class="et_pb_image_wrap "><img decoding="async" width="1440" height="1080" src="https://anma.fr/wp-content/uploads/2020/07/IMG_9823.jpg" alt="ANMA Marseille Vallon Régny " title="ANMA Marseille Vallon Régny " srcset="https://anma.fr/wp-content/uploads/2020/07/IMG_9823.jpg 1440w, https://anma.fr/wp-content/uploads/2020/07/IMG_9823-1280x960.jpg 1280w, https://anma.fr/wp-content/uploads/2020/07/IMG_9823-980x735.jpg 980w, https://anma.fr/wp-content/uploads/2020/07/IMG_9823-480x360.jpg 480w" sizes="(min-width: 0px) and (max-width: 480px) 480px, (min-width: 481px) and (max-width: 980px) 980px, (min-width: 981px) and (max-width: 1280px) 1280px, (min-width: 1281px) 1440px, 100vw" class="wp-image-233483" /></span>
			</div><div class="et_pb_module et_pb_text et_pb_text_3 carrousel-cell  et_pb_text_align_left et_pb_bg_layout_light">
				
				
				
				
				<div class="et_pb_text_inner"><h2><strong>FICHE</strong> TECHNIQUE</h2>
<p>&nbsp;</p>
<p><strong>STATUT </strong>Phase pré-opérationnelle</p>
<p><strong>MAÎTRISE D&rsquo;OUVRAGE </strong>Soleam</p>
<p><strong>CALENDRIER </strong>2027</p>
<p><strong>SURFACE Site </strong>34 ha &#8211; 96 600 m² SP</p>
<p>&nbsp;</p>
<p><strong>VOIR +<br /></strong><a href="https://anma.fr/projets/bassins-a-flot/">Bordeaux, Bassins à Flot</a><br /><a href="https://anma.fr/projets/marianne-republique/">Montpellier, Marianne République</a><br /><a href="https://anma.fr/projets/gratte-ciel-nord/">Villeurbanne, Gratte-Ciel Nord</a></p></div>
			</div>
			</div>
				
				
				
				
			</div>
				
				
			</div>		</div>
	</div>

<p>un parc et de nouveaux espaces publics &nbsp; La ZAC Vallon Régny est située au pied des Calanques, entre les quartiers du Redon et du Cabot, et sera traversée par le futur Boulevard Urbain Sud (BUS), continuité de la L2. Plutôt que de séparer le futur quartier, le BUS en est l&rsquo;armature fédératrice, par la mise [&hellip;]</p>
