{"id":251996,"date":"2020-09-09T09:20:19","date_gmt":"2020-09-09T07:20:19","guid":{"rendered":"https:\/\/encours.studiottt.com\/anma21\/projects\/argent-logement-autrement\/"},"modified":"2022-04-03T08:57:32","modified_gmt":"2022-04-03T06:57:32","slug":"argent-logement-autrement","status":"publish","type":"project","link":"https:\/\/anma.fr\/fr\/projets\/argent-logement-autrement\/","title":{"rendered":"Argent Logement Autrement"},"content":{"rendered":"<div class=\"et-l et-l--post\">\n\t\t\t<div class=\"et_builder_inner_content et_pb_gutters3\"><div id=\"fiche-projet\" class=\"et_pb_section et_pb_section_0 et_section_regular\" >\n\t\t\t\t\n\t\t\t\t\n\t\t\t\t\n\t\t\t\t\n\t\t\t\t\n\t\t\t\t\n\t\t\t\t<div class=\"et_pb_row et_pb_row_0\">\n\t\t\t\t<div class=\"et_pb_column et_pb_column_4_4 et_pb_column_0 carousel-container  et_pb_css_mix_blend_mode_passthrough et-last-child\">\n\t\t\t\t\n\t\t\t\t\n\t\t\t\t\n\t\t\t\t\n\t\t\t\t<div class=\"et_pb_with_border et_pb_module et_pb_image et_pb_image_0 carrousel-cell\">\n\t\t\t\t\n\t\t\t\t\n\t\t\t\t\n\t\t\t\t\n\t\t\t\t<span class=\"et_pb_image_wrap \"><img decoding=\"async\" width=\"1280\" height=\"960\" src=\"https:\/\/anma.fr\/wp-content\/uploads\/2020\/09\/photo-5.jpg\" alt=\"ANMA Argent Logement Autrement\" title=\"ANMA Argent Logement Autrement\" srcset=\"https:\/\/anma.fr\/wp-content\/uploads\/2020\/09\/photo-5.jpg 1280w, https:\/\/anma.fr\/wp-content\/uploads\/2020\/09\/photo-5-980x735.jpg 980w, https:\/\/anma.fr\/wp-content\/uploads\/2020\/09\/photo-5-480x360.jpg 480w\" sizes=\"(min-width: 0px) and (max-width: 480px) 480px, (min-width: 481px) and (max-width: 980px) 980px, (min-width: 981px) 1280px, 100vw\" class=\"wp-image-236677\" \/><\/span>\n\t\t\t<\/div><div class=\"et_pb_module et_pb_text et_pb_text_0 carrousel-cell  et_pb_text_align_left et_pb_bg_layout_light\">\n\t\t\t\t\n\t\t\t\t\n\t\t\t\t\n\t\t\t\t\n\t\t\t\t<div class=\"et_pb_text_inner\"><h2><b>les m\u00e9canismes<\/b> de l&rsquo;accession priv\u00e9e<\/h2>\n<p>&nbsp;<\/p>\n<p>Cette exposition est consacr\u00e9e \u00e0 l\u2019\u00e9tude de l\u2019accession \u00e0 la propri\u00e9t\u00e9 dans le secteur priv\u00e9, et ne concerne donc pas le logement social ni la maison individuelle d\u00e9j\u00e0 largement \u00e9tudi\u00e9s. Elle tente de r\u00e9pondre \u00e0 ces deux questions\u00a0:<\/p>\n<ul>\n<li>O\u00f9 va notre argent lorsqu\u2019on ach\u00e8te son logement\u00a0?<\/li>\n<li>Comment acqu\u00e9rir un logement, plus grand et moins cher\u00a0?<\/li>\n<\/ul>\n<p>&nbsp;<\/p><\/div>\n\t\t\t<\/div><div class=\"et_pb_with_border et_pb_module et_pb_image et_pb_image_1 carrousel-cell\">\n\t\t\t\t\n\t\t\t\t\n\t\t\t\t\n\t\t\t\t\n\t\t\t\t<span class=\"et_pb_image_wrap \"><img decoding=\"async\" width=\"1280\" height=\"960\" src=\"https:\/\/anma.fr\/wp-content\/uploads\/2020\/09\/photo-4.jpg\" alt=\"ANMA Argent Logement Autrement\" title=\"ANMA Argent Logement Autrement\" srcset=\"https:\/\/anma.fr\/wp-content\/uploads\/2020\/09\/photo-4.jpg 1280w, https:\/\/anma.fr\/wp-content\/uploads\/2020\/09\/photo-4-980x735.jpg 980w, https:\/\/anma.fr\/wp-content\/uploads\/2020\/09\/photo-4-480x360.jpg 480w\" sizes=\"(min-width: 0px) and (max-width: 480px) 480px, (min-width: 481px) and (max-width: 980px) 980px, (min-width: 981px) 1280px, 100vw\" class=\"wp-image-236676\" \/><\/span>\n\t\t\t<\/div><div class=\"et_pb_module et_pb_text et_pb_text_1 carrousel-cell  et_pb_text_align_left et_pb_bg_layout_light\">\n\t\t\t\t\n\t\t\t\t\n\t\t\t\t\n\t\t\t\t\n\t\t\t\t<div class=\"et_pb_text_inner\"><h2><b>le logement<br \/><\/b>difficilement accessible<\/h2>\n<p>&nbsp;<\/p>\n<p>Acheter son logement est le souhait l\u00e9gitime de la plupart des urbains que nous sommes. Payer un loyer, souvent tr\u00e8s cher et \u00e0 fond perdu, devient incoh\u00e9rent pour l\u2019avenir quand on d\u00e9cide de s\u2019installer durablement dans une ville. Mais voil\u00e0, les prix de l\u2019immobilier se sont envol\u00e9s ces dix derni\u00e8res ann\u00e9es et il est aujourd\u2019hui presque impossible d\u2019acheter un logement proche d\u2019une centralit\u00e9.<\/p>\n<p>Les appartements neufs propos\u00e9s dans les nouvelles op\u00e9rations urbaines, sont petits et tr\u00e8s on\u00e9reux. Malgr\u00e9 toutes les aides de l\u2019\u00e9tat destin\u00e9es aux primo-acc\u00e9dants, ces logements restent encore difficilement accessibles.<\/p>\n<p>&nbsp;<\/p><\/div>\n\t\t\t<\/div><div class=\"et_pb_with_border et_pb_module et_pb_image et_pb_image_2 carrousel-cell\">\n\t\t\t\t\n\t\t\t\t\n\t\t\t\t\n\t\t\t\t\n\t\t\t\t<span class=\"et_pb_image_wrap \"><img decoding=\"async\" width=\"2560\" height=\"1521\" src=\"https:\/\/anma.fr\/wp-content\/uploads\/2020\/09\/1400604-CIMAISES_FINALES-BLANC14-scaled.jpg\" alt=\"ANMA Argent Logement Autrement\" title=\"ANMA Argent Logement Autrement\" srcset=\"https:\/\/anma.fr\/wp-content\/uploads\/2020\/09\/1400604-CIMAISES_FINALES-BLANC14-scaled.jpg 2560w, https:\/\/anma.fr\/wp-content\/uploads\/2020\/09\/1400604-CIMAISES_FINALES-BLANC14-750x446.jpg 750w, https:\/\/anma.fr\/wp-content\/uploads\/2020\/09\/1400604-CIMAISES_FINALES-BLANC14-1500x891.jpg 1500w, https:\/\/anma.fr\/wp-content\/uploads\/2020\/09\/1400604-CIMAISES_FINALES-BLANC14-768x456.jpg 768w, https:\/\/anma.fr\/wp-content\/uploads\/2020\/09\/1400604-CIMAISES_FINALES-BLANC14-1536x912.jpg 1536w, https:\/\/anma.fr\/wp-content\/uploads\/2020\/09\/1400604-CIMAISES_FINALES-BLANC14-2048x1217.jpg 2048w, https:\/\/anma.fr\/wp-content\/uploads\/2020\/09\/1400604-CIMAISES_FINALES-BLANC14-1080x642.jpg 1080w\" sizes=\"(max-width: 2560px) 100vw, 2560px\" class=\"wp-image-236678\" \/><\/span>\n\t\t\t<\/div><div class=\"et_pb_module et_pb_text et_pb_text_2 carrousel-cell  et_pb_text_align_left et_pb_bg_layout_light\">\n\t\t\t\t\n\t\t\t\t\n\t\t\t\t\n\t\t\t\t\n\t\t\t\t<div class=\"et_pb_text_inner\"><h2><b>du constat historique\u00a0<br \/><\/b>aux alternatives<\/h2>\n<p>&nbsp;<\/p>\n<p>Que se passe-t-il\u00a0? Pourquoi les logements sont-ils si chers et si petits en France, alors que dans d\u2019autres pays europ\u00e9ens ils restent abordables et de grandes tailles\u00a0? O\u00f9 va notre argent lorsque nous achetons notre logement et comment faire pour acheter plus grand et moins cher\u00a0?\u00a0 Telles sont les questions auxquelles essaie de r\u00e9pondre cette exposition programm\u00e9e par la fondation ANMA-F.\u00a0<\/p>\n<p>Nous avons dress\u00e9 un \u00e9tat des lieux concis au vu de l\u2019Histoire et du march\u00e9 de l\u2019immobilier actuel, puis, d\u00e9gag\u00e9 des \u00e9conomies possibles en modifiant les diff\u00e9rents param\u00e8tres du prix du logement.\u00a0 Des solutions alternatives apparaissent alors, porteuses de nouvelles perspectives, une sorte d\u2019\u00abanti-crise\u00a0\u00bb. L\u2019aventure de la ville allemande de T\u00fcbingen nous a sembl\u00e9 exemplaire pour illustrer cette dynamique.<\/p>\n<p>En compl\u00e9ment de l\u2019exposition nous proposons une traduction ludique de ce qui se joue lors de l\u2019achat d\u2019un logement, pour inviter \u00e0 cr\u00e9er de nouvelles r\u00e8gles du Jeu.<\/p>\n<p>&nbsp;<\/p><\/div>\n\t\t\t<\/div><div class=\"et_pb_module et_pb_text et_pb_text_3 carrousel-cell  et_pb_text_align_left et_pb_bg_layout_light\">\n\t\t\t\t\n\t\t\t\t\n\t\t\t\t\n\t\t\t\t\n\t\t\t\t<div class=\"et_pb_text_inner\"><h2><strong>\u00c9QUIPES<\/strong> PROJET<\/h2>\n<p>&nbsp;<\/p>\n<p><b>DIRECTION G\u00c9N\u00c9RALE<br \/><\/b>Fondation d&rsquo;Entreprise ANMA<\/p>\n<p><b>COMMISSARIAT<br \/><\/b>Atelier MAE : Nicolas Michelin, Suzie Delhay<br \/>Agence A-Typic : Ingrid Avot<\/p>\n<p><strong>SC\u00c9NOGRAPHIE<br \/><\/strong>David Cote<br \/>Beno\u00eet Reuze<br \/>Lina Jaidi<\/p>\n<p><strong>MAQUETTE<br \/><\/strong>Faustine Robert<br \/>Philippine d&rsquo;Avout<br \/>Jehanne Bouda<br \/>Marina Tranquart<\/p>\n<p><strong>GRAPHISME<br \/><\/strong>David Cote<br \/>Beno\u00eet Reuze<\/p><\/div>\n\t\t\t<\/div><div class=\"et_pb_module et_pb_text et_pb_text_4 carrousel-cell  et_pb_text_align_left et_pb_bg_layout_light\">\n\t\t\t\t\n\t\t\t\t\n\t\t\t\t\n\t\t\t\t\n\t\t\t\t<div class=\"et_pb_text_inner\"><h2><strong>PARTENAIRES<\/strong><\/h2>\n<p>&nbsp;<\/p>\n<p><strong>FILMS <\/strong>Images de Ville<\/p>\n<p><strong>LIBRAIRIE <\/strong>Carriole \u00e0 Livre M\u00b2<\/p>\n<p><strong>RECHERCHE DOCUMENTAIRE <\/strong>Atelier MAE<\/p>\n<p><strong>COPYRIGHT ICONOGRAPHIE<\/strong> ANMA\/F<\/p>\n<p><strong>REMERCIEMENTS<br \/><\/strong>Eric Lapierre<br \/>Ville de T\u00fcbingen<br \/>Juliette Delhay<br \/>Anne-Laure d&rsquo;Artemare<br \/>\u00c9lise Petit<br \/>Jean-Claude Proust<br \/>Luc Joul\u00e9<br \/>Bruno Jourdan<br \/>Samuel Hoppe<br \/>Martin Murat<br \/><strong><br \/><\/strong><\/p><\/div>\n\t\t\t<\/div>\n\t\t\t<\/div>\n\t\t\t\t\n\t\t\t\t\n\t\t\t\t\n\t\t\t\t\n\t\t\t<\/div>\n\t\t\t\t\n\t\t\t\t\n\t\t\t<\/div>\t\t<\/div>\n\t<\/div>\n\t","protected":false},"excerpt":{"rendered":"<p>les m\u00e9canismes de l&rsquo;accession priv\u00e9e &nbsp; Cette exposition est consacr\u00e9e \u00e0 l\u2019\u00e9tude de l\u2019accession \u00e0 la propri\u00e9t\u00e9 dans le secteur priv\u00e9, et ne concerne donc pas le logement social ni la maison individuelle d\u00e9j\u00e0 largement \u00e9tudi\u00e9s. Elle tente de r\u00e9pondre \u00e0 ces deux questions\u00a0: O\u00f9 va notre argent lorsqu\u2019on ach\u00e8te son logement\u00a0? Comment acqu\u00e9rir un [&hellip;]<\/p>\n","protected":false},"author":1,"featured_media":236672,"parent":0,"comment_status":"closed","ping_status":"closed","template":"","meta":{"_acf_changed":false,"_et_pb_use_builder":"on","_et_pb_old_content":"","_et_gb_content_width":"","footnotes":""},"project_category":[],"project_tag":[],"metier":[18],"ville":[121],"prog":[82],"statut":[39],"annee":[96],"intervention":[75],"class_list":["post-251996","project","type-project","status-publish","has-post-thumbnail","hentry"],"acf":{"choix_de_la_couleur_du_titre":"#ffffff"},"_links":{"self":[{"href":"https:\/\/anma.fr\/fr\/wp-json\/wp\/v2\/project\/251996","targetHints":{"allow":["GET"]}}],"collection":[{"href":"https:\/\/anma.fr\/fr\/wp-json\/wp\/v2\/project"}],"about":[{"href":"https:\/\/anma.fr\/fr\/wp-json\/wp\/v2\/types\/project"}],"author":[{"embeddable":true,"href":"https:\/\/anma.fr\/fr\/wp-json\/wp\/v2\/users\/1"}],"replies":[{"embeddable":true,"href":"https:\/\/anma.fr\/fr\/wp-json\/wp\/v2\/comments?post=251996"}],"version-history":[{"count":0,"href":"https:\/\/anma.fr\/fr\/wp-json\/wp\/v2\/project\/251996\/revisions"}],"wp:featuredmedia":[{"embeddable":true,"href":"https:\/\/anma.fr\/fr\/wp-json\/wp\/v2\/media\/236672"}],"wp:attachment":[{"href":"https:\/\/anma.fr\/fr\/wp-json\/wp\/v2\/media?parent=251996"}],"wp:term":[{"taxonomy":"project_category","embeddable":true,"href":"https:\/\/anma.fr\/fr\/wp-json\/wp\/v2\/project_category?post=251996"},{"taxonomy":"project_tag","embeddable":true,"href":"https:\/\/anma.fr\/fr\/wp-json\/wp\/v2\/project_tag?post=251996"},{"taxonomy":"metier","embeddable":true,"href":"https:\/\/anma.fr\/fr\/wp-json\/wp\/v2\/metier?post=251996"},{"taxonomy":"ville","embeddable":true,"href":"https:\/\/anma.fr\/fr\/wp-json\/wp\/v2\/ville?post=251996"},{"taxonomy":"prog","embeddable":true,"href":"https:\/\/anma.fr\/fr\/wp-json\/wp\/v2\/prog?post=251996"},{"taxonomy":"statut","embeddable":true,"href":"https:\/\/anma.fr\/fr\/wp-json\/wp\/v2\/statut?post=251996"},{"taxonomy":"annee","embeddable":true,"href":"https:\/\/anma.fr\/fr\/wp-json\/wp\/v2\/annee?post=251996"},{"taxonomy":"intervention","embeddable":true,"href":"https:\/\/anma.fr\/fr\/wp-json\/wp\/v2\/intervention?post=251996"}],"curies":[{"name":"wp","href":"https:\/\/api.w.org\/{rel}","templated":true}]}}

<div class="et-l et-l--post">
			<div class="et_builder_inner_content et_pb_gutters3"><div id="fiche-projet" class="et_pb_section et_pb_section_0 et_section_regular" >
				
				
				
				
				
				
				<div class="et_pb_row et_pb_row_0">
				<div class="et_pb_column et_pb_column_4_4 et_pb_column_0 carousel-container  et_pb_css_mix_blend_mode_passthrough et-last-child">
				
				
				
				
				<div class="et_pb_with_border et_pb_module et_pb_image et_pb_image_0 carrousel-cell">
				
				
				
				
				<span class="et_pb_image_wrap "><img decoding="async" width="1280" height="960" src="https://anma.fr/wp-content/uploads/2020/09/photo-5.jpg" alt="ANMA Argent Logement Autrement" title="ANMA Argent Logement Autrement" srcset="https://anma.fr/wp-content/uploads/2020/09/photo-5.jpg 1280w, https://anma.fr/wp-content/uploads/2020/09/photo-5-980x735.jpg 980w, https://anma.fr/wp-content/uploads/2020/09/photo-5-480x360.jpg 480w" sizes="(min-width: 0px) and (max-width: 480px) 480px, (min-width: 481px) and (max-width: 980px) 980px, (min-width: 981px) 1280px, 100vw" class="wp-image-236677" /></span>
			</div><div class="et_pb_module et_pb_text et_pb_text_0 carrousel-cell  et_pb_text_align_left et_pb_bg_layout_light">
				
				
				
				
				<div class="et_pb_text_inner"><h2><b>les mécanismes</b> de l&rsquo;accession privée</h2>
<p>&nbsp;</p>
<p>Cette exposition est consacrée à l’étude de l’accession à la propriété dans le secteur privé, et ne concerne donc pas le logement social ni la maison individuelle déjà largement étudiés. Elle tente de répondre à ces deux questions :</p>
<ul>
<li>Où va notre argent lorsqu’on achète son logement ?</li>
<li>Comment acquérir un logement, plus grand et moins cher ?</li>
</ul>
<p>&nbsp;</p></div>
			</div><div class="et_pb_with_border et_pb_module et_pb_image et_pb_image_1 carrousel-cell">
				
				
				
				
				<span class="et_pb_image_wrap "><img decoding="async" width="1280" height="960" src="https://anma.fr/wp-content/uploads/2020/09/photo-4.jpg" alt="ANMA Argent Logement Autrement" title="ANMA Argent Logement Autrement" srcset="https://anma.fr/wp-content/uploads/2020/09/photo-4.jpg 1280w, https://anma.fr/wp-content/uploads/2020/09/photo-4-980x735.jpg 980w, https://anma.fr/wp-content/uploads/2020/09/photo-4-480x360.jpg 480w" sizes="(min-width: 0px) and (max-width: 480px) 480px, (min-width: 481px) and (max-width: 980px) 980px, (min-width: 981px) 1280px, 100vw" class="wp-image-236676" /></span>
			</div><div class="et_pb_module et_pb_text et_pb_text_1 carrousel-cell  et_pb_text_align_left et_pb_bg_layout_light">
				
				
				
				
				<div class="et_pb_text_inner"><h2><b>le logement<br /></b>difficilement accessible</h2>
<p>&nbsp;</p>
<p>Acheter son logement est le souhait légitime de la plupart des urbains que nous sommes. Payer un loyer, souvent très cher et à fond perdu, devient incohérent pour l’avenir quand on décide de s’installer durablement dans une ville. Mais voilà, les prix de l’immobilier se sont envolés ces dix dernières années et il est aujourd’hui presque impossible d’acheter un logement proche d’une centralité.</p>
<p>Les appartements neufs proposés dans les nouvelles opérations urbaines, sont petits et très onéreux. Malgré toutes les aides de l’état destinées aux primo-accédants, ces logements restent encore difficilement accessibles.</p>
<p>&nbsp;</p></div>
			</div><div class="et_pb_with_border et_pb_module et_pb_image et_pb_image_2 carrousel-cell">
				
				
				
				
				<span class="et_pb_image_wrap "><img decoding="async" width="2560" height="1521" src="https://anma.fr/wp-content/uploads/2020/09/1400604-CIMAISES_FINALES-BLANC14-scaled.jpg" alt="ANMA Argent Logement Autrement" title="ANMA Argent Logement Autrement" srcset="https://anma.fr/wp-content/uploads/2020/09/1400604-CIMAISES_FINALES-BLANC14-scaled.jpg 2560w, https://anma.fr/wp-content/uploads/2020/09/1400604-CIMAISES_FINALES-BLANC14-750x446.jpg 750w, https://anma.fr/wp-content/uploads/2020/09/1400604-CIMAISES_FINALES-BLANC14-1500x891.jpg 1500w, https://anma.fr/wp-content/uploads/2020/09/1400604-CIMAISES_FINALES-BLANC14-768x456.jpg 768w, https://anma.fr/wp-content/uploads/2020/09/1400604-CIMAISES_FINALES-BLANC14-1536x912.jpg 1536w, https://anma.fr/wp-content/uploads/2020/09/1400604-CIMAISES_FINALES-BLANC14-2048x1217.jpg 2048w, https://anma.fr/wp-content/uploads/2020/09/1400604-CIMAISES_FINALES-BLANC14-1080x642.jpg 1080w" sizes="(max-width: 2560px) 100vw, 2560px" class="wp-image-236678" /></span>
			</div><div class="et_pb_module et_pb_text et_pb_text_2 carrousel-cell  et_pb_text_align_left et_pb_bg_layout_light">
				
				
				
				
				<div class="et_pb_text_inner"><h2><b>du constat historique <br /></b>aux alternatives</h2>
<p>&nbsp;</p>
<p>Que se passe-t-il ? Pourquoi les logements sont-ils si chers et si petits en France, alors que dans d’autres pays européens ils restent abordables et de grandes tailles ? Où va notre argent lorsque nous achetons notre logement et comment faire pour acheter plus grand et moins cher ?  Telles sont les questions auxquelles essaie de répondre cette exposition programmée par la fondation ANMA-F. </p>
<p>Nous avons dressé un état des lieux concis au vu de l’Histoire et du marché de l’immobilier actuel, puis, dégagé des économies possibles en modifiant les différents paramètres du prix du logement.  Des solutions alternatives apparaissent alors, porteuses de nouvelles perspectives, une sorte d’«anti-crise ». L’aventure de la ville allemande de Tübingen nous a semblé exemplaire pour illustrer cette dynamique.</p>
<p>En complément de l’exposition nous proposons une traduction ludique de ce qui se joue lors de l’achat d’un logement, pour inviter à créer de nouvelles règles du Jeu.</p>
<p>&nbsp;</p></div>
			</div><div class="et_pb_module et_pb_text et_pb_text_3 carrousel-cell  et_pb_text_align_left et_pb_bg_layout_light">
				
				
				
				
				<div class="et_pb_text_inner"><h2><strong>ÉQUIPES</strong> PROJET</h2>
<p>&nbsp;</p>
<p><b>DIRECTION GÉNÉRALE<br /></b>Fondation d&rsquo;Entreprise ANMA</p>
<p><b>COMMISSARIAT<br /></b>Atelier MAE : Nicolas Michelin, Suzie Delhay<br />Agence A-Typic : Ingrid Avot</p>
<p><strong>SCÉNOGRAPHIE<br /></strong>David Cote<br />Benoît Reuze<br />Lina Jaidi</p>
<p><strong>MAQUETTE<br /></strong>Faustine Robert<br />Philippine d&rsquo;Avout<br />Jehanne Bouda<br />Marina Tranquart</p>
<p><strong>GRAPHISME<br /></strong>David Cote<br />Benoît Reuze</p></div>
			</div><div class="et_pb_module et_pb_text et_pb_text_4 carrousel-cell  et_pb_text_align_left et_pb_bg_layout_light">
				
				
				
				
				<div class="et_pb_text_inner"><h2><strong>PARTENAIRES</strong></h2>
<p>&nbsp;</p>
<p><strong>FILMS </strong>Images de Ville</p>
<p><strong>LIBRAIRIE </strong>Carriole à Livre M²</p>
<p><strong>RECHERCHE DOCUMENTAIRE </strong>Atelier MAE</p>
<p><strong>COPYRIGHT ICONOGRAPHIE</strong> ANMA/F</p>
<p><strong>REMERCIEMENTS<br /></strong>Eric Lapierre<br />Ville de Tübingen<br />Juliette Delhay<br />Anne-Laure d&rsquo;Artemare<br />Élise Petit<br />Jean-Claude Proust<br />Luc Joulé<br />Bruno Jourdan<br />Samuel Hoppe<br />Martin Murat<br /><strong><br /></strong></p></div>
			</div>
			</div>
				
				
				
				
			</div>
				
				
			</div>		</div>
	</div>

<p>les mécanismes de l&rsquo;accession privée &nbsp; Cette exposition est consacrée à l’étude de l’accession à la propriété dans le secteur privé, et ne concerne donc pas le logement social ni la maison individuelle déjà largement étudiés. Elle tente de répondre à ces deux questions : Où va notre argent lorsqu’on achète son logement ? Comment acquérir un [&hellip;]</p>
