{"id":252005,"date":"2020-09-15T07:57:38","date_gmt":"2020-09-15T05:57:38","guid":{"rendered":"https:\/\/encours.studiottt.com\/anma21\/projects\/alerte\/"},"modified":"2024-01-09T14:35:07","modified_gmt":"2024-01-09T13:35:07","slug":"alerte","status":"publish","type":"project","link":"https:\/\/anma.fr\/fr\/projets\/alerte\/","title":{"rendered":"Alerte !"},"content":{"rendered":"<div class=\"et-l et-l--post\">\n\t\t\t<div class=\"et_builder_inner_content et_pb_gutters3\"><div id=\"fiche-projet\" class=\"et_pb_section et_pb_section_0 et_section_regular\" >\n\t\t\t\t\n\t\t\t\t\n\t\t\t\t\n\t\t\t\t\n\t\t\t\t\n\t\t\t\t\n\t\t\t\t<div class=\"et_pb_row et_pb_row_0\">\n\t\t\t\t<div class=\"et_pb_column et_pb_column_4_4 et_pb_column_0 carousel-container  et_pb_css_mix_blend_mode_passthrough et-last-child\">\n\t\t\t\t\n\t\t\t\t\n\t\t\t\t\n\t\t\t\t\n\t\t\t\t<div class=\"et_pb_with_border et_pb_module et_pb_image et_pb_image_0 carrousel-cell\">\n\t\t\t\t\n\t\t\t\t\n\t\t\t\t\n\t\t\t\t\n\t\t\t\t<span class=\"et_pb_image_wrap \"><img decoding=\"async\" width=\"810\" height=\"1080\" src=\"https:\/\/anma.fr\/wp-content\/uploads\/2020\/09\/IMG_20200914_122621.jpg\" alt=\"ANMA Livre Alerte\" title=\"ANMA Livre Alerte\" srcset=\"https:\/\/anma.fr\/wp-content\/uploads\/2020\/09\/IMG_20200914_122621.jpg 810w, https:\/\/anma.fr\/wp-content\/uploads\/2020\/09\/IMG_20200914_122621-480x640.jpg 480w\" sizes=\"(min-width: 0px) and (max-width: 480px) 480px, (min-width: 481px) 810px, 100vw\" class=\"wp-image-237631\" \/><\/span>\n\t\t\t<\/div><div class=\"et_pb_module et_pb_text et_pb_text_0 carrousel-cell  et_pb_text_align_left et_pb_bg_layout_light\">\n\t\t\t\t\n\t\t\t\t\n\t\t\t\t\n\t\t\t\t\n\t\t\t\t<div class=\"et_pb_text_inner\"><h2><b>\u00c9CRIRE P<\/b><b>OUR <\/b>AGIR<\/h2>\n<p>&nbsp;<\/p>\n<p>Et si on pensait un peu plus \u00e0 la plan\u00e8te ? Et si on profitait un peu plus du soleil ?<\/p>\n<p>Les ma\u00eetres d\u2019\u0153uvre, architectes et urbanistes, ont avec les \u00e9diles et les ma\u00eetres d\u2019ouvrage, une responsabilit\u00e9 majeure dans la conception de projets qui prennent en compte les enjeux environnementaux. C\u2019est cette n\u00e9cessit\u00e9 \u00e0 r\u00e9agir qui a conduit Nicolas Michelin, s\u2019appuyant sur son exp\u00e9rience d\u2019architecte urbaniste, \u00e0 transcrire ses r\u00e9flexions, commenter des exemples, narrer ses aventures, proposer des pistes. Il ne s\u2019agit pas de donner des le\u00e7ons, mais de prendre ses responsabilit\u00e9s, d\u2019imaginer des solutions, de trouver des r\u00e9ponses r\u00e9alistes.<\/p>\n<p>Nicolas Michelin d\u00e9veloppe en sept chapitres les probl\u00e9matiques soulev\u00e9es par les n\u00e9cessaires qualit\u00e9s d\u2019un bon b\u00e2timent aujourd\u2019hui, pour une nouvelle pratique de l\u2019architecture. Et pourquoi pas pour une autre architecture\u00a0?<\/p><\/div>\n\t\t\t<\/div><div class=\"et_pb_with_border et_pb_module et_pb_image et_pb_image_1 carrousel-cell\">\n\t\t\t\t\n\t\t\t\t\n\t\t\t\t\n\t\t\t\t\n\t\t\t\t<span class=\"et_pb_image_wrap \"><img decoding=\"async\" width=\"2048\" height=\"1536\" src=\"https:\/\/anma.fr\/wp-content\/uploads\/2020\/09\/arbres-patio-Sevres.jpg\" alt=\"ANMA Livre Alerte\" title=\"ANMA Livre Alerte\" srcset=\"https:\/\/anma.fr\/wp-content\/uploads\/2020\/09\/arbres-patio-Sevres.jpg 2048w, https:\/\/anma.fr\/wp-content\/uploads\/2020\/09\/arbres-patio-Sevres-1280x960.jpg 1280w, https:\/\/anma.fr\/wp-content\/uploads\/2020\/09\/arbres-patio-Sevres-980x735.jpg 980w, https:\/\/anma.fr\/wp-content\/uploads\/2020\/09\/arbres-patio-Sevres-480x360.jpg 480w\" sizes=\"(min-width: 0px) and (max-width: 480px) 480px, (min-width: 481px) and (max-width: 980px) 980px, (min-width: 981px) and (max-width: 1280px) 1280px, (min-width: 1281px) 2048px, 100vw\" class=\"wp-image-237632\" \/><\/span>\n\t\t\t<\/div><div class=\"et_pb_module et_pb_text et_pb_text_1 carrousel-cell  et_pb_text_align_left et_pb_bg_layout_light\">\n\t\t\t\t\n\t\t\t\t\n\t\t\t\t\n\t\t\t\t\n\t\t\t\t<div class=\"et_pb_text_inner\"><h2><b>PROPOSER DES ALTERNATIVES<\/b> AU SCH\u00c9MA ACTUEL<\/h2>\n<p>&nbsp;<\/p>\n<p>Alerte\u00a0! Le ton est donn\u00e9, tout est cadr\u00e9. Cependant le terme Alerte est ambivalent. En cela il permet de pr\u00e9ciser d\u2019embl\u00e9e l\u2019orientation des \u00e9crits qui suivent. Alerte signifie certes \u00ab\u00a0Attention, alarme\u00a0\u00bb, pr\u00e9vient d\u2019un danger imminent, d\u2019un risque encouru, mais indique aussi qu\u2019il y a n\u00e9cessit\u00e9 \u00e0 r\u00e9agir au signal entendu et qu&rsquo;il faut rester vif, l\u00e9ger.<\/p>\n<p>En raison du r\u00e9chauffement de la plan\u00e8te, la situation est pr\u00e9occupante, il s\u2019agit donc d\u2019imaginer des pistes pour en sortir, c\u2019est-\u00e0-dire d\u2019essayer d\u00e9sormais de faire autrement. Les d\u00e9fis d\u2019un d\u00e9veloppement durable sont si importants qu\u2019il faut faire preuve d\u2019une inventivit\u00e9 nouvelle, croire \u00e0 un \u00ab\u00a0red\u00e9veloppement mesur\u00e9\u00a0\u00bb.<\/p><\/div>\n\t\t\t<\/div><div class=\"et_pb_with_border et_pb_module et_pb_image et_pb_image_2 carrousel-cell\">\n\t\t\t\t\n\t\t\t\t\n\t\t\t\t\n\t\t\t\t\n\t\t\t\t<span class=\"et_pb_image_wrap \"><img decoding=\"async\" width=\"810\" height=\"1080\" src=\"https:\/\/anma.fr\/wp-content\/uploads\/2020\/09\/IMG_20200914_122532.jpg\" alt=\"ANMA Livre Alerte\" title=\"ANMA Livre Alerte\" srcset=\"https:\/\/anma.fr\/wp-content\/uploads\/2020\/09\/IMG_20200914_122532.jpg 810w, https:\/\/anma.fr\/wp-content\/uploads\/2020\/09\/IMG_20200914_122532-480x640.jpg 480w\" sizes=\"(min-width: 0px) and (max-width: 480px) 480px, (min-width: 481px) 810px, 100vw\" class=\"wp-image-237630\" \/><\/span>\n\t\t\t<\/div><div class=\"et_pb_module et_pb_text et_pb_text_2 carrousel-cell  et_pb_text_align_left et_pb_bg_layout_light\">\n\t\t\t\t\n\t\t\t\t\n\t\t\t\t\n\t\t\t\t\n\t\t\t\t<div class=\"et_pb_text_inner\"><h2><strong>D\u00c9TAILS<\/strong><\/h2>\n<p>&nbsp;<\/p>\n<p><strong>AUTEUR<br \/><\/strong>Nicolas Michelin<\/p>\n<p><strong><b>\u00c9DIT\u00c9 PAR<br \/><\/b><\/strong>Archibooks<\/p>\n<p><strong><b>\u00c9DITION<br \/><\/b><\/strong>Fran\u00e7ais<br \/>2008<br \/>ISBN : 978-2-35733-001-6<br \/>116 pages<br \/>Format : 12 x 17,5 cm<\/p>\n<p><strong>PRIX <\/strong>18 \u20ac<\/p><\/div>\n\t\t\t<\/div>\n\t\t\t<\/div>\n\t\t\t\t\n\t\t\t\t\n\t\t\t\t\n\t\t\t\t\n\t\t\t<\/div>\n\t\t\t\t\n\t\t\t\t\n\t\t\t<\/div>\t\t<\/div>\n\t<\/div>\n\t","protected":false},"excerpt":{"rendered":"<p>\u00c9CRIRE POUR AGIR &nbsp; Et si on pensait un peu plus \u00e0 la plan\u00e8te ? Et si on profitait un peu plus du soleil ? Les ma\u00eetres d\u2019\u0153uvre, architectes et urbanistes, ont avec les \u00e9diles et les ma\u00eetres d\u2019ouvrage, une responsabilit\u00e9 majeure dans la conception de projets qui prennent en compte les enjeux environnementaux. C\u2019est [&hellip;]<\/p>\n","protected":false},"author":1,"featured_media":238135,"parent":0,"comment_status":"closed","ping_status":"closed","template":"","meta":{"_acf_changed":false,"_et_pb_use_builder":"on","_et_pb_old_content":"","_et_gb_content_width":"","footnotes":""},"project_category":[],"project_tag":[394,397],"metier":[],"ville":[121],"prog":[],"statut":[39],"annee":[89],"intervention":[73],"class_list":["post-252005","project","type-project","status-publish","has-post-thumbnail","hentry","project_tag-architecture","project_tag-urbanisme"],"acf":{"choix_de_la_couleur_du_titre":"#ffffff"},"_links":{"self":[{"href":"https:\/\/anma.fr\/fr\/wp-json\/wp\/v2\/project\/252005","targetHints":{"allow":["GET"]}}],"collection":[{"href":"https:\/\/anma.fr\/fr\/wp-json\/wp\/v2\/project"}],"about":[{"href":"https:\/\/anma.fr\/fr\/wp-json\/wp\/v2\/types\/project"}],"author":[{"embeddable":true,"href":"https:\/\/anma.fr\/fr\/wp-json\/wp\/v2\/users\/1"}],"replies":[{"embeddable":true,"href":"https:\/\/anma.fr\/fr\/wp-json\/wp\/v2\/comments?post=252005"}],"version-history":[{"count":0,"href":"https:\/\/anma.fr\/fr\/wp-json\/wp\/v2\/project\/252005\/revisions"}],"wp:featuredmedia":[{"embeddable":true,"href":"https:\/\/anma.fr\/fr\/wp-json\/wp\/v2\/media\/238135"}],"wp:attachment":[{"href":"https:\/\/anma.fr\/fr\/wp-json\/wp\/v2\/media?parent=252005"}],"wp:term":[{"taxonomy":"project_category","embeddable":true,"href":"https:\/\/anma.fr\/fr\/wp-json\/wp\/v2\/project_category?post=252005"},{"taxonomy":"project_tag","embeddable":true,"href":"https:\/\/anma.fr\/fr\/wp-json\/wp\/v2\/project_tag?post=252005"},{"taxonomy":"metier","embeddable":true,"href":"https:\/\/anma.fr\/fr\/wp-json\/wp\/v2\/metier?post=252005"},{"taxonomy":"ville","embeddable":true,"href":"https:\/\/anma.fr\/fr\/wp-json\/wp\/v2\/ville?post=252005"},{"taxonomy":"prog","embeddable":true,"href":"https:\/\/anma.fr\/fr\/wp-json\/wp\/v2\/prog?post=252005"},{"taxonomy":"statut","embeddable":true,"href":"https:\/\/anma.fr\/fr\/wp-json\/wp\/v2\/statut?post=252005"},{"taxonomy":"annee","embeddable":true,"href":"https:\/\/anma.fr\/fr\/wp-json\/wp\/v2\/annee?post=252005"},{"taxonomy":"intervention","embeddable":true,"href":"https:\/\/anma.fr\/fr\/wp-json\/wp\/v2\/intervention?post=252005"}],"curies":[{"name":"wp","href":"https:\/\/api.w.org\/{rel}","templated":true}]}}

<div class="et-l et-l--post">
			<div class="et_builder_inner_content et_pb_gutters3"><div id="fiche-projet" class="et_pb_section et_pb_section_0 et_section_regular" >
				
				
				
				
				
				
				<div class="et_pb_row et_pb_row_0">
				<div class="et_pb_column et_pb_column_4_4 et_pb_column_0 carousel-container  et_pb_css_mix_blend_mode_passthrough et-last-child">
				
				
				
				
				<div class="et_pb_with_border et_pb_module et_pb_image et_pb_image_0 carrousel-cell">
				
				
				
				
				<span class="et_pb_image_wrap "><img decoding="async" width="810" height="1080" src="https://anma.fr/wp-content/uploads/2020/09/IMG_20200914_122621.jpg" alt="ANMA Livre Alerte" title="ANMA Livre Alerte" srcset="https://anma.fr/wp-content/uploads/2020/09/IMG_20200914_122621.jpg 810w, https://anma.fr/wp-content/uploads/2020/09/IMG_20200914_122621-480x640.jpg 480w" sizes="(min-width: 0px) and (max-width: 480px) 480px, (min-width: 481px) 810px, 100vw" class="wp-image-237631" /></span>
			</div><div class="et_pb_module et_pb_text et_pb_text_0 carrousel-cell  et_pb_text_align_left et_pb_bg_layout_light">
				
				
				
				
				<div class="et_pb_text_inner"><h2><b>ÉCRIRE P</b><b>OUR </b>AGIR</h2>
<p>&nbsp;</p>
<p>Et si on pensait un peu plus à la planète ? Et si on profitait un peu plus du soleil ?</p>
<p>Les maîtres d’œuvre, architectes et urbanistes, ont avec les édiles et les maîtres d’ouvrage, une responsabilité majeure dans la conception de projets qui prennent en compte les enjeux environnementaux. C’est cette nécessité à réagir qui a conduit Nicolas Michelin, s’appuyant sur son expérience d’architecte urbaniste, à transcrire ses réflexions, commenter des exemples, narrer ses aventures, proposer des pistes. Il ne s’agit pas de donner des leçons, mais de prendre ses responsabilités, d’imaginer des solutions, de trouver des réponses réalistes.</p>
<p>Nicolas Michelin développe en sept chapitres les problématiques soulevées par les nécessaires qualités d’un bon bâtiment aujourd’hui, pour une nouvelle pratique de l’architecture. Et pourquoi pas pour une autre architecture ?</p></div>
			</div><div class="et_pb_with_border et_pb_module et_pb_image et_pb_image_1 carrousel-cell">
				
				
				
				
				<span class="et_pb_image_wrap "><img decoding="async" width="2048" height="1536" src="https://anma.fr/wp-content/uploads/2020/09/arbres-patio-Sevres.jpg" alt="ANMA Livre Alerte" title="ANMA Livre Alerte" srcset="https://anma.fr/wp-content/uploads/2020/09/arbres-patio-Sevres.jpg 2048w, https://anma.fr/wp-content/uploads/2020/09/arbres-patio-Sevres-1280x960.jpg 1280w, https://anma.fr/wp-content/uploads/2020/09/arbres-patio-Sevres-980x735.jpg 980w, https://anma.fr/wp-content/uploads/2020/09/arbres-patio-Sevres-480x360.jpg 480w" sizes="(min-width: 0px) and (max-width: 480px) 480px, (min-width: 481px) and (max-width: 980px) 980px, (min-width: 981px) and (max-width: 1280px) 1280px, (min-width: 1281px) 2048px, 100vw" class="wp-image-237632" /></span>
			</div><div class="et_pb_module et_pb_text et_pb_text_1 carrousel-cell  et_pb_text_align_left et_pb_bg_layout_light">
				
				
				
				
				<div class="et_pb_text_inner"><h2><b>PROPOSER DES ALTERNATIVES</b> AU SCHÉMA ACTUEL</h2>
<p>&nbsp;</p>
<p>Alerte ! Le ton est donné, tout est cadré. Cependant le terme Alerte est ambivalent. En cela il permet de préciser d’emblée l’orientation des écrits qui suivent. Alerte signifie certes « Attention, alarme », prévient d’un danger imminent, d’un risque encouru, mais indique aussi qu’il y a nécessité à réagir au signal entendu et qu&rsquo;il faut rester vif, léger.</p>
<p>En raison du réchauffement de la planète, la situation est préoccupante, il s’agit donc d’imaginer des pistes pour en sortir, c’est-à-dire d’essayer désormais de faire autrement. Les défis d’un développement durable sont si importants qu’il faut faire preuve d’une inventivité nouvelle, croire à un « redéveloppement mesuré ».</p></div>
			</div><div class="et_pb_with_border et_pb_module et_pb_image et_pb_image_2 carrousel-cell">
				
				
				
				
				<span class="et_pb_image_wrap "><img decoding="async" width="810" height="1080" src="https://anma.fr/wp-content/uploads/2020/09/IMG_20200914_122532.jpg" alt="ANMA Livre Alerte" title="ANMA Livre Alerte" srcset="https://anma.fr/wp-content/uploads/2020/09/IMG_20200914_122532.jpg 810w, https://anma.fr/wp-content/uploads/2020/09/IMG_20200914_122532-480x640.jpg 480w" sizes="(min-width: 0px) and (max-width: 480px) 480px, (min-width: 481px) 810px, 100vw" class="wp-image-237630" /></span>
			</div><div class="et_pb_module et_pb_text et_pb_text_2 carrousel-cell  et_pb_text_align_left et_pb_bg_layout_light">
				
				
				
				
				<div class="et_pb_text_inner"><h2><strong>DÉTAILS</strong></h2>
<p>&nbsp;</p>
<p><strong>AUTEUR<br /></strong>Nicolas Michelin</p>
<p><strong><b>ÉDITÉ PAR<br /></b></strong>Archibooks</p>
<p><strong><b>ÉDITION<br /></b></strong>Français<br />2008<br />ISBN : 978-2-35733-001-6<br />116 pages<br />Format : 12 x 17,5 cm</p>
<p><strong>PRIX </strong>18 €</p></div>
			</div>
			</div>
				
				
				
				
			</div>
				
				
			</div>		</div>
	</div>

<p>ÉCRIRE POUR AGIR &nbsp; Et si on pensait un peu plus à la planète ? Et si on profitait un peu plus du soleil ? Les maîtres d’œuvre, architectes et urbanistes, ont avec les édiles et les maîtres d’ouvrage, une responsabilité majeure dans la conception de projets qui prennent en compte les enjeux environnementaux. C’est [&hellip;]</p>
