{"id":252017,"date":"2020-09-28T13:53:09","date_gmt":"2020-09-28T11:53:09","guid":{"rendered":"https:\/\/encours.studiottt.com\/anma21\/?post_type=project&#038;p=252017"},"modified":"2023-11-27T09:55:06","modified_gmt":"2023-11-27T08:55:06","slug":"lille-ville-intense","status":"publish","type":"project","link":"https:\/\/anma.fr\/fr\/projets\/lille-ville-intense\/","title":{"rendered":"Lille Ville Intense"},"content":{"rendered":"<div class=\"et-l et-l--post\">\n\t\t\t<div class=\"et_builder_inner_content et_pb_gutters3\"><div id=\"fiche-projet\" class=\"et_pb_section et_pb_section_0 et_section_regular\" >\n\t\t\t\t\n\t\t\t\t\n\t\t\t\t\n\t\t\t\t\n\t\t\t\t\n\t\t\t\t\n\t\t\t\t<div class=\"et_pb_row et_pb_row_0\">\n\t\t\t\t<div class=\"et_pb_column et_pb_column_4_4 et_pb_column_0 carousel-container  et_pb_css_mix_blend_mode_passthrough et-last-child\">\n\t\t\t\t\n\t\t\t\t\n\t\t\t\t\n\t\t\t\t\n\t\t\t\t<div class=\"et_pb_with_border et_pb_module et_pb_image et_pb_image_0 carrousel-cell\">\n\t\t\t\t\n\t\t\t\t\n\t\t\t\t\n\t\t\t\t\n\t\t\t\t<span class=\"et_pb_image_wrap \"><img decoding=\"async\" width=\"1277\" height=\"1080\" src=\"https:\/\/anma.fr\/wp-content\/uploads\/2020\/09\/LVI-JCC-PE-3D-bat-rquables.jpg\" alt=\"ANMA Lille Ville Intense\" title=\"ANMA Lille Ville Intense\" srcset=\"https:\/\/anma.fr\/wp-content\/uploads\/2020\/09\/LVI-JCC-PE-3D-bat-rquables.jpg 1277w, https:\/\/anma.fr\/wp-content\/uploads\/2020\/09\/LVI-JCC-PE-3D-bat-rquables-980x829.jpg 980w, https:\/\/anma.fr\/wp-content\/uploads\/2020\/09\/LVI-JCC-PE-3D-bat-rquables-480x406.jpg 480w\" sizes=\"(min-width: 0px) and (max-width: 480px) 480px, (min-width: 481px) and (max-width: 980px) 980px, (min-width: 981px) 1277px, 100vw\" class=\"wp-image-239774\" \/><\/span>\n\t\t\t<\/div><div class=\"et_pb_module et_pb_text et_pb_text_0 carrousel-cell  et_pb_text_align_left et_pb_bg_layout_light\">\n\t\t\t\t\n\t\t\t\t\n\t\t\t\t\n\t\t\t\t\n\t\t\t\t<div class=\"et_pb_text_inner\"><h2><b>UNE R<\/b><b>\u00c9<\/b><b>FLEXION GLOBALE <\/b>POUR\u00a0LA M\u00c9TROPOLE<\/h2>\n<p>&nbsp;<\/p>\n<p>ANMA a accompagn\u00e9 la M\u00e9tropole Europ\u00e9enne de Lille dans le cadre d\u2019un march\u00e9 \u00e0 bons de commande, visant \u00e0 r\u00e9aliser des \u00e9tudes dites \u00ab pr\u00e9alables \u00bb sur des sites \u00e0 enjeux d\u2019urbanisation, qu\u2019ils soient en extension ou en renouvellement urbain, et ce, toutes vocations confondues (logements, activit\u00e9s, mixtes, \u00e9quipements, paysagers, agricoles, \u2026).<\/p>\n<p>Les \u00e9tudes pouvaient donc porter sur un site sp\u00e9cifique de 3 \u00e0 10 hectares ou \u00e0 l\u2019\u00e9chelle de la commune \u00e0 travers un masterplan. Lanc\u00e9es \u00e0 la demande des communes ou sur initiative de la M\u00e9tropole, elles ont permis de guider l\u2019action publique sur un territoire ou un site donn\u00e9 et\/ou d\u2019y encadrer l\u2019action priv\u00e9e. Pour chacune d\u2019entre elles, ANMA s\u2019entourait au sein de son \u00e9quipe des comp\u00e9tences n\u00e9cessaires suivant la sp\u00e9cificit\u00e9 du sujet (programmation, bureau d\u2019\u00e9tude VRD, mobilit\u00e9s, etc.).<\/div>\n\t\t\t<\/div><div class=\"et_pb_with_border et_pb_module et_pb_image et_pb_image_1 carrousel-cell\">\n\t\t\t\t\n\t\t\t\t\n\t\t\t\t\n\t\t\t\t\n\t\t\t\t<span class=\"et_pb_image_wrap \"><img decoding=\"async\" width=\"1235\" height=\"1080\" src=\"https:\/\/anma.fr\/wp-content\/uploads\/2020\/09\/LVI-3SI-RE-TTP-PE.jpg\" alt=\"ANMA Lille Ville Intense\" title=\"ANMA Lille Ville Intense\" srcset=\"https:\/\/anma.fr\/wp-content\/uploads\/2020\/09\/LVI-3SI-RE-TTP-PE.jpg 1235w, https:\/\/anma.fr\/wp-content\/uploads\/2020\/09\/LVI-3SI-RE-TTP-PE-980x857.jpg 980w, https:\/\/anma.fr\/wp-content\/uploads\/2020\/09\/LVI-3SI-RE-TTP-PE-480x420.jpg 480w\" sizes=\"(min-width: 0px) and (max-width: 480px) 480px, (min-width: 481px) and (max-width: 980px) 980px, (min-width: 981px) 1235px, 100vw\" class=\"wp-image-239775\" \/><\/span>\n\t\t\t<\/div><div class=\"et_pb_module et_pb_text et_pb_text_1 carrousel-cell  et_pb_text_align_left et_pb_bg_layout_light\">\n\t\t\t\t\n\t\t\t\t\n\t\t\t\t\n\t\t\t\t\n\t\t\t\t<div class=\"et_pb_text_inner\"><h2><b>UN PROJET D&rsquo;URBANISME <\/b>AUX ENJEUX PLURIELS<\/h2>\n<p>&nbsp;<\/p>\n<p>A titre d\u2019exemple, la premi\u00e8re \u00e9tude a port\u00e9 sur la red\u00e9finition d\u2019un territoire d\u2019environ 70ha compos\u00e9 d\u2019activit\u00e9s et de friches industrielles \u00e0 mi-chemin des centralit\u00e9s de Croix et du quartier Flers-Breucq de Villeneuve d\u2019Ascq et sur lequel la M\u00e9tropole souhaitait d\u00e9velopper un projet de renaturation \u00e0 travers la r\u00e9ouverture d\u2019une rivi\u00e8re canalis\u00e9e.<\/p>\n<p>ANMA a propos\u00e9 un sch\u00e9ma d\u2019orientations permettant de faire muter \u00e0 moyen-long terme ce territoire en un secteur mixte dans le prolongement du tissu urbain existant. L&rsquo;agence a r\u00e9alis\u00e9 par la suite plusieurs faisabilit\u00e9s urbaines accompagn\u00e9es d\u2019un bilan d\u2019am\u00e9nagement avec le groupe 3 Suisses sur un site de 10 hectares leur appartenant, cr\u00e9ant ainsi le premier maillon de cette reconversion.<\/div>\n\t\t\t<\/div><div class=\"et_pb_with_border et_pb_module et_pb_image et_pb_image_2 carrousel-cell\">\n\t\t\t\t\n\t\t\t\t\n\t\t\t\t\n\t\t\t\t\n\t\t\t\t<span class=\"et_pb_image_wrap \"><img decoding=\"async\" width=\"1498\" height=\"1080\" src=\"https:\/\/anma.fr\/wp-content\/uploads\/2020\/09\/05-LVI-3SI-PE-FINALE.jpg\" alt=\"ANMA Lille Ville Intense\" title=\"ANMA Lille Ville Intense\" srcset=\"https:\/\/anma.fr\/wp-content\/uploads\/2020\/09\/05-LVI-3SI-PE-FINALE.jpg 1498w, https:\/\/anma.fr\/wp-content\/uploads\/2020\/09\/05-LVI-3SI-PE-FINALE-1280x923.jpg 1280w, https:\/\/anma.fr\/wp-content\/uploads\/2020\/09\/05-LVI-3SI-PE-FINALE-980x707.jpg 980w, https:\/\/anma.fr\/wp-content\/uploads\/2020\/09\/05-LVI-3SI-PE-FINALE-480x346.jpg 480w\" sizes=\"(min-width: 0px) and (max-width: 480px) 480px, (min-width: 481px) and (max-width: 980px) 980px, (min-width: 981px) and (max-width: 1280px) 1280px, (min-width: 1281px) 1498px, 100vw\" class=\"wp-image-239778\" \/><\/span>\n\t\t\t<\/div><div class=\"et_pb_module et_pb_text et_pb_text_2 carrousel-cell  et_pb_text_align_left et_pb_bg_layout_light\">\n\t\t\t\t\n\t\t\t\t\n\t\t\t\t\n\t\t\t\t\n\t\t\t\t<div class=\"et_pb_text_inner\"><h2><strong>\u00c9QUIPES<\/strong> PROJET<\/h2>\n<p>&nbsp;<\/p>\n<p><strong>MA\u00ceTRISE<\/strong> <strong>D&rsquo;OEUVRE<br \/>\n<\/strong>Architecture et urbanisme : ANMA, MAA<br \/>\nProgrammation urbaine : Polyprogramme<br \/>\nMobilit\u00e9s et D\u00e9placements : Inddigo<br \/>\nVRD et Infrastructures : Infra Services<br \/>\nEnvironnement et biodiversit\u00e9 : OASIIS<br \/>\nRisques naturels et pollution : Antea<\/p>\n<p><strong>\u00c9TUDES<br \/>\n<\/strong>Thomas Hermann<br \/>\nNicolas Saug\u00e8re<br \/>\nM\u00e9lusine Hucault<\/p>\n<p>&nbsp;<\/div>\n\t\t\t<\/div><div class=\"et_pb_module et_pb_text et_pb_text_3 carrousel-cell  et_pb_text_align_left et_pb_bg_layout_light\">\n\t\t\t\t\n\t\t\t\t\n\t\t\t\t\n\t\t\t\t\n\t\t\t\t<div class=\"et_pb_text_inner\"><h2><strong>FICHE<\/strong> TECHNIQUE<\/h2>\n<p>&nbsp;<\/p>\n<p><strong>STATUT <\/strong>\u00c9tudes en cours<\/p>\n<p><strong>MA\u00ceTRISE D&rsquo;OUVRAGE <\/strong>M\u00e9tropole Europ\u00e9enne de Lille<\/p>\n<p><strong>CALENDRIER <\/strong>2012<\/p>\n<p>&nbsp;<\/p>\n<p><strong>VOIR +<br \/>\n<\/strong><a href=\"https:\/\/anma.fr\/projets\/arras-europe\/\">Lille, Arras Europe<\/a><br \/>\n<a href=\"https:\/\/anma.fr\/projets\/quai-22\/\">Saint-Andr\u00e9-Lez-Lille, Quai 22<\/a><br \/>\n<a href=\"https:\/\/anma.fr\/projets\/lorient-odyssee\/#Donnees\">Lorient, Lorient Odyss\u00e9e<\/a><\/p>\n<p>&nbsp;<\/p>\n<p>&nbsp;<\/p>\n<p>&nbsp;<\/div>\n\t\t\t<\/div>\n\t\t\t<\/div>\n\t\t\t\t\n\t\t\t\t\n\t\t\t\t\n\t\t\t\t\n\t\t\t<\/div>\n\t\t\t\t\n\t\t\t\t\n\t\t\t<\/div>\t\t<\/div>\n\t<\/div>\n\t","protected":false},"excerpt":{"rendered":"<p>UNE R\u00c9FLEXION GLOBALE POUR\u00a0LA M\u00c9TROPOLE &nbsp; ANMA a accompagn\u00e9 la M\u00e9tropole Europ\u00e9enne de Lille dans le cadre d\u2019un march\u00e9 \u00e0 bons de commande, visant \u00e0 r\u00e9aliser des \u00e9tudes dites \u00ab pr\u00e9alables \u00bb sur des sites \u00e0 enjeux d\u2019urbanisation, qu\u2019ils soient en extension ou en renouvellement urbain, et ce, toutes vocations confondues (logements, activit\u00e9s, mixtes, \u00e9quipements, [&hellip;]<\/p>\n","protected":false},"author":1,"featured_media":239773,"parent":0,"comment_status":"closed","ping_status":"closed","template":"","meta":{"_acf_changed":false,"_et_pb_use_builder":"on","_et_pb_old_content":"","_et_gb_content_width":"","footnotes":""},"project_category":[],"project_tag":[],"metier":[19],"ville":[114],"prog":[82,83,23],"statut":[39],"annee":[65],"intervention":[78],"class_list":["post-252017","project","type-project","status-publish","has-post-thumbnail","hentry"],"acf":{"choix_de_la_couleur_du_titre":"#000000"},"_links":{"self":[{"href":"https:\/\/anma.fr\/fr\/wp-json\/wp\/v2\/project\/252017","targetHints":{"allow":["GET"]}}],"collection":[{"href":"https:\/\/anma.fr\/fr\/wp-json\/wp\/v2\/project"}],"about":[{"href":"https:\/\/anma.fr\/fr\/wp-json\/wp\/v2\/types\/project"}],"author":[{"embeddable":true,"href":"https:\/\/anma.fr\/fr\/wp-json\/wp\/v2\/users\/1"}],"replies":[{"embeddable":true,"href":"https:\/\/anma.fr\/fr\/wp-json\/wp\/v2\/comments?post=252017"}],"version-history":[{"count":0,"href":"https:\/\/anma.fr\/fr\/wp-json\/wp\/v2\/project\/252017\/revisions"}],"wp:featuredmedia":[{"embeddable":true,"href":"https:\/\/anma.fr\/fr\/wp-json\/wp\/v2\/media\/239773"}],"wp:attachment":[{"href":"https:\/\/anma.fr\/fr\/wp-json\/wp\/v2\/media?parent=252017"}],"wp:term":[{"taxonomy":"project_category","embeddable":true,"href":"https:\/\/anma.fr\/fr\/wp-json\/wp\/v2\/project_category?post=252017"},{"taxonomy":"project_tag","embeddable":true,"href":"https:\/\/anma.fr\/fr\/wp-json\/wp\/v2\/project_tag?post=252017"},{"taxonomy":"metier","embeddable":true,"href":"https:\/\/anma.fr\/fr\/wp-json\/wp\/v2\/metier?post=252017"},{"taxonomy":"ville","embeddable":true,"href":"https:\/\/anma.fr\/fr\/wp-json\/wp\/v2\/ville?post=252017"},{"taxonomy":"prog","embeddable":true,"href":"https:\/\/anma.fr\/fr\/wp-json\/wp\/v2\/prog?post=252017"},{"taxonomy":"statut","embeddable":true,"href":"https:\/\/anma.fr\/fr\/wp-json\/wp\/v2\/statut?post=252017"},{"taxonomy":"annee","embeddable":true,"href":"https:\/\/anma.fr\/fr\/wp-json\/wp\/v2\/annee?post=252017"},{"taxonomy":"intervention","embeddable":true,"href":"https:\/\/anma.fr\/fr\/wp-json\/wp\/v2\/intervention?post=252017"}],"curies":[{"name":"wp","href":"https:\/\/api.w.org\/{rel}","templated":true}]}}

<div class="et-l et-l--post">
			<div class="et_builder_inner_content et_pb_gutters3"><div id="fiche-projet" class="et_pb_section et_pb_section_0 et_section_regular" >
				
				
				
				
				
				
				<div class="et_pb_row et_pb_row_0">
				<div class="et_pb_column et_pb_column_4_4 et_pb_column_0 carousel-container  et_pb_css_mix_blend_mode_passthrough et-last-child">
				
				
				
				
				<div class="et_pb_with_border et_pb_module et_pb_image et_pb_image_0 carrousel-cell">
				
				
				
				
				<span class="et_pb_image_wrap "><img decoding="async" width="1277" height="1080" src="https://anma.fr/wp-content/uploads/2020/09/LVI-JCC-PE-3D-bat-rquables.jpg" alt="ANMA Lille Ville Intense" title="ANMA Lille Ville Intense" srcset="https://anma.fr/wp-content/uploads/2020/09/LVI-JCC-PE-3D-bat-rquables.jpg 1277w, https://anma.fr/wp-content/uploads/2020/09/LVI-JCC-PE-3D-bat-rquables-980x829.jpg 980w, https://anma.fr/wp-content/uploads/2020/09/LVI-JCC-PE-3D-bat-rquables-480x406.jpg 480w" sizes="(min-width: 0px) and (max-width: 480px) 480px, (min-width: 481px) and (max-width: 980px) 980px, (min-width: 981px) 1277px, 100vw" class="wp-image-239774" /></span>
			</div><div class="et_pb_module et_pb_text et_pb_text_0 carrousel-cell  et_pb_text_align_left et_pb_bg_layout_light">
				
				
				
				
				<div class="et_pb_text_inner"><h2><b>UNE R</b><b>É</b><b>FLEXION GLOBALE </b>POUR LA MÉTROPOLE</h2>
<p>&nbsp;</p>
<p>ANMA a accompagné la Métropole Européenne de Lille dans le cadre d’un marché à bons de commande, visant à réaliser des études dites « préalables » sur des sites à enjeux d’urbanisation, qu’ils soient en extension ou en renouvellement urbain, et ce, toutes vocations confondues (logements, activités, mixtes, équipements, paysagers, agricoles, …).</p>
<p>Les études pouvaient donc porter sur un site spécifique de 3 à 10 hectares ou à l’échelle de la commune à travers un masterplan. Lancées à la demande des communes ou sur initiative de la Métropole, elles ont permis de guider l’action publique sur un territoire ou un site donné et/ou d’y encadrer l’action privée. Pour chacune d’entre elles, ANMA s’entourait au sein de son équipe des compétences nécessaires suivant la spécificité du sujet (programmation, bureau d’étude VRD, mobilités, etc.).</div>
			</div><div class="et_pb_with_border et_pb_module et_pb_image et_pb_image_1 carrousel-cell">
				
				
				
				
				<span class="et_pb_image_wrap "><img decoding="async" width="1235" height="1080" src="https://anma.fr/wp-content/uploads/2020/09/LVI-3SI-RE-TTP-PE.jpg" alt="ANMA Lille Ville Intense" title="ANMA Lille Ville Intense" srcset="https://anma.fr/wp-content/uploads/2020/09/LVI-3SI-RE-TTP-PE.jpg 1235w, https://anma.fr/wp-content/uploads/2020/09/LVI-3SI-RE-TTP-PE-980x857.jpg 980w, https://anma.fr/wp-content/uploads/2020/09/LVI-3SI-RE-TTP-PE-480x420.jpg 480w" sizes="(min-width: 0px) and (max-width: 480px) 480px, (min-width: 481px) and (max-width: 980px) 980px, (min-width: 981px) 1235px, 100vw" class="wp-image-239775" /></span>
			</div><div class="et_pb_module et_pb_text et_pb_text_1 carrousel-cell  et_pb_text_align_left et_pb_bg_layout_light">
				
				
				
				
				<div class="et_pb_text_inner"><h2><b>UN PROJET D&rsquo;URBANISME </b>AUX ENJEUX PLURIELS</h2>
<p>&nbsp;</p>
<p>A titre d’exemple, la première étude a porté sur la redéfinition d’un territoire d’environ 70ha composé d’activités et de friches industrielles à mi-chemin des centralités de Croix et du quartier Flers-Breucq de Villeneuve d’Ascq et sur lequel la Métropole souhaitait développer un projet de renaturation à travers la réouverture d’une rivière canalisée.</p>
<p>ANMA a proposé un schéma d’orientations permettant de faire muter à moyen-long terme ce territoire en un secteur mixte dans le prolongement du tissu urbain existant. L&rsquo;agence a réalisé par la suite plusieurs faisabilités urbaines accompagnées d’un bilan d’aménagement avec le groupe 3 Suisses sur un site de 10 hectares leur appartenant, créant ainsi le premier maillon de cette reconversion.</div>
			</div><div class="et_pb_with_border et_pb_module et_pb_image et_pb_image_2 carrousel-cell">
				
				
				
				
				<span class="et_pb_image_wrap "><img decoding="async" width="1498" height="1080" src="https://anma.fr/wp-content/uploads/2020/09/05-LVI-3SI-PE-FINALE.jpg" alt="ANMA Lille Ville Intense" title="ANMA Lille Ville Intense" srcset="https://anma.fr/wp-content/uploads/2020/09/05-LVI-3SI-PE-FINALE.jpg 1498w, https://anma.fr/wp-content/uploads/2020/09/05-LVI-3SI-PE-FINALE-1280x923.jpg 1280w, https://anma.fr/wp-content/uploads/2020/09/05-LVI-3SI-PE-FINALE-980x707.jpg 980w, https://anma.fr/wp-content/uploads/2020/09/05-LVI-3SI-PE-FINALE-480x346.jpg 480w" sizes="(min-width: 0px) and (max-width: 480px) 480px, (min-width: 481px) and (max-width: 980px) 980px, (min-width: 981px) and (max-width: 1280px) 1280px, (min-width: 1281px) 1498px, 100vw" class="wp-image-239778" /></span>
			</div><div class="et_pb_module et_pb_text et_pb_text_2 carrousel-cell  et_pb_text_align_left et_pb_bg_layout_light">
				
				
				
				
				<div class="et_pb_text_inner"><h2><strong>ÉQUIPES</strong> PROJET</h2>
<p>&nbsp;</p>
<p><strong>MAÎTRISE</strong> <strong>D&rsquo;OEUVRE<br />
</strong>Architecture et urbanisme : ANMA, MAA<br />
Programmation urbaine : Polyprogramme<br />
Mobilités et Déplacements : Inddigo<br />
VRD et Infrastructures : Infra Services<br />
Environnement et biodiversité : OASIIS<br />
Risques naturels et pollution : Antea</p>
<p><strong>ÉTUDES<br />
</strong>Thomas Hermann<br />
Nicolas Saugère<br />
Mélusine Hucault</p>
<p>&nbsp;</div>
			</div><div class="et_pb_module et_pb_text et_pb_text_3 carrousel-cell  et_pb_text_align_left et_pb_bg_layout_light">
				
				
				
				
				<div class="et_pb_text_inner"><h2><strong>FICHE</strong> TECHNIQUE</h2>
<p>&nbsp;</p>
<p><strong>STATUT </strong>Études en cours</p>
<p><strong>MAÎTRISE D&rsquo;OUVRAGE </strong>Métropole Européenne de Lille</p>
<p><strong>CALENDRIER </strong>2012</p>
<p>&nbsp;</p>
<p><strong>VOIR +<br />
</strong><a href="https://anma.fr/projets/arras-europe/">Lille, Arras Europe</a><br />
<a href="https://anma.fr/projets/quai-22/">Saint-André-Lez-Lille, Quai 22</a><br />
<a href="https://anma.fr/projets/lorient-odyssee/#Donnees">Lorient, Lorient Odyssée</a></p>
<p>&nbsp;</p>
<p>&nbsp;</p>
<p>&nbsp;</div>
			</div>
			</div>
				
				
				
				
			</div>
				
				
			</div>		</div>
	</div>

<p>UNE RÉFLEXION GLOBALE POUR LA MÉTROPOLE &nbsp; ANMA a accompagné la Métropole Européenne de Lille dans le cadre d’un marché à bons de commande, visant à réaliser des études dites « préalables » sur des sites à enjeux d’urbanisation, qu’ils soient en extension ou en renouvellement urbain, et ce, toutes vocations confondues (logements, activités, mixtes, équipements, [&hellip;]</p>
