{"id":252019,"date":"2020-09-25T14:25:54","date_gmt":"2020-09-25T12:25:54","guid":{"rendered":"https:\/\/encours.studiottt.com\/anma21\/projects\/anmagazine-2\/"},"modified":"2025-09-02T17:17:11","modified_gmt":"2025-09-02T15:17:11","slug":"anmagazine-2","status":"publish","type":"project","link":"https:\/\/anma.fr\/fr\/projets\/anmagazine-2\/","title":{"rendered":"Magazine d&rsquo;actualit\u00e9s #2"},"content":{"rendered":"<div class=\"et-l et-l--post\">\n\t\t\t<div class=\"et_builder_inner_content et_pb_gutters3\"><div id=\"fiche-projet\" class=\"et_pb_section et_pb_section_0 et_section_regular\" >\n\t\t\t\t\n\t\t\t\t\n\t\t\t\t\n\t\t\t\t\n\t\t\t\t\n\t\t\t\t\n\t\t\t\t<div class=\"et_pb_row et_pb_row_0\">\n\t\t\t\t<div class=\"et_pb_column et_pb_column_4_4 et_pb_column_0 carousel-container  et_pb_css_mix_blend_mode_passthrough et-last-child\">\n\t\t\t\t\n\t\t\t\t\n\t\t\t\t\n\t\t\t\t\n\t\t\t\t<div class=\"et_pb_with_border et_pb_module et_pb_image et_pb_image_0 carrousel-cell\">\n\t\t\t\t\n\t\t\t\t\n\t\t\t\t\n\t\t\t\t\n\t\t\t\t<span class=\"et_pb_image_wrap \"><img decoding=\"async\" width=\"873\" height=\"1080\" src=\"https:\/\/anma.fr\/wp-content\/uploads\/2020\/09\/IMG_20200928_104845.jpg\" alt=\"ANMAgazine 2\" title=\"ANMAgazine 2\" srcset=\"https:\/\/anma.fr\/wp-content\/uploads\/2020\/09\/IMG_20200928_104845.jpg 873w, https:\/\/anma.fr\/wp-content\/uploads\/2020\/09\/IMG_20200928_104845-480x594.jpg 480w\" sizes=\"(min-width: 0px) and (max-width: 480px) 480px, (min-width: 481px) 873px, 100vw\" class=\"wp-image-239651\" \/><\/span>\n\t\t\t<\/div><div class=\"et_pb_module et_pb_text et_pb_text_0 carrousel-cell  et_pb_text_align_left et_pb_bg_layout_light\">\n\t\t\t\t\n\t\t\t\t\n\t\t\t\t\n\t\t\t\t\n\t\t\t\t<div class=\"et_pb_text_inner\"><h2><b>RETOUR SUR LES PROJETS <\/b>QUI ONT FAIT 2015 ET 2016<\/h2>\n<p>&nbsp;<\/p>\n<p>Dans ce num\u00e9ro, l&rsquo;agence se concentre sur les th\u00e8mes de l&rsquo;ordinaire-extra et de l&rsquo;urbanisme n\u00e9goci\u00e9 en pr\u00e9sentant les Bassins \u00e0 Flot de Bordeaux ou encore le quartier du Grand-Large \u00e0 Dunkerque. Un dossier est \u00e9galement consacr\u00e9 au nouveau Minist\u00e8re de la D\u00e9fense.<\/p>\n<p><strong><a href=\"https:\/\/anma.fr\/wp-content\/uploads\/2020\/09\/ANMAGAZINE-2.pdf\" target=\"_blank\" rel=\"attachment noopener wp-att-239754 noreferrer\">Cliquez ici pour lire Anmagazine #2<\/a><\/strong><\/p>\n<p><strong><br \/>AUTEUR<br \/><\/strong>ANMA<\/p>\n<p><strong><b>\u00c9DITION<br \/><\/b><\/strong>Fran\u00e7ais<br \/>2015<\/p><\/div>\n\t\t\t<\/div><div class=\"et_pb_with_border et_pb_module et_pb_image et_pb_image_1 carrousel-cell\">\n\t\t\t\t\n\t\t\t\t\n\t\t\t\t\n\t\t\t\t\n\t\t\t\t<span class=\"et_pb_image_wrap \"><img decoding=\"async\" width=\"2000\" height=\"1080\" src=\"https:\/\/anma.fr\/wp-content\/uploads\/2020\/09\/pages-5.jpg\" alt=\"ANMAgazine 2\" title=\"ANMAgazine 2\" srcset=\"https:\/\/anma.fr\/wp-content\/uploads\/2020\/09\/pages-5.jpg 2000w, https:\/\/anma.fr\/wp-content\/uploads\/2020\/09\/pages-5-1280x691.jpg 1280w, https:\/\/anma.fr\/wp-content\/uploads\/2020\/09\/pages-5-980x529.jpg 980w, https:\/\/anma.fr\/wp-content\/uploads\/2020\/09\/pages-5-480x259.jpg 480w\" sizes=\"(min-width: 0px) and (max-width: 480px) 480px, (min-width: 481px) and (max-width: 980px) 980px, (min-width: 981px) and (max-width: 1280px) 1280px, (min-width: 1281px) 2000px, 100vw\" class=\"wp-image-239809\" \/><\/span>\n\t\t\t<\/div>\n\t\t\t<\/div>\n\t\t\t\t\n\t\t\t\t\n\t\t\t\t\n\t\t\t\t\n\t\t\t<\/div>\n\t\t\t\t\n\t\t\t\t\n\t\t\t<\/div>\t\t<\/div>\n\t<\/div>\n\t","protected":false},"excerpt":{"rendered":"<p>RETOUR SUR LES PROJETS QUI ONT FAIT 2015 ET 2016 &nbsp; Dans ce num\u00e9ro, l&rsquo;agence se concentre sur les th\u00e8mes de l&rsquo;ordinaire-extra et de l&rsquo;urbanisme n\u00e9goci\u00e9 en pr\u00e9sentant les Bassins \u00e0 Flot de Bordeaux ou encore le quartier du Grand-Large \u00e0 Dunkerque. Un dossier est \u00e9galement consacr\u00e9 au nouveau Minist\u00e8re de la D\u00e9fense. Cliquez ici [&hellip;]<\/p>\n","protected":false},"author":1,"featured_media":239670,"parent":0,"comment_status":"closed","ping_status":"closed","template":"","meta":{"_acf_changed":false,"_et_pb_use_builder":"on","_et_pb_old_content":"","_et_gb_content_width":"","footnotes":""},"project_category":[],"project_tag":[394,397],"metier":[],"ville":[121],"prog":[],"statut":[39],"annee":[97],"intervention":[73],"class_list":["post-252019","project","type-project","status-publish","has-post-thumbnail","hentry","project_tag-architecture","project_tag-urbanisme"],"acf":{"choix_de_la_couleur_du_titre":"#ffffff"},"_links":{"self":[{"href":"https:\/\/anma.fr\/fr\/wp-json\/wp\/v2\/project\/252019","targetHints":{"allow":["GET"]}}],"collection":[{"href":"https:\/\/anma.fr\/fr\/wp-json\/wp\/v2\/project"}],"about":[{"href":"https:\/\/anma.fr\/fr\/wp-json\/wp\/v2\/types\/project"}],"author":[{"embeddable":true,"href":"https:\/\/anma.fr\/fr\/wp-json\/wp\/v2\/users\/1"}],"replies":[{"embeddable":true,"href":"https:\/\/anma.fr\/fr\/wp-json\/wp\/v2\/comments?post=252019"}],"version-history":[{"count":1,"href":"https:\/\/anma.fr\/fr\/wp-json\/wp\/v2\/project\/252019\/revisions"}],"predecessor-version":[{"id":260743,"href":"https:\/\/anma.fr\/fr\/wp-json\/wp\/v2\/project\/252019\/revisions\/260743"}],"wp:featuredmedia":[{"embeddable":true,"href":"https:\/\/anma.fr\/fr\/wp-json\/wp\/v2\/media\/239670"}],"wp:attachment":[{"href":"https:\/\/anma.fr\/fr\/wp-json\/wp\/v2\/media?parent=252019"}],"wp:term":[{"taxonomy":"project_category","embeddable":true,"href":"https:\/\/anma.fr\/fr\/wp-json\/wp\/v2\/project_category?post=252019"},{"taxonomy":"project_tag","embeddable":true,"href":"https:\/\/anma.fr\/fr\/wp-json\/wp\/v2\/project_tag?post=252019"},{"taxonomy":"metier","embeddable":true,"href":"https:\/\/anma.fr\/fr\/wp-json\/wp\/v2\/metier?post=252019"},{"taxonomy":"ville","embeddable":true,"href":"https:\/\/anma.fr\/fr\/wp-json\/wp\/v2\/ville?post=252019"},{"taxonomy":"prog","embeddable":true,"href":"https:\/\/anma.fr\/fr\/wp-json\/wp\/v2\/prog?post=252019"},{"taxonomy":"statut","embeddable":true,"href":"https:\/\/anma.fr\/fr\/wp-json\/wp\/v2\/statut?post=252019"},{"taxonomy":"annee","embeddable":true,"href":"https:\/\/anma.fr\/fr\/wp-json\/wp\/v2\/annee?post=252019"},{"taxonomy":"intervention","embeddable":true,"href":"https:\/\/anma.fr\/fr\/wp-json\/wp\/v2\/intervention?post=252019"}],"curies":[{"name":"wp","href":"https:\/\/api.w.org\/{rel}","templated":true}]}}

Magazine d&rsquo;actualités #2

<div class="et-l et-l--post">
			<div class="et_builder_inner_content et_pb_gutters3"><div id="fiche-projet" class="et_pb_section et_pb_section_0 et_section_regular" >
				
				
				
				
				
				
				<div class="et_pb_row et_pb_row_0">
				<div class="et_pb_column et_pb_column_4_4 et_pb_column_0 carousel-container  et_pb_css_mix_blend_mode_passthrough et-last-child">
				
				
				
				
				<div class="et_pb_with_border et_pb_module et_pb_image et_pb_image_0 carrousel-cell">
				
				
				
				
				<span class="et_pb_image_wrap "><img decoding="async" width="873" height="1080" src="https://anma.fr/wp-content/uploads/2020/09/IMG_20200928_104845.jpg" alt="ANMAgazine 2" title="ANMAgazine 2" srcset="https://anma.fr/wp-content/uploads/2020/09/IMG_20200928_104845.jpg 873w, https://anma.fr/wp-content/uploads/2020/09/IMG_20200928_104845-480x594.jpg 480w" sizes="(min-width: 0px) and (max-width: 480px) 480px, (min-width: 481px) 873px, 100vw" class="wp-image-239651" /></span>
			</div><div class="et_pb_module et_pb_text et_pb_text_0 carrousel-cell  et_pb_text_align_left et_pb_bg_layout_light">
				
				
				
				
				<div class="et_pb_text_inner"><h2><b>RETOUR SUR LES PROJETS </b>QUI ONT FAIT 2015 ET 2016</h2>
<p>&nbsp;</p>
<p>Dans ce numéro, l&rsquo;agence se concentre sur les thèmes de l&rsquo;ordinaire-extra et de l&rsquo;urbanisme négocié en présentant les Bassins à Flot de Bordeaux ou encore le quartier du Grand-Large à Dunkerque. Un dossier est également consacré au nouveau Ministère de la Défense.</p>
<p><strong><a href="https://anma.fr/wp-content/uploads/2020/09/ANMAGAZINE-2.pdf" target="_blank" rel="attachment noopener wp-att-239754 noreferrer">Cliquez ici pour lire Anmagazine #2</a></strong></p>
<p><strong><br />AUTEUR<br /></strong>ANMA</p>
<p><strong><b>ÉDITION<br /></b></strong>Français<br />2015</p></div>
			</div><div class="et_pb_with_border et_pb_module et_pb_image et_pb_image_1 carrousel-cell">
				
				
				
				
				<span class="et_pb_image_wrap "><img decoding="async" width="2000" height="1080" src="https://anma.fr/wp-content/uploads/2020/09/pages-5.jpg" alt="ANMAgazine 2" title="ANMAgazine 2" srcset="https://anma.fr/wp-content/uploads/2020/09/pages-5.jpg 2000w, https://anma.fr/wp-content/uploads/2020/09/pages-5-1280x691.jpg 1280w, https://anma.fr/wp-content/uploads/2020/09/pages-5-980x529.jpg 980w, https://anma.fr/wp-content/uploads/2020/09/pages-5-480x259.jpg 480w" sizes="(min-width: 0px) and (max-width: 480px) 480px, (min-width: 481px) and (max-width: 980px) 980px, (min-width: 981px) and (max-width: 1280px) 1280px, (min-width: 1281px) 2000px, 100vw" class="wp-image-239809" /></span>
			</div>
			</div>
				
				
				
				
			</div>
				
				
			</div>		</div>
	</div>

<p>RETOUR SUR LES PROJETS QUI ONT FAIT 2015 ET 2016 &nbsp; Dans ce numéro, l&rsquo;agence se concentre sur les thèmes de l&rsquo;ordinaire-extra et de l&rsquo;urbanisme négocié en présentant les Bassins à Flot de Bordeaux ou encore le quartier du Grand-Large à Dunkerque. Un dossier est également consacré au nouveau Ministère de la Défense. Cliquez ici [&hellip;]</p>
