{"id":252199,"date":"2022-02-16T11:57:09","date_gmt":"2022-02-16T10:57:09","guid":{"rendered":"https:\/\/encours.studiottt.com\/anma21\/projects\/ateliers-ecole-martel\/"},"modified":"2025-10-07T14:36:06","modified_gmt":"2025-10-07T12:36:06","slug":"ateliers-ecole-martel","status":"publish","type":"project","link":"https:\/\/anma.fr\/fr\/projets\/ateliers-ecole-martel\/","title":{"rendered":"Ateliers P\u00e9dagogiques"},"content":{"rendered":"<div class=\"et-l et-l--post\">\n\t\t\t<div class=\"et_builder_inner_content et_pb_gutters3\"><div id=\"fiche-projet\" class=\"et_pb_section et_pb_section_0 et_section_regular\" >\n\t\t\t\t\n\t\t\t\t\n\t\t\t\t\n\t\t\t\t\n\t\t\t\t\n\t\t\t\t\n\t\t\t\t<div class=\"et_pb_row et_pb_row_0\">\n\t\t\t\t<div class=\"et_pb_column et_pb_column_4_4 et_pb_column_0 carousel-container  et_pb_css_mix_blend_mode_passthrough et-last-child\">\n\t\t\t\t\n\t\t\t\t\n\t\t\t\t\n\t\t\t\t\n\t\t\t\t<div class=\"et_pb_with_border et_pb_module et_pb_image et_pb_image_0 carrousel-cell\">\n\t\t\t\t\n\t\t\t\t\n\t\t\t\t\n\t\t\t\t\n\t\t\t\t<span class=\"et_pb_image_wrap \"><img decoding=\"async\" width=\"1620\" height=\"1080\" src=\"https:\/\/anma.fr\/wp-content\/uploads\/2022\/02\/IMG_2157-1.jpg\" alt=\"Fondation ANMA Ecole Martel\" title=\"Ecoles Fondation\" srcset=\"https:\/\/anma.fr\/wp-content\/uploads\/2022\/02\/IMG_2157-1.jpg 1620w, https:\/\/anma.fr\/wp-content\/uploads\/2022\/02\/IMG_2157-1-1280x853.jpg 1280w, https:\/\/anma.fr\/wp-content\/uploads\/2022\/02\/IMG_2157-1-980x653.jpg 980w, https:\/\/anma.fr\/wp-content\/uploads\/2022\/02\/IMG_2157-1-480x320.jpg 480w\" sizes=\"(min-width: 0px) and (max-width: 480px) 480px, (min-width: 481px) and (max-width: 980px) 980px, (min-width: 981px) and (max-width: 1280px) 1280px, (min-width: 1281px) 1620px, 100vw\" class=\"wp-image-260999\" \/><\/span>\n\t\t\t<\/div><div class=\"et_pb_module et_pb_text et_pb_text_0 carrousel-cell  et_pb_text_align_left et_pb_bg_layout_light\">\n\t\t\t\t\n\t\t\t\t\n\t\t\t\t\n\t\t\t\t\n\t\t\t\t<div class=\"et_pb_text_inner\"><h2><b>ATELIER P\u00c9DAGOGIQUE<\/b><br \/>AVEC L&rsquo;\u00c9COLE MARTEL<\/h2>\n<p>&nbsp;<\/p>\n<p data-start=\"197\" data-end=\"410\">Depuis 2022, la Fondation d\u2019entreprise ANMA accueille chaque ann\u00e9e des classes de l\u2019\u00e9cole primaire Martel, situ\u00e9e dans le quartier, pour une immersion ludique et p\u00e9dagogique au c\u0153ur de la fabrique de la ville.<\/p>\n<p data-start=\"412\" data-end=\"592\">Les enfants sont invit\u00e9s \u00e0 explorer l\u2019univers de l\u2019architecture, du paysage et de l\u2019urbanisme \u00e0 travers une s\u00e9rie d\u2019ateliers con\u00e7us et anim\u00e9s par les collaborateurs de l\u2019agence :<\/p>\n<ul data-start=\"593\" data-end=\"1015\">\n<li data-start=\"593\" data-end=\"694\">\n<p data-start=\"595\" data-end=\"694\">lecture de la ville par la d\u00e9couverte des monuments parisiens, l\u2019usage du plan et de la boussole,<\/p>\n<\/li>\n<li data-start=\"695\" data-end=\"753\">\n<p data-start=\"697\" data-end=\"753\">r\u00e9alisation d\u2019une maquette de la fa\u00e7ade de leur \u00e9cole,<\/p>\n<\/li>\n<li data-start=\"754\" data-end=\"857\">\n<p data-start=\"756\" data-end=\"857\">pr\u00e9sentation des m\u00e9tiers de l\u2019acte de construire et des mat\u00e9riaux qui composent leur environnement,<\/p>\n<\/li>\n<li data-start=\"858\" data-end=\"1015\">\n<p data-start=\"860\" data-end=\"1015\">initiation \u00e0 l\u2019agriculture urbaine et sensibilisation \u00e0 la biodiversit\u00e9 \u00e0 travers les potagers partag\u00e9s et la visite d\u2019une ruche, en partenariat avec MUGO.<\/p>\n<\/li>\n<\/ul><\/div>\n\t\t\t<\/div><div class=\"et_pb_with_border et_pb_module et_pb_image et_pb_image_1 carrousel-cell\">\n\t\t\t\t\n\t\t\t\t\n\t\t\t\t\n\t\t\t\t\n\t\t\t\t<span class=\"et_pb_image_wrap \"><img decoding=\"async\" width=\"1620\" height=\"1080\" src=\"https:\/\/anma.fr\/wp-content\/uploads\/2022\/02\/IMG_2160.jpg\" alt=\"Fondation ANMA Ecole Martel\" title=\"Ecoles Fondation\" srcset=\"https:\/\/anma.fr\/wp-content\/uploads\/2022\/02\/IMG_2160.jpg 1620w, https:\/\/anma.fr\/wp-content\/uploads\/2022\/02\/IMG_2160-1280x853.jpg 1280w, https:\/\/anma.fr\/wp-content\/uploads\/2022\/02\/IMG_2160-980x653.jpg 980w, https:\/\/anma.fr\/wp-content\/uploads\/2022\/02\/IMG_2160-480x320.jpg 480w\" sizes=\"(min-width: 0px) and (max-width: 480px) 480px, (min-width: 481px) and (max-width: 980px) 980px, (min-width: 981px) and (max-width: 1280px) 1280px, (min-width: 1281px) 1620px, 100vw\" class=\"wp-image-261001\" \/><\/span>\n\t\t\t<\/div><div class=\"et_pb_module et_pb_text et_pb_text_1 carrousel-cell  et_pb_text_align_left et_pb_bg_layout_light\">\n\t\t\t\t\n\t\t\t\t\n\t\t\t\t\n\t\t\t\t\n\t\t\t\t<div class=\"et_pb_text_inner\"><h2><b>apprendre \u00e0 fa\u00e7onner<\/b><br \/>le paysage<\/h2>\n<p>&nbsp;<\/p>\n<p data-start=\"197\" data-end=\"410\">Ces ateliers, con\u00e7us comme une premi\u00e8re exp\u00e9rience sensible et collective de l\u2019espace, \u00e9veillent la curiosit\u00e9 des plus jeunes aux enjeux contemporains de la ville : diversit\u00e9 des milieux, cohabitation du vivant, transformation des territoires.<\/p>\n<p data-start=\"197\" data-end=\"410\">Ils offrent \u00e9galement un premier regard sur les m\u00e9tiers de celles et ceux qui imaginent, dessinent et fa\u00e7onnent les paysages urbains de demain.<\/p><\/div>\n\t\t\t<\/div><div class=\"et_pb_with_border et_pb_module et_pb_image et_pb_image_2 carrousel-cell\">\n\t\t\t\t\n\t\t\t\t\n\t\t\t\t\n\t\t\t\t\n\t\t\t\t<span class=\"et_pb_image_wrap \"><img decoding=\"async\" width=\"1620\" height=\"1080\" src=\"https:\/\/anma.fr\/wp-content\/uploads\/2022\/02\/IMG_2090.jpg\" alt=\"Fondation ANMA Ecole Martel\" title=\"Fondation \u00e9cole\" srcset=\"https:\/\/anma.fr\/wp-content\/uploads\/2022\/02\/IMG_2090.jpg 1620w, https:\/\/anma.fr\/wp-content\/uploads\/2022\/02\/IMG_2090-1280x853.jpg 1280w, https:\/\/anma.fr\/wp-content\/uploads\/2022\/02\/IMG_2090-980x653.jpg 980w, https:\/\/anma.fr\/wp-content\/uploads\/2022\/02\/IMG_2090-480x320.jpg 480w\" sizes=\"(min-width: 0px) and (max-width: 480px) 480px, (min-width: 481px) and (max-width: 980px) 980px, (min-width: 981px) and (max-width: 1280px) 1280px, (min-width: 1281px) 1620px, 100vw\" class=\"wp-image-261008\" \/><\/span>\n\t\t\t<\/div><div class=\"et_pb_module et_pb_text et_pb_text_2 carrousel-cell  et_pb_text_align_left et_pb_bg_layout_light\">\n\t\t\t\t\n\t\t\t\t\n\t\t\t\t\n\t\t\t\t\n\t\t\t\t<div class=\"et_pb_text_inner\"><h2><strong>\u00c9QUIPES<\/strong> PROJET<\/h2>\n<p>&nbsp;<\/p>\n<p><b>FR\u00c9QUENCE <\/b>Deux matin\u00e9es par an<\/p>\n<p><strong>APPORTS <\/strong>Pr\u00e9senter, interagir et concevoir<\/p>\n<p><strong>PARTICIPANTS<br \/><\/strong>Les membres de la Fondation d&rsquo;entreprise ANMA, quelques collaborateurs de l&rsquo;agence, et notre partenaire <a href=\"https:\/\/www.mugo.fr\/\">MUGO<\/a><\/p><\/div>\n\t\t\t<\/div><div class=\"et_pb_module et_pb_image et_pb_image_3\">\n\t\t\t\t\n\t\t\t\t\n\t\t\t\t\n\t\t\t\t\n\t\t\t\t<span class=\"et_pb_image_wrap \"><img decoding=\"async\" width=\"1620\" height=\"1080\" src=\"https:\/\/anma.fr\/wp-content\/uploads\/2022\/02\/IMG_2218.jpg\" alt=\"Fondation ANMA Ecole Martel\" title=\"Ecoles Fondation\" srcset=\"https:\/\/anma.fr\/wp-content\/uploads\/2022\/02\/IMG_2218.jpg 1620w, https:\/\/anma.fr\/wp-content\/uploads\/2022\/02\/IMG_2218-1280x853.jpg 1280w, https:\/\/anma.fr\/wp-content\/uploads\/2022\/02\/IMG_2218-980x653.jpg 980w, https:\/\/anma.fr\/wp-content\/uploads\/2022\/02\/IMG_2218-480x320.jpg 480w\" sizes=\"(min-width: 0px) and (max-width: 480px) 480px, (min-width: 481px) and (max-width: 980px) 980px, (min-width: 981px) and (max-width: 1280px) 1280px, (min-width: 1281px) 1620px, 100vw\" class=\"wp-image-261003\" \/><\/span>\n\t\t\t<\/div>\n\t\t\t<\/div>\n\t\t\t\t\n\t\t\t\t\n\t\t\t\t\n\t\t\t\t\n\t\t\t<\/div>\n\t\t\t\t\n\t\t\t\t\n\t\t\t<\/div>\t\t<\/div>\n\t<\/div>\n\t","protected":false},"excerpt":{"rendered":"<p>ATELIER P\u00c9DAGOGIQUEAVEC L&rsquo;\u00c9COLE MARTEL &nbsp; Depuis 2022, la Fondation d\u2019entreprise ANMA accueille chaque ann\u00e9e des classes de l\u2019\u00e9cole primaire Martel, situ\u00e9e dans le quartier, pour une immersion ludique et p\u00e9dagogique au c\u0153ur de la fabrique de la ville. Les enfants sont invit\u00e9s \u00e0 explorer l\u2019univers de l\u2019architecture, du paysage et de l\u2019urbanisme \u00e0 travers une [&hellip;]<\/p>\n","protected":false},"author":3,"featured_media":250117,"parent":0,"comment_status":"closed","ping_status":"closed","template":"","meta":{"_acf_changed":false,"_et_pb_use_builder":"on","_et_pb_old_content":"","_et_gb_content_width":"","footnotes":""},"project_category":[],"project_tag":[],"metier":[18,72,19],"ville":[121],"prog":[84],"statut":[39],"annee":[62],"intervention":[636],"class_list":["post-252199","project","type-project","status-publish","has-post-thumbnail","hentry"],"acf":{"choix_de_la_couleur_du_titre":"#ffffff"},"_links":{"self":[{"href":"https:\/\/anma.fr\/fr\/wp-json\/wp\/v2\/project\/252199","targetHints":{"allow":["GET"]}}],"collection":[{"href":"https:\/\/anma.fr\/fr\/wp-json\/wp\/v2\/project"}],"about":[{"href":"https:\/\/anma.fr\/fr\/wp-json\/wp\/v2\/types\/project"}],"author":[{"embeddable":true,"href":"https:\/\/anma.fr\/fr\/wp-json\/wp\/v2\/users\/3"}],"replies":[{"embeddable":true,"href":"https:\/\/anma.fr\/fr\/wp-json\/wp\/v2\/comments?post=252199"}],"version-history":[{"count":4,"href":"https:\/\/anma.fr\/fr\/wp-json\/wp\/v2\/project\/252199\/revisions"}],"predecessor-version":[{"id":261015,"href":"https:\/\/anma.fr\/fr\/wp-json\/wp\/v2\/project\/252199\/revisions\/261015"}],"wp:featuredmedia":[{"embeddable":true,"href":"https:\/\/anma.fr\/fr\/wp-json\/wp\/v2\/media\/250117"}],"wp:attachment":[{"href":"https:\/\/anma.fr\/fr\/wp-json\/wp\/v2\/media?parent=252199"}],"wp:term":[{"taxonomy":"project_category","embeddable":true,"href":"https:\/\/anma.fr\/fr\/wp-json\/wp\/v2\/project_category?post=252199"},{"taxonomy":"project_tag","embeddable":true,"href":"https:\/\/anma.fr\/fr\/wp-json\/wp\/v2\/project_tag?post=252199"},{"taxonomy":"metier","embeddable":true,"href":"https:\/\/anma.fr\/fr\/wp-json\/wp\/v2\/metier?post=252199"},{"taxonomy":"ville","embeddable":true,"href":"https:\/\/anma.fr\/fr\/wp-json\/wp\/v2\/ville?post=252199"},{"taxonomy":"prog","embeddable":true,"href":"https:\/\/anma.fr\/fr\/wp-json\/wp\/v2\/prog?post=252199"},{"taxonomy":"statut","embeddable":true,"href":"https:\/\/anma.fr\/fr\/wp-json\/wp\/v2\/statut?post=252199"},{"taxonomy":"annee","embeddable":true,"href":"https:\/\/anma.fr\/fr\/wp-json\/wp\/v2\/annee?post=252199"},{"taxonomy":"intervention","embeddable":true,"href":"https:\/\/anma.fr\/fr\/wp-json\/wp\/v2\/intervention?post=252199"}],"curies":[{"name":"wp","href":"https:\/\/api.w.org\/{rel}","templated":true}]}}

Ateliers Pédagogiques

<div class="et-l et-l--post">
			<div class="et_builder_inner_content et_pb_gutters3"><div id="fiche-projet" class="et_pb_section et_pb_section_0 et_section_regular" >
				
				
				
				
				
				
				<div class="et_pb_row et_pb_row_0">
				<div class="et_pb_column et_pb_column_4_4 et_pb_column_0 carousel-container  et_pb_css_mix_blend_mode_passthrough et-last-child">
				
				
				
				
				<div class="et_pb_with_border et_pb_module et_pb_image et_pb_image_0 carrousel-cell">
				
				
				
				
				<span class="et_pb_image_wrap "><img decoding="async" width="1620" height="1080" src="https://anma.fr/wp-content/uploads/2022/02/IMG_2157-1.jpg" alt="Fondation ANMA Ecole Martel" title="Ecoles Fondation" srcset="https://anma.fr/wp-content/uploads/2022/02/IMG_2157-1.jpg 1620w, https://anma.fr/wp-content/uploads/2022/02/IMG_2157-1-1280x853.jpg 1280w, https://anma.fr/wp-content/uploads/2022/02/IMG_2157-1-980x653.jpg 980w, https://anma.fr/wp-content/uploads/2022/02/IMG_2157-1-480x320.jpg 480w" sizes="(min-width: 0px) and (max-width: 480px) 480px, (min-width: 481px) and (max-width: 980px) 980px, (min-width: 981px) and (max-width: 1280px) 1280px, (min-width: 1281px) 1620px, 100vw" class="wp-image-260999" /></span>
			</div><div class="et_pb_module et_pb_text et_pb_text_0 carrousel-cell  et_pb_text_align_left et_pb_bg_layout_light">
				
				
				
				
				<div class="et_pb_text_inner"><h2><b>ATELIER PÉDAGOGIQUE</b><br />AVEC L&rsquo;ÉCOLE MARTEL</h2>
<p>&nbsp;</p>
<p data-start="197" data-end="410">Depuis 2022, la Fondation d’entreprise ANMA accueille chaque année des classes de l’école primaire Martel, située dans le quartier, pour une immersion ludique et pédagogique au cœur de la fabrique de la ville.</p>
<p data-start="412" data-end="592">Les enfants sont invités à explorer l’univers de l’architecture, du paysage et de l’urbanisme à travers une série d’ateliers conçus et animés par les collaborateurs de l’agence :</p>
<ul data-start="593" data-end="1015">
<li data-start="593" data-end="694">
<p data-start="595" data-end="694">lecture de la ville par la découverte des monuments parisiens, l’usage du plan et de la boussole,</p>
</li>
<li data-start="695" data-end="753">
<p data-start="697" data-end="753">réalisation d’une maquette de la façade de leur école,</p>
</li>
<li data-start="754" data-end="857">
<p data-start="756" data-end="857">présentation des métiers de l’acte de construire et des matériaux qui composent leur environnement,</p>
</li>
<li data-start="858" data-end="1015">
<p data-start="860" data-end="1015">initiation à l’agriculture urbaine et sensibilisation à la biodiversité à travers les potagers partagés et la visite d’une ruche, en partenariat avec MUGO.</p>
</li>
</ul></div>
			</div><div class="et_pb_with_border et_pb_module et_pb_image et_pb_image_1 carrousel-cell">
				
				
				
				
				<span class="et_pb_image_wrap "><img decoding="async" width="1620" height="1080" src="https://anma.fr/wp-content/uploads/2022/02/IMG_2160.jpg" alt="Fondation ANMA Ecole Martel" title="Ecoles Fondation" srcset="https://anma.fr/wp-content/uploads/2022/02/IMG_2160.jpg 1620w, https://anma.fr/wp-content/uploads/2022/02/IMG_2160-1280x853.jpg 1280w, https://anma.fr/wp-content/uploads/2022/02/IMG_2160-980x653.jpg 980w, https://anma.fr/wp-content/uploads/2022/02/IMG_2160-480x320.jpg 480w" sizes="(min-width: 0px) and (max-width: 480px) 480px, (min-width: 481px) and (max-width: 980px) 980px, (min-width: 981px) and (max-width: 1280px) 1280px, (min-width: 1281px) 1620px, 100vw" class="wp-image-261001" /></span>
			</div><div class="et_pb_module et_pb_text et_pb_text_1 carrousel-cell  et_pb_text_align_left et_pb_bg_layout_light">
				
				
				
				
				<div class="et_pb_text_inner"><h2><b>apprendre à façonner</b><br />le paysage</h2>
<p>&nbsp;</p>
<p data-start="197" data-end="410">Ces ateliers, conçus comme une première expérience sensible et collective de l’espace, éveillent la curiosité des plus jeunes aux enjeux contemporains de la ville : diversité des milieux, cohabitation du vivant, transformation des territoires.</p>
<p data-start="197" data-end="410">Ils offrent également un premier regard sur les métiers de celles et ceux qui imaginent, dessinent et façonnent les paysages urbains de demain.</p></div>
			</div><div class="et_pb_with_border et_pb_module et_pb_image et_pb_image_2 carrousel-cell">
				
				
				
				
				<span class="et_pb_image_wrap "><img decoding="async" width="1620" height="1080" src="https://anma.fr/wp-content/uploads/2022/02/IMG_2090.jpg" alt="Fondation ANMA Ecole Martel" title="Fondation école" srcset="https://anma.fr/wp-content/uploads/2022/02/IMG_2090.jpg 1620w, https://anma.fr/wp-content/uploads/2022/02/IMG_2090-1280x853.jpg 1280w, https://anma.fr/wp-content/uploads/2022/02/IMG_2090-980x653.jpg 980w, https://anma.fr/wp-content/uploads/2022/02/IMG_2090-480x320.jpg 480w" sizes="(min-width: 0px) and (max-width: 480px) 480px, (min-width: 481px) and (max-width: 980px) 980px, (min-width: 981px) and (max-width: 1280px) 1280px, (min-width: 1281px) 1620px, 100vw" class="wp-image-261008" /></span>
			</div><div class="et_pb_module et_pb_text et_pb_text_2 carrousel-cell  et_pb_text_align_left et_pb_bg_layout_light">
				
				
				
				
				<div class="et_pb_text_inner"><h2><strong>ÉQUIPES</strong> PROJET</h2>
<p>&nbsp;</p>
<p><b>FRÉQUENCE </b>Deux matinées par an</p>
<p><strong>APPORTS </strong>Présenter, interagir et concevoir</p>
<p><strong>PARTICIPANTS<br /></strong>Les membres de la Fondation d&rsquo;entreprise ANMA, quelques collaborateurs de l&rsquo;agence, et notre partenaire <a href="https://www.mugo.fr/">MUGO</a></p></div>
			</div><div class="et_pb_module et_pb_image et_pb_image_3">
				
				
				
				
				<span class="et_pb_image_wrap "><img decoding="async" width="1620" height="1080" src="https://anma.fr/wp-content/uploads/2022/02/IMG_2218.jpg" alt="Fondation ANMA Ecole Martel" title="Ecoles Fondation" srcset="https://anma.fr/wp-content/uploads/2022/02/IMG_2218.jpg 1620w, https://anma.fr/wp-content/uploads/2022/02/IMG_2218-1280x853.jpg 1280w, https://anma.fr/wp-content/uploads/2022/02/IMG_2218-980x653.jpg 980w, https://anma.fr/wp-content/uploads/2022/02/IMG_2218-480x320.jpg 480w" sizes="(min-width: 0px) and (max-width: 480px) 480px, (min-width: 481px) and (max-width: 980px) 980px, (min-width: 981px) and (max-width: 1280px) 1280px, (min-width: 1281px) 1620px, 100vw" class="wp-image-261003" /></span>
			</div>
			</div>
				
				
				
				
			</div>
				
				
			</div>		</div>
	</div>

<p>ATELIER PÉDAGOGIQUEAVEC L&rsquo;ÉCOLE MARTEL &nbsp; Depuis 2022, la Fondation d’entreprise ANMA accueille chaque année des classes de l’école primaire Martel, située dans le quartier, pour une immersion ludique et pédagogique au cœur de la fabrique de la ville. Les enfants sont invités à explorer l’univers de l’architecture, du paysage et de l’urbanisme à travers une [&hellip;]</p>
