{"id":258279,"date":"2024-09-20T11:21:39","date_gmt":"2024-09-20T09:21:39","guid":{"rendered":"https:\/\/anma.fr\/?post_type=project&#038;p=258279"},"modified":"2024-09-20T11:25:07","modified_gmt":"2024-09-20T09:25:07","slug":"generation-t-pour-la-terre","status":"publish","type":"project","link":"https:\/\/anma.fr\/fr\/projets\/generation-t-pour-la-terre\/","title":{"rendered":"G\u00e9n\u00e9ration T pour la Terre"},"content":{"rendered":"<div class=\"et-l et-l--post\">\n\t\t\t<div class=\"et_builder_inner_content et_pb_gutters3\"><div id=\"fiche-projet\" class=\"et_pb_section et_pb_section_0 et_section_regular\" >\n\t\t\t\t\n\t\t\t\t\n\t\t\t\t\n\t\t\t\t\n\t\t\t\t\n\t\t\t\t\n\t\t\t\t<div class=\"et_pb_row et_pb_row_0\">\n\t\t\t\t<div class=\"et_pb_column et_pb_column_4_4 et_pb_column_0 carousel-container  et_pb_css_mix_blend_mode_passthrough et-last-child\">\n\t\t\t\t\n\t\t\t\t\n\t\t\t\t\n\t\t\t\t\n\t\t\t\t<div class=\"et_pb_module et_pb_text et_pb_text_0 carrousel-cell  et_pb_text_align_left et_pb_bg_layout_light\">\n\t\t\t\t\n\t\t\t\t\n\t\t\t\t\n\t\t\t\t\n\t\t\t\t<div class=\"et_pb_text_inner\"><h2><b>concours<\/b><br \/>de nouvelles<\/h2>\n<p>&nbsp;<\/p>\n<p>En 2022, la Fondation d\u2019entreprise ANMA s\u2019est associ\u00e9e \u00e0 la parution du recueil \u00ab G\u00e9n\u00e9ration T pour la Terre \u00bb de la maison d\u2019\u00e9dition Terres Urbaines. L\u2019ouvrage recense les neuf nouvelles laur\u00e9ates du concours \u00e9crites par de jeunes auteur.e.s de cette g\u00e9n\u00e9ration T comme Terre, Terrien, Terrestre.<\/p>\n<p>\u00ab\u00a0N\u00e9anmoins, j\u2019ai des r\u00eaves et des id\u00e9es. Je m\u2019y accroche avec ferveur et d\u00e9termination, sans faille, sans faiblir, depuis toujours. De ma fen\u00eatre, je vois la ville et je sens la ville.\u00a0\u00bb Extrait du premier prix \u00ab\u00a0Interface urbaine\u00a0\u00bb de Laura Iapadre.<\/p><\/div>\n\t\t\t<\/div><div class=\"et_pb_with_border et_pb_module et_pb_image et_pb_image_0 carrousel-cell\">\n\t\t\t\t\n\t\t\t\t\n\t\t\t\t\n\t\t\t\t\n\t\t\t\t<span class=\"et_pb_image_wrap \"><img decoding=\"async\" width=\"1080\" height=\"1080\" src=\"https:\/\/anma.fr\/wp-content\/uploads\/2024\/09\/IMG_39203_web.jpg\" alt=\"Terre Urbaine\" title=\"IMG_3920(3)_web\" srcset=\"https:\/\/anma.fr\/wp-content\/uploads\/2024\/09\/IMG_39203_web.jpg 1080w, https:\/\/anma.fr\/wp-content\/uploads\/2024\/09\/IMG_39203_web-980x980.jpg 980w, https:\/\/anma.fr\/wp-content\/uploads\/2024\/09\/IMG_39203_web-480x480.jpg 480w\" sizes=\"(min-width: 0px) and (max-width: 480px) 480px, (min-width: 481px) and (max-width: 980px) 980px, (min-width: 981px) 1080px, 100vw\" class=\"wp-image-258281\" \/><\/span>\n\t\t\t<\/div><div class=\"et_pb_module et_pb_text et_pb_text_1 carrousel-cell  et_pb_text_align_left et_pb_bg_layout_light\">\n\t\t\t\t\n\t\t\t\t\n\t\t\t\t\n\t\t\t\t\n\t\t\t\t<div class=\"et_pb_text_inner\"><h2><strong>\u00c9QUIPES<br \/><\/strong>PROJET<\/h2>\n<p>&nbsp;<\/p>\n<p><strong>SOUTIEN<br \/><\/strong>Maison d&rsquo;\u00e9dition Terre Urbaine<\/p>\n<p><strong>PARUTION<br \/><\/strong>2022<\/p>\n<p><strong>LAUR\u00c9ATS<br \/><\/strong>Emma Delages<br \/>Math\u00e9o Fradet<br \/>Gabriel Gu\u00e9rin<br \/>Juliette Hazard<br \/>Laure Iapadre<br \/>F\u00e9lix Lacoin<br \/>Nicolas Parisi<br \/>Cl\u00e9mence Pr\u00e9vost<br \/>Isabelle Schwengler<\/p><\/div>\n\t\t\t<\/div>\n\t\t\t<\/div>\n\t\t\t\t\n\t\t\t\t\n\t\t\t\t\n\t\t\t\t\n\t\t\t<\/div>\n\t\t\t\t\n\t\t\t\t\n\t\t\t<\/div>\t\t<\/div>\n\t<\/div>\n\t","protected":false},"excerpt":{"rendered":"<p>concoursde nouvelles &nbsp; En 2022, la Fondation d\u2019entreprise ANMA s\u2019est associ\u00e9e \u00e0 la parution du recueil \u00ab G\u00e9n\u00e9ration T pour la Terre \u00bb de la maison d\u2019\u00e9dition Terres Urbaines. L\u2019ouvrage recense les neuf nouvelles laur\u00e9ates du concours \u00e9crites par de jeunes auteur.e.s de cette g\u00e9n\u00e9ration T comme Terre, Terrien, Terrestre. \u00ab\u00a0N\u00e9anmoins, j\u2019ai des r\u00eaves et [&hellip;]<\/p>\n","protected":false},"author":9,"featured_media":258289,"parent":0,"comment_status":"closed","ping_status":"closed","template":"","meta":{"_acf_changed":false,"_et_pb_use_builder":"on","_et_pb_old_content":"","_et_gb_content_width":"","footnotes":""},"project_category":[],"project_tag":[],"metier":[72],"ville":[121],"prog":[84],"statut":[],"annee":[62],"intervention":[73],"class_list":["post-258279","project","type-project","status-publish","has-post-thumbnail","hentry"],"acf":{"choix_de_la_couleur_du_titre":"#ffffff"},"_links":{"self":[{"href":"https:\/\/anma.fr\/fr\/wp-json\/wp\/v2\/project\/258279","targetHints":{"allow":["GET"]}}],"collection":[{"href":"https:\/\/anma.fr\/fr\/wp-json\/wp\/v2\/project"}],"about":[{"href":"https:\/\/anma.fr\/fr\/wp-json\/wp\/v2\/types\/project"}],"author":[{"embeddable":true,"href":"https:\/\/anma.fr\/fr\/wp-json\/wp\/v2\/users\/9"}],"replies":[{"embeddable":true,"href":"https:\/\/anma.fr\/fr\/wp-json\/wp\/v2\/comments?post=258279"}],"version-history":[{"count":7,"href":"https:\/\/anma.fr\/fr\/wp-json\/wp\/v2\/project\/258279\/revisions"}],"predecessor-version":[{"id":258299,"href":"https:\/\/anma.fr\/fr\/wp-json\/wp\/v2\/project\/258279\/revisions\/258299"}],"wp:featuredmedia":[{"embeddable":true,"href":"https:\/\/anma.fr\/fr\/wp-json\/wp\/v2\/media\/258289"}],"wp:attachment":[{"href":"https:\/\/anma.fr\/fr\/wp-json\/wp\/v2\/media?parent=258279"}],"wp:term":[{"taxonomy":"project_category","embeddable":true,"href":"https:\/\/anma.fr\/fr\/wp-json\/wp\/v2\/project_category?post=258279"},{"taxonomy":"project_tag","embeddable":true,"href":"https:\/\/anma.fr\/fr\/wp-json\/wp\/v2\/project_tag?post=258279"},{"taxonomy":"metier","embeddable":true,"href":"https:\/\/anma.fr\/fr\/wp-json\/wp\/v2\/metier?post=258279"},{"taxonomy":"ville","embeddable":true,"href":"https:\/\/anma.fr\/fr\/wp-json\/wp\/v2\/ville?post=258279"},{"taxonomy":"prog","embeddable":true,"href":"https:\/\/anma.fr\/fr\/wp-json\/wp\/v2\/prog?post=258279"},{"taxonomy":"statut","embeddable":true,"href":"https:\/\/anma.fr\/fr\/wp-json\/wp\/v2\/statut?post=258279"},{"taxonomy":"annee","embeddable":true,"href":"https:\/\/anma.fr\/fr\/wp-json\/wp\/v2\/annee?post=258279"},{"taxonomy":"intervention","embeddable":true,"href":"https:\/\/anma.fr\/fr\/wp-json\/wp\/v2\/intervention?post=258279"}],"curies":[{"name":"wp","href":"https:\/\/api.w.org\/{rel}","templated":true}]}}

Génération T pour la Terre

<div class="et-l et-l--post">
			<div class="et_builder_inner_content et_pb_gutters3"><div id="fiche-projet" class="et_pb_section et_pb_section_0 et_section_regular" >
				
				
				
				
				
				
				<div class="et_pb_row et_pb_row_0">
				<div class="et_pb_column et_pb_column_4_4 et_pb_column_0 carousel-container  et_pb_css_mix_blend_mode_passthrough et-last-child">
				
				
				
				
				<div class="et_pb_module et_pb_text et_pb_text_0 carrousel-cell  et_pb_text_align_left et_pb_bg_layout_light">
				
				
				
				
				<div class="et_pb_text_inner"><h2><b>concours</b><br />de nouvelles</h2>
<p>&nbsp;</p>
<p>En 2022, la Fondation d’entreprise ANMA s’est associée à la parution du recueil « Génération T pour la Terre » de la maison d’édition Terres Urbaines. L’ouvrage recense les neuf nouvelles lauréates du concours écrites par de jeunes auteur.e.s de cette génération T comme Terre, Terrien, Terrestre.</p>
<p>« Néanmoins, j’ai des rêves et des idées. Je m’y accroche avec ferveur et détermination, sans faille, sans faiblir, depuis toujours. De ma fenêtre, je vois la ville et je sens la ville. » Extrait du premier prix « Interface urbaine » de Laura Iapadre.</p></div>
			</div><div class="et_pb_with_border et_pb_module et_pb_image et_pb_image_0 carrousel-cell">
				
				
				
				
				<span class="et_pb_image_wrap "><img decoding="async" width="1080" height="1080" src="https://anma.fr/wp-content/uploads/2024/09/IMG_39203_web.jpg" alt="Terre Urbaine" title="IMG_3920(3)_web" srcset="https://anma.fr/wp-content/uploads/2024/09/IMG_39203_web.jpg 1080w, https://anma.fr/wp-content/uploads/2024/09/IMG_39203_web-980x980.jpg 980w, https://anma.fr/wp-content/uploads/2024/09/IMG_39203_web-480x480.jpg 480w" sizes="(min-width: 0px) and (max-width: 480px) 480px, (min-width: 481px) and (max-width: 980px) 980px, (min-width: 981px) 1080px, 100vw" class="wp-image-258281" /></span>
			</div><div class="et_pb_module et_pb_text et_pb_text_1 carrousel-cell  et_pb_text_align_left et_pb_bg_layout_light">
				
				
				
				
				<div class="et_pb_text_inner"><h2><strong>ÉQUIPES<br /></strong>PROJET</h2>
<p>&nbsp;</p>
<p><strong>SOUTIEN<br /></strong>Maison d&rsquo;édition Terre Urbaine</p>
<p><strong>PARUTION<br /></strong>2022</p>
<p><strong>LAURÉATS<br /></strong>Emma Delages<br />Mathéo Fradet<br />Gabriel Guérin<br />Juliette Hazard<br />Laure Iapadre<br />Félix Lacoin<br />Nicolas Parisi<br />Clémence Prévost<br />Isabelle Schwengler</p></div>
			</div>
			</div>
				
				
				
				
			</div>
				
				
			</div>		</div>
	</div>

<p>concoursde nouvelles &nbsp; En 2022, la Fondation d’entreprise ANMA s’est associée à la parution du recueil « Génération T pour la Terre » de la maison d’édition Terres Urbaines. L’ouvrage recense les neuf nouvelles lauréates du concours écrites par de jeunes auteur.e.s de cette génération T comme Terre, Terrien, Terrestre. « Néanmoins, j’ai des rêves et [&hellip;]</p>
