{"id":258300,"date":"2024-09-20T11:47:50","date_gmt":"2024-09-20T09:47:50","guid":{"rendered":"https:\/\/anma.fr\/?post_type=project&#038;p=258300"},"modified":"2024-09-20T11:47:53","modified_gmt":"2024-09-20T09:47:53","slug":"la-fresque-du-sol","status":"publish","type":"project","link":"https:\/\/anma.fr\/fr\/projets\/la-fresque-du-sol\/","title":{"rendered":"La Fresque du Sol"},"content":{"rendered":"<div class=\"et-l et-l--post\">\n\t\t\t<div class=\"et_builder_inner_content et_pb_gutters3\"><div id=\"fiche-projet\" class=\"et_pb_section et_pb_section_0 et_section_regular\" >\n\t\t\t\t\n\t\t\t\t\n\t\t\t\t\n\t\t\t\t\n\t\t\t\t\n\t\t\t\t\n\t\t\t\t<div class=\"et_pb_row et_pb_row_0\">\n\t\t\t\t<div class=\"et_pb_column et_pb_column_4_4 et_pb_column_0 carousel-container  et_pb_css_mix_blend_mode_passthrough et-last-child\">\n\t\t\t\t\n\t\t\t\t\n\t\t\t\t\n\t\t\t\t\n\t\t\t\t<div class=\"et_pb_with_border et_pb_module et_pb_image et_pb_image_0 carrousel-cell\">\n\t\t\t\t\n\t\t\t\t\n\t\t\t\t\n\t\t\t\t\n\t\t\t\t<span class=\"et_pb_image_wrap \"><img decoding=\"async\" width=\"1921\" height=\"1080\" src=\"https:\/\/anma.fr\/wp-content\/uploads\/2024\/09\/IMG_3188.jpg\" alt=\"Fresque du sol\" title=\"IMG_3188\" srcset=\"https:\/\/anma.fr\/wp-content\/uploads\/2024\/09\/IMG_3188.jpg 1921w, https:\/\/anma.fr\/wp-content\/uploads\/2024\/09\/IMG_3188-1280x720.jpg 1280w, https:\/\/anma.fr\/wp-content\/uploads\/2024\/09\/IMG_3188-980x551.jpg 980w, https:\/\/anma.fr\/wp-content\/uploads\/2024\/09\/IMG_3188-480x270.jpg 480w\" sizes=\"(min-width: 0px) and (max-width: 480px) 480px, (min-width: 481px) and (max-width: 980px) 980px, (min-width: 981px) and (max-width: 1280px) 1280px, (min-width: 1281px) 1921px, 100vw\" class=\"wp-image-258306\" \/><\/span>\n\t\t\t<\/div><div class=\"et_pb_module et_pb_text et_pb_text_0 carrousel-cell  et_pb_text_align_left et_pb_bg_layout_light\">\n\t\t\t\t\n\t\t\t\t\n\t\t\t\t\n\t\t\t\t\n\t\t\t\t<div class=\"et_pb_text_inner\"><h2><b>apr\u00e8s le Climat<\/b><br \/>\u00ab\u00a0fresquons\u00a0\u00bb le sol<\/h2>\n<p>&nbsp;<\/p>\n<p>Le 16 mai 2024, la Fondation d\u2019entreprise ANMA accueillait la Fresque du sol pour un atelier de r\u00e9flexion en \u00ab jeu s\u00e9rieux \u00bb autour des sols. En intelligence collective, plusieurs collaborateurs de l\u2019agence ANMA ont esquiss\u00e9 un cadre de compr\u00e9hension autour de la p\u00e9dogen\u00e8se : composantes des sols, fonctions, acteurs, services \u00e0 la biodiversit\u00e9, menaces climatiques et humaines ou encore leviers de pr\u00e9servation.<\/p>\n<p>Fruit d\u2019un travail collaboratif entre l\u2019association fran\u00e7aise pour l\u2019\u00c9tude du sol et l\u2019ADEME, la Fresque du Sol est un outil accessible \u00e0 tous permettant d\u2019enrichir les r\u00e9flexions sur l\u2019importance des sols, et de reconsid\u00e9rer l\u2019am\u00e9nagement et l\u2019exploitation des territoires.<\/p>\n<p>&nbsp;<\/p>\n<div class=\"elementor-element elementor-element-5bfebd5a elementor-widget elementor-widget-text-editor\" data-id=\"5bfebd5a\" data-element_type=\"widget\" data-widget_type=\"text-editor.default\">\n<div class=\"elementor-widget-container\">\n<div class=\"elementor-text-editor elementor-clearfix\">\u00a0<\/div>\n<\/div>\n<\/div>\n<div class=\"elementor-element elementor-element-3af43c2e elementor-widget elementor-widget-text-editor\" data-id=\"3af43c2e\" data-element_type=\"widget\" data-widget_type=\"text-editor.default\">\n<div class=\"elementor-widget-container\">\n<div class=\"elementor-text-editor elementor-clearfix\">\n<p>&nbsp;<\/p>\n<\/div>\n<\/div>\n<\/div>\n<p>&nbsp;<\/p><\/div>\n\t\t\t<\/div><div class=\"et_pb_with_border et_pb_module et_pb_image et_pb_image_1 carrousel-cell\">\n\t\t\t\t\n\t\t\t\t\n\t\t\t\t\n\t\t\t\t\n\t\t\t\t<span class=\"et_pb_image_wrap \"><img decoding=\"async\" width=\"1922\" height=\"1080\" src=\"https:\/\/anma.fr\/wp-content\/uploads\/2024\/09\/IMG_3213.jpg\" alt=\"Fondation ANMA Fresque du Climat\" title=\"IMG_3213\" srcset=\"https:\/\/anma.fr\/wp-content\/uploads\/2024\/09\/IMG_3213.jpg 1922w, https:\/\/anma.fr\/wp-content\/uploads\/2024\/09\/IMG_3213-1280x719.jpg 1280w, https:\/\/anma.fr\/wp-content\/uploads\/2024\/09\/IMG_3213-980x551.jpg 980w, https:\/\/anma.fr\/wp-content\/uploads\/2024\/09\/IMG_3213-480x270.jpg 480w\" sizes=\"(min-width: 0px) and (max-width: 480px) 480px, (min-width: 481px) and (max-width: 980px) 980px, (min-width: 981px) and (max-width: 1280px) 1280px, (min-width: 1281px) 1922px, 100vw\" class=\"wp-image-258309\" \/><\/span>\n\t\t\t<\/div><div class=\"et_pb_module et_pb_text et_pb_text_1 carrousel-cell  et_pb_text_align_left et_pb_bg_layout_light\">\n\t\t\t\t\n\t\t\t\t\n\t\t\t\t\n\t\t\t\t\n\t\t\t\t<div class=\"et_pb_text_inner\"><h2><strong>\u00c9QUIPE<\/strong>\u00a0PROJET<\/h2>\n<p>&nbsp;<\/p>\n<p><b>STATUT <\/b>R\u00e9alis\u00e9<\/p>\n<p><strong>INTERVENANT <\/strong>V\u00e9ronique Morin &#8211; Enjeu Majeur<\/p>\n<p><strong>DUR\u00c9E <\/strong>Atelier de 3h<\/p>\n<p><b>APPORTS <\/b>Comprendre, sensibiliser et d\u00e9clencher l&rsquo;action<\/p>\n<p><strong>PARTICIPANTS<br \/><\/strong>S\u00e9verine Savigny<br \/>Anne-Laure D&rsquo;Artemare<br \/>Mathilde Lecomte<br \/>Lucas Rietsch<strong><br \/><\/strong>Emil Walbron<br \/>Laure Marait<br \/>S\u00e9bastien Moinet<br \/>Olivier Calvarese<br \/>Marie van Merris<\/p><\/div>\n\t\t\t<\/div>\n\t\t\t<\/div>\n\t\t\t\t\n\t\t\t\t\n\t\t\t\t\n\t\t\t\t\n\t\t\t<\/div>\n\t\t\t\t\n\t\t\t\t\n\t\t\t<\/div>\t\t<\/div>\n\t<\/div>\n\t","protected":false},"excerpt":{"rendered":"<p>apr\u00e8s le Climat\u00a0\u00bbfresquons\u00a0\u00bb le sol &nbsp; Le 16 mai 2024, la Fondation d\u2019entreprise ANMA accueillait la Fresque du sol pour un atelier de r\u00e9flexion en \u00ab jeu s\u00e9rieux \u00bb autour des sols. En intelligence collective, plusieurs collaborateurs de l\u2019agence ANMA ont esquiss\u00e9 un cadre de compr\u00e9hension autour de la p\u00e9dogen\u00e8se : composantes des sols, fonctions, [&hellip;]<\/p>\n","protected":false},"author":9,"featured_media":258314,"parent":0,"comment_status":"closed","ping_status":"closed","template":"","meta":{"_acf_changed":false,"_et_pb_use_builder":"on","_et_pb_old_content":"","_et_gb_content_width":"","footnotes":""},"project_category":[],"project_tag":[639],"metier":[72],"ville":[121],"prog":[84],"statut":[39],"annee":[360],"intervention":[636],"class_list":["post-258300","project","type-project","status-publish","has-post-thumbnail","hentry","project_tag-sensibiliser"],"acf":{"choix_de_la_couleur_du_titre":"#ffffff"},"_links":{"self":[{"href":"https:\/\/anma.fr\/fr\/wp-json\/wp\/v2\/project\/258300","targetHints":{"allow":["GET"]}}],"collection":[{"href":"https:\/\/anma.fr\/fr\/wp-json\/wp\/v2\/project"}],"about":[{"href":"https:\/\/anma.fr\/fr\/wp-json\/wp\/v2\/types\/project"}],"author":[{"embeddable":true,"href":"https:\/\/anma.fr\/fr\/wp-json\/wp\/v2\/users\/9"}],"replies":[{"embeddable":true,"href":"https:\/\/anma.fr\/fr\/wp-json\/wp\/v2\/comments?post=258300"}],"version-history":[{"count":4,"href":"https:\/\/anma.fr\/fr\/wp-json\/wp\/v2\/project\/258300\/revisions"}],"predecessor-version":[{"id":258319,"href":"https:\/\/anma.fr\/fr\/wp-json\/wp\/v2\/project\/258300\/revisions\/258319"}],"wp:featuredmedia":[{"embeddable":true,"href":"https:\/\/anma.fr\/fr\/wp-json\/wp\/v2\/media\/258314"}],"wp:attachment":[{"href":"https:\/\/anma.fr\/fr\/wp-json\/wp\/v2\/media?parent=258300"}],"wp:term":[{"taxonomy":"project_category","embeddable":true,"href":"https:\/\/anma.fr\/fr\/wp-json\/wp\/v2\/project_category?post=258300"},{"taxonomy":"project_tag","embeddable":true,"href":"https:\/\/anma.fr\/fr\/wp-json\/wp\/v2\/project_tag?post=258300"},{"taxonomy":"metier","embeddable":true,"href":"https:\/\/anma.fr\/fr\/wp-json\/wp\/v2\/metier?post=258300"},{"taxonomy":"ville","embeddable":true,"href":"https:\/\/anma.fr\/fr\/wp-json\/wp\/v2\/ville?post=258300"},{"taxonomy":"prog","embeddable":true,"href":"https:\/\/anma.fr\/fr\/wp-json\/wp\/v2\/prog?post=258300"},{"taxonomy":"statut","embeddable":true,"href":"https:\/\/anma.fr\/fr\/wp-json\/wp\/v2\/statut?post=258300"},{"taxonomy":"annee","embeddable":true,"href":"https:\/\/anma.fr\/fr\/wp-json\/wp\/v2\/annee?post=258300"},{"taxonomy":"intervention","embeddable":true,"href":"https:\/\/anma.fr\/fr\/wp-json\/wp\/v2\/intervention?post=258300"}],"curies":[{"name":"wp","href":"https:\/\/api.w.org\/{rel}","templated":true}]}}

<div class="et-l et-l--post">
			<div class="et_builder_inner_content et_pb_gutters3"><div id="fiche-projet" class="et_pb_section et_pb_section_0 et_section_regular" >
				
				
				
				
				
				
				<div class="et_pb_row et_pb_row_0">
				<div class="et_pb_column et_pb_column_4_4 et_pb_column_0 carousel-container  et_pb_css_mix_blend_mode_passthrough et-last-child">
				
				
				
				
				<div class="et_pb_with_border et_pb_module et_pb_image et_pb_image_0 carrousel-cell">
				
				
				
				
				<span class="et_pb_image_wrap "><img decoding="async" width="1921" height="1080" src="https://anma.fr/wp-content/uploads/2024/09/IMG_3188.jpg" alt="Fresque du sol" title="IMG_3188" srcset="https://anma.fr/wp-content/uploads/2024/09/IMG_3188.jpg 1921w, https://anma.fr/wp-content/uploads/2024/09/IMG_3188-1280x720.jpg 1280w, https://anma.fr/wp-content/uploads/2024/09/IMG_3188-980x551.jpg 980w, https://anma.fr/wp-content/uploads/2024/09/IMG_3188-480x270.jpg 480w" sizes="(min-width: 0px) and (max-width: 480px) 480px, (min-width: 481px) and (max-width: 980px) 980px, (min-width: 981px) and (max-width: 1280px) 1280px, (min-width: 1281px) 1921px, 100vw" class="wp-image-258306" /></span>
			</div><div class="et_pb_module et_pb_text et_pb_text_0 carrousel-cell  et_pb_text_align_left et_pb_bg_layout_light">
				
				
				
				
				<div class="et_pb_text_inner"><h2><b>après le Climat</b><br />« fresquons » le sol</h2>
<p>&nbsp;</p>
<p>Le 16 mai 2024, la Fondation d’entreprise ANMA accueillait la Fresque du sol pour un atelier de réflexion en « jeu sérieux » autour des sols. En intelligence collective, plusieurs collaborateurs de l’agence ANMA ont esquissé un cadre de compréhension autour de la pédogenèse : composantes des sols, fonctions, acteurs, services à la biodiversité, menaces climatiques et humaines ou encore leviers de préservation.</p>
<p>Fruit d’un travail collaboratif entre l’association française pour l’Étude du sol et l’ADEME, la Fresque du Sol est un outil accessible à tous permettant d’enrichir les réflexions sur l’importance des sols, et de reconsidérer l’aménagement et l’exploitation des territoires.</p>
<p>&nbsp;</p>
<div class="elementor-element elementor-element-5bfebd5a elementor-widget elementor-widget-text-editor" data-id="5bfebd5a" data-element_type="widget" data-widget_type="text-editor.default">
<div class="elementor-widget-container">
<div class="elementor-text-editor elementor-clearfix"> </div>
</div>
</div>
<div class="elementor-element elementor-element-3af43c2e elementor-widget elementor-widget-text-editor" data-id="3af43c2e" data-element_type="widget" data-widget_type="text-editor.default">
<div class="elementor-widget-container">
<div class="elementor-text-editor elementor-clearfix">
<p>&nbsp;</p>
</div>
</div>
</div>
<p>&nbsp;</p></div>
			</div><div class="et_pb_with_border et_pb_module et_pb_image et_pb_image_1 carrousel-cell">
				
				
				
				
				<span class="et_pb_image_wrap "><img decoding="async" width="1922" height="1080" src="https://anma.fr/wp-content/uploads/2024/09/IMG_3213.jpg" alt="Fondation ANMA Fresque du Climat" title="IMG_3213" srcset="https://anma.fr/wp-content/uploads/2024/09/IMG_3213.jpg 1922w, https://anma.fr/wp-content/uploads/2024/09/IMG_3213-1280x719.jpg 1280w, https://anma.fr/wp-content/uploads/2024/09/IMG_3213-980x551.jpg 980w, https://anma.fr/wp-content/uploads/2024/09/IMG_3213-480x270.jpg 480w" sizes="(min-width: 0px) and (max-width: 480px) 480px, (min-width: 481px) and (max-width: 980px) 980px, (min-width: 981px) and (max-width: 1280px) 1280px, (min-width: 1281px) 1922px, 100vw" class="wp-image-258309" /></span>
			</div><div class="et_pb_module et_pb_text et_pb_text_1 carrousel-cell  et_pb_text_align_left et_pb_bg_layout_light">
				
				
				
				
				<div class="et_pb_text_inner"><h2><strong>ÉQUIPE</strong> PROJET</h2>
<p>&nbsp;</p>
<p><b>STATUT </b>Réalisé</p>
<p><strong>INTERVENANT </strong>Véronique Morin &#8211; Enjeu Majeur</p>
<p><strong>DURÉE </strong>Atelier de 3h</p>
<p><b>APPORTS </b>Comprendre, sensibiliser et déclencher l&rsquo;action</p>
<p><strong>PARTICIPANTS<br /></strong>Séverine Savigny<br />Anne-Laure D&rsquo;Artemare<br />Mathilde Lecomte<br />Lucas Rietsch<strong><br /></strong>Emil Walbron<br />Laure Marait<br />Sébastien Moinet<br />Olivier Calvarese<br />Marie van Merris</p></div>
			</div>
			</div>
				
				
				
				
			</div>
				
				
			</div>		</div>
	</div>

<p>après le Climat »fresquons » le sol &nbsp; Le 16 mai 2024, la Fondation d’entreprise ANMA accueillait la Fresque du sol pour un atelier de réflexion en « jeu sérieux » autour des sols. En intelligence collective, plusieurs collaborateurs de l’agence ANMA ont esquissé un cadre de compréhension autour de la pédogenèse : composantes des sols, fonctions, [&hellip;]</p>
